000
CXUS51 KPHI 022034
CLMTTN


CLIMATE REPORT
NATIONAL WEATHER SERVICE MOUNT HOLLY NJ
434 PM EDT FRI JUN 2 2017

...................................

...THE TRENTON NJ CLIMATE SUMMARY FOR THE MONTH OF MAY 2017...

CLIMATE NORMAL PERIOD 1981 TO 2010
CLIMATE RECORD PERIOD 1865 TO 2017

WEATHER         OBSERVED          NORMAL  DEPART  LAST YEAR`S
                 VALUE   DATE(S)  VALUE   FROM    VALUE
                                          NORMAL
.............................................................
TEMPERATURE (F)
RECORD
 HIGH              99   05/31/1986
                        05/23/1911
 LOW               33   05/14/1996
                        05/04/1986
                        05/12/1907
HIGHEST            92                MM      MM       90
LOWEST             40                MM      MM       40
AVG. MAXIMUM     69.5              71.8    -2.3     70.5
AVG. MINIMUM     51.7              50.5     1.2     52.2
MEAN             60.6              61.1    -0.5     61.3
DAYS MAX >= 90      3               0.5     2.5        2
DAYS MAX <= 32      0               0.0     0.0        0
DAYS MIN <= 32      0               0.1    -0.1        0
DAYS MIN <= 0       0               0.0     0.0        0

PRECIPITATION (INCHES)
RECORD
 MAXIMUM        10.75   1894
 MINIMUM            T   2013
TOTALS           5.25              4.37    0.88     3.55
DAILY AVG.       0.17              0.14    0.03     0.11
DAYS >= .01        12                MM      MM       16
DAYS >= .10         6                MM      MM        8
DAYS >= .50         3                MM      MM        2
DAYS >= 1.00        3                MM      MM        0
GREATEST
 24 HR. TOTAL    1.63   05/05 TO 05/05              0.84

DEGREE_DAYS
HEATING TOTAL     179               168      11      187
 SINCE 7/1       4447              5136    -689     4205
COOLING TOTAL      52                49       3       80
 SINCE 1/1         83                57      26       92
..............................................................

WIND (MPH)
AVERAGE WIND SPEED              7.6
HIGHEST WIND SPEED/DIRECTION    26/350    DATE  05/15
HIGHEST GUST SPEED/DIRECTION    38/260    DATE  05/02

SKY COVER
POSSIBLE SUNSHINE (PERCENT)   MM
AVERAGE SKY COVER           0.60
NUMBER OF DAYS FAIR           10
NUMBER OF DAYS PC             10
NUMBER OF DAYS CLOUDY         11

AVERAGE RH (PERCENT)     70

WEATHER CONDITIONS. NUMBER OF DAYS WITH
THUNDERSTORM              0     MIXED PRECIP               0
HEAVY RAIN                4     RAIN                       5
LIGHT RAIN               20     FREEZING RAIN              0
LT FREEZING RAIN          0     HEAVY SNOW                 0
SNOW                      0     LIGHT SNOW                 0
SLEET                     0     FOG                       12
FOG W/VIS <= 1/4 MILE     2     HAZE                       0

-  INDICATES NEGATIVE NUMBERS.
R  INDICATES RECORD WAS SET OR TIED.
MM INDICATES DATA IS MISSING.
T  INDICATES TRACE AMOUNT.

$$
