000
CXUS54 KMEG 052131
CLMTUP


CLIMATE REPORT
NATIONAL WEATHER SERVICE MEMPHIS TN
427 PM CDT WED JUL 5 2017

...................................

...THE TUPELO CLIMATE SUMMARY FOR THE MONTH OF JUNE 2017...

CLIMATE NORMAL PERIOD 1981 TO 2010
CLIMATE RECORD PERIOD 1930 TO 2017

WEATHER         OBSERVED          NORMAL  DEPART  LAST YEAR`S
                 VALUE   DATE(S)  VALUE   FROM    VALUE  DATE(S)
                                          NORMAL
................................................................
TEMPERATURE (F)
RECORD
 HIGH             108   06/20/1936
 LOW               43   06/08/1977
                        06/01/1972
                        06/03/1969
HIGHEST            91   06/18        88       3       98  06/26
                        06/17                             06/25
                        06/12
LOWEST             57   06/09        67     -10       60  06/08
                        06/08
AVG. MAXIMUM     85.9              88.7    -2.8     91.7
AVG. MINIMUM     67.3              67.6    -0.3     69.9
MEAN             76.6              78.1    -1.5     80.8
DAYS MAX >= 90      8              13.5    -5.5       21
DAYS MAX <= 32      0               0.0     0.0        0
DAYS MIN <= 32      0               0.0     0.0        0
DAYS MIN <= 0       0               0.0     0.0        0

PRECIPITATION (INCHES)
RECORD
 MAXIMUM        11.37   1997
 MINIMUM         0.17   1988
                        1968
TOTALS           8.63              4.52    4.11     6.06
DAILY AVG.       0.29              0.15    0.14     0.20
DAYS >= .01        13               9.8     3.2       11
DAYS >= .10         9               6.7     2.3        7
DAYS >= .50         4               3.1     0.9        3
DAYS >= 1.00        2               1.3     0.7        2
GREATEST
 24 HR. TOTAL    4.28   06/02 TO 06/02

SNOWFALL (INCHES)
RECORDS
 TOTAL             MM   MM
TOTALS            0.0               0.0     0.0      0.0
SINCE 7/1           T               2.1    -2.1        T
SNOWDEPTH AVG.      0                MM      MM        0
DAYS >= 1.0         0               0.0     0.0        0
GREATEST
 SNOW DEPTH         0   MM                             0  MM
 24 HR TOTAL      0.0   06/30 TO 06/30

DEGREE_DAYS
HEATING TOTAL       0                 0       0        0
 SINCE 7/1       1986              2956    -970     2282
COOLING TOTAL     355               395     -40      483
 SINCE 1/1        691               672      19      769
.................................................................

WIND (MPH)
AVERAGE WIND SPEED              5.9
HIGHEST WIND SPEED/DIRECTION    24/160    DATE  06/23
HIGHEST GUST SPEED/DIRECTION    36/240    DATE  06/23

SKY COVER
POSSIBLE SUNSHINE (PERCENT)   MM
AVERAGE SKY COVER           0.30
NUMBER OF DAYS FAIR           19
NUMBER OF DAYS PC              9
NUMBER OF DAYS CLOUDY          2

AVERAGE RH (PERCENT)     72

WEATHER CONDITIONS. NUMBER OF DAYS WITH
THUNDERSTORM              0     MIXED PRECIP               0
HEAVY RAIN                8     RAIN                       8
LIGHT RAIN               14     FREEZING RAIN              0
LT FREEZING RAIN          0     HAIL                       0
HEAVY SNOW                0     SNOW                       0
LIGHT SNOW                0     SLEET                      0
FOG                      14     FOG W/VIS <= 1/4 MILE      2
HAZE                      5

-  INDICATES NEGATIVE NUMBERS.
R  INDICATES RECORD WAS SET OR TIED.
MM INDICATES DATA IS MISSING.
T  INDICATES TRACE AMOUNT.

$$
