000
CXUS53 KAPX 010642
CLMTVC


CLIMATE REPORT
NATIONAL WEATHER SERVICE GAYLORD MI
140 AM EST SUN MAR 1 2015

...................................

...THE TRAVERSE CITY MI CLIMATE SUMMARY FOR THE MONTH OF FEBRUARY 2015...

CLIMATE NORMAL PERIOD 1981 TO 2010
CLIMATE RECORD PERIOD 1896 TO 2015

WEATHER         OBSERVED          NORMAL  DEPART  LAST YEAR`S
                 VALUE   DATE(S)  VALUE   FROM    VALUE  DATE(S)
                                          NORMAL
................................................................
TEMPERATURE (F)
RECORD
 HIGH              65   02/26/2000
 LOW              -37   02/17/1979
HIGHEST            34   02/07        MM      MM       43  02/19
LOWEST            -22   02/20        MM      MM      -18  02/28
AVG. MAXIMUM     18.6              30.4   -11.8     22.1
AVG. MINIMUM      0.5              15.0   -14.5      6.2
MEAN              9.6              22.7   -13.1     14.2
DAYS MAX >= 90      0               0.0     0.0        0
DAYS MAX <= 32     27              15.8    11.2       24
DAYS MIN <= 32     28              26.3     1.7       28
DAYS MIN <= 0      14               3.1    10.9        8

PRECIPITATION (INCHES)
RECORD
 MAXIMUM           MM   MM
 MINIMUM           MM   MM
TOTALS           0.10              1.50   -1.40     0.43
DAILY AVG.       0.00              0.05   -0.05     0.02
DAYS >= .01         6              12.6    -6.6       11
DAYS >= .10         0               4.9    -4.9        1
DAYS >= .50         0               0.5    -0.5        0
DAYS >= 1.00        0               0.0     0.0        0
GREATEST
 24 HR. TOTAL    0.03   02/24 TO 02/24
                        02/10 TO 02/11
                        02/11 TO 02/11
 STORM TOTAL       MM
 (MM/DD(HH))            MM

SNOWFALL (INCHES)
RECORDS
 TOTAL             MM   MM
TOTALS             MM              18.9      MM       MM
SINCE 7/1          MM              88.0      MM       MM
SNOWDEPTH AVG.     MM                 8      MM       MM
DAYS >= TRACE      MM              11.2      MM        0
DAYS >= 1.0        MM               6.0      MM        0
GREATEST
 SNOW DEPTH        MM                                 MM  MM
 24 HR TOTAL       MM                                 MM

DEGREE_DAYS
HEATING TOTAL    1546              1184     362
 SINCE 7/1       5732              5340     392

FREEZE DATES
RECORD
 EARLIEST     MM
 LATEST       MM
EARLIEST                        MM
LATEST                          MM
.................................................................

WIND (MPH)
AVERAGE WIND SPEED              7.2
HIGHEST WIND SPEED/DIRECTION    29/360    DATE  02/14
HIGHEST GUST SPEED/DIRECTION    40/340    DATE  02/14

SKY COVER
POSSIBLE SUNSHINE (PERCENT)   MM
AVERAGE SKY COVER           0.80
NUMBER OF DAYS FAIR            2
NUMBER OF DAYS PC              8
NUMBER OF DAYS CLOUDY         18

AVERAGE RH (PERCENT)     71

WEATHER CONDITIONS. NUMBER OF DAYS WITH
THUNDERSTORM              0     MIXED PRECIP               0
HEAVY RAIN                0     RAIN                       0
LIGHT RAIN                0     FREEZING RAIN              0
LT FREEZING RAIN          1     HAIL                       0
HEAVY SNOW                1     SNOW                       4
LIGHT SNOW               22     SLEET                      0
FOG                       3     FOG W/VIS <= 1/4 MILE      0
HAZE                      5

-  INDICATES NEGATIVE NUMBERS.
R  INDICATES RECORD WAS SET OR TIED.
MM INDICATES DATA IS MISSING.
T  INDICATES TRACE AMOUNT.

$$
