000
CXUS54 KJAN 011152
CLMTVR


CLIMATE REPORT
NATIONAL WEATHER SERVICE JACKSON MS
650 AM CDT SAT JUL 1 2017

...................................

...THE VICKSBURG CLIMATE SUMMARY FOR THE MONTH OF JUNE 2017...

CLIMATE NORMAL PERIOD 1981 TO 2010
CLIMATE RECORD PERIOD 1948 TO 2017

WEATHER         OBSERVED          NORMAL  DEPART  LAST YEAR`S
                 VALUE   DATE(S)  VALUE   FROM    VALUE
                                          NORMAL
.............................................................
TEMPERATURE (F)
RECORD
 HIGH             102   06/28/2009
 LOW               47   06/03/1956
HIGHEST            93   06/30        MM      MM       96
LOWEST             61   06/09        MM      MM       64
                        06/08
AVG. MAXIMUM     86.3              89.8    -3.5     92.2
AVG. MINIMUM     69.4              68.1     1.3     72.1
MEAN             77.9              78.9    -1.0     82.1
DAYS MAX >= 90      7              15.4    -8.4       25
DAYS MAX <= 32      0               0.0     0.0        0
DAYS MIN <= 32      0               0.0     0.0        0
DAYS MIN <= 0       0               0.0     0.0        0

PRECIPITATION (INCHES)
RECORD
 MAXIMUM        12.53   2004
 MINIMUM         0.44   1952
TOTALS           7.15              3.99    3.16     3.51
DAILY AVG.       0.24              0.13    0.11     0.12
DAYS >= .01        16                MM      MM       11
DAYS >= .10        10                MM      MM        9
DAYS >= .50         4                MM      MM        3
DAYS >= 1.00        2                MM      MM        0
GREATEST
 24 HR. TOTAL    2.72   06/01 TO 06/01              0.96

SNOWFALL (INCHES)
TOTALS            0.0

DEGREE_DAYS
HEATING TOTAL       0                 0       0        0
 SINCE 7/1       1490              2351    -861     1507
COOLING TOTAL     394               418     -24      519
 SINCE 1/1        894               788     106     1034
..............................................................

WIND (MPH)
AVERAGE WIND SPEED              5.6
HIGHEST WIND SPEED/DIRECTION    30/140    DATE  06/12
HIGHEST GUST SPEED/DIRECTION    40/160    DATE  06/11

SKY COVER
POSSIBLE SUNSHINE (PERCENT)   MM
AVERAGE SKY COVER           0.40
NUMBER OF DAYS FAIR           13
NUMBER OF DAYS PC             16
NUMBER OF DAYS CLOUDY          1

AVERAGE RH (PERCENT)     79

WEATHER CONDITIONS. NUMBER OF DAYS WITH
THUNDERSTORM             11     MIXED PRECIP               0
HEAVY RAIN               10     RAIN                      12
LIGHT RAIN               20     FREEZING RAIN              0
LT FREEZING RAIN          0     HAIL                       0
HEAVY SNOW                0     SNOW                       0
LIGHT SNOW                0     SLEET                      0
FOG                      21     FOG W/VIS <= 1/4 MILE      0
HAZE                      3

-  INDICATES NEGATIVE NUMBERS.
R  INDICATES RECORD WAS SET OR TIED.
MM INDICATES DATA IS MISSING.
T  INDICATES TRACE AMOUNT.

$$
