000
CXUS54 KMRX 012107 RRA
CLMTYS

CLIMATE REPORT
NATIONAL WEATHER SERVICE MORRISTOWN TN
505 PM EDT SAT NOV 1 2014

...................................

...THE KNOXVILLE    ASOS CLIMATE SUMMARY FOR THE MONTH OF OCTOBER 2014...

CLIMATE NORMAL PERIOD 1981 TO 2010
CLIMATE RECORD PERIOD 1871 TO 2014

WEATHER         OBSERVED          NORMAL  DEPART
                 VALUE   DATE(S)  VALUE   FROM
                                          NORMAL
................................................
TEMPERATURE (F)
HIGHEST            85   10/02
LOWEST             35   10/31
AVG. MAXIMUM     70.3              71.2    -0.9
AVG. MINIMUM     50.0              48.5     1.5
MEAN             60.2              59.9     0.3
DAYS MAX >= 90      0
DAYS MAX <= 32      0
DAYS MIN <= 32      0
DAYS MIN <= 0       0

PRECIPITATION (INCHES)
RECORD
 MAXIMUM         9.51   1925
 MINIMUM         0.00   2000
                        1963
TOTALS           5.88              2.51    3.37
DAYS >= .01        14
DAYS >= .10        10
DAYS >= .50         4
DAYS >= 1.00        2
GREATEST
 24 HR. TOTAL    1.41   10/14 TO 10/14

SNOWFALL (INCHES)
TOTALS            0.0               0.0     0.0
SINCE 7/1         0.0
SNOWDEPTH AVG.      0
DAYS >= TRACE       0
GREATEST
 SNOW DEPTH         0   MM

DEGREE_DAYS
HEATING TOTAL     177               196     -19
 SINCE 7/1        178               219     -41
COOLING TOTAL      36                36       0
 SINCE 1/1       1486              1523     -37
.................................................



-  INDICATES NEGATIVE NUMBERS.
R  INDICATES RECORD WAS SET OR TIED.
MM INDICATES DATA IS MISSING.
T  INDICATES TRACE AMOUNT.

$$
