000
CXUS53 KLOT 011249
CLMUGN


CLIMATE REPORT
NATIONAL WEATHER SERVICE CHICAGO IL
630 AM CST WED FEB 1 2017

...................................

...THE WAUKEGAN   CLIMATE SUMMARY FOR THE MONTH OF JANUARY 2017...

CLIMATE NORMAL PERIOD 1981 TO 2010
CLIMATE RECORD PERIOD 2000 TO 2017

WEATHER         OBSERVED          NORMAL  DEPART  LAST YEAR`S
                 VALUE   DATE(S)  VALUE   FROM    VALUE
                                          NORMAL
.............................................................
TEMPERATURE (F)
RECORD
 HIGH              64   01/07/2008
 LOW              -19   01/16/2009
HIGHEST            58   01/21        MM      MM       45
LOWEST                  01/06        MM      MM       -6
AVG. MAXIMUM     33.6              30.5     3.1     30.3
AVG. MINIMUM     21.4              15.5     5.9     16.4
MEAN             27.5              23.0     4.5     23.4

PRECIPITATION (INCHES)
RECORD
 MAXIMUM         5.24   2003
 MINIMUM         0.26   1999
TOTALS           2.50              1.39    1.11     0.63

DEGREE_DAYS
HEATING TOTAL    1156              1302    -146     1284
 SINCE 7/1       3279              3851    -572     3284
COOLING TOTAL       0                 0       0        0
 SINCE 1/1          0                 0       0        0
..............................................................

WIND (MPH)
AVERAGE WIND SPEED              7.4
HIGHEST WIND SPEED/DIRECTION    37/220    DATE  01/10
HIGHEST GUST SPEED/DIRECTION    53/220    DATE  01/10

AVERAGE RH (PERCENT)     78


-  INDICATES NEGATIVE NUMBERS.
R  INDICATES RECORD WAS SET OR TIED.
MM INDICATES DATA IS MISSING.
T  INDICATES TRACE AMOUNT.

$$
