000
CXUS56 KSEW 011034
CLMUIL


CLIMATE REPORT
NATIONAL WEATHER SERVICE SEATTLE WA
333 AM PDT THU SEP 1 2016

...................................

...THE QUILLAYUTE WA AIRPORT CLIMATE SUMMARY FOR THE MONTH OF AUGUST 2016...

CLIMATE NORMAL PERIOD 1981 TO 2010
CLIMATE RECORD PERIOD 1966 TO 2016

WEATHER         OBSERVED          NORMAL  DEPART  LAST YEAR`S
                 VALUE   DATE(S)  VALUE   FROM    VALUE  DATE(S)
                                          NORMAL
................................................................
TEMPERATURE (F)
RECORD
 HIGH              99   08/09/1981
 LOW               36   08/26/1985
                        08/18/1973
HIGHEST            96   08/19        MM      MM       90  08/18
                        08/18
LOWEST             43   08/23        MM      MM       43  08/25
AVG. MAXIMUM     72.4              68.6     3.8     73.6
AVG. MINIMUM     52.1              50.5     1.6     52.1
MEAN             62.2              59.6     2.6     62.8
DAYS MAX >= 90      4               0.3     3.7        1
DAYS MAX <= 32      0               0.0     0.0        0
DAYS MIN <= 32      0               0.0     0.0        0
DAYS MIN <= 0       0               0.0     0.0        0

PRECIPITATION (INCHES)
RECORD
 MAXIMUM        15.07   1991
 MINIMUM         0.17   1998
TOTALS           0.67              2.49   -1.82     4.05
DAILY AVG.       0.02              0.08   -0.06     0.13
DAYS >= .01         9               8.9     0.1        7
DAYS >= .10         3               3.8    -0.8        6
DAYS >= .50         0               1.3    -1.3        2
DAYS >= 1.00        0               0.6    -0.6        2
GREATEST
 24 HR. TOTAL    0.19   08/07 TO 08/07

DEGREE_DAYS
HEATING TOTAL     121               175     -54       86
 SINCE 7/1        276               369     -93      157
COOLING TOTAL      43                 6      37       26
 SINCE 1/1         54                17      37       56
.................................................................

WIND (MPH)
AVERAGE WIND SPEED              4.7
HIGHEST WIND SPEED/DIRECTION    23/040    DATE  08/19
HIGHEST GUST SPEED/DIRECTION    30/040    DATE  08/19

SKY COVER
POSSIBLE SUNSHINE (PERCENT)   MM
AVERAGE SKY COVER           0.60
NUMBER OF DAYS FAIR           10
NUMBER OF DAYS PC              6
NUMBER OF DAYS CLOUDY         15

AVERAGE RH (PERCENT)     79

WEATHER CONDITIONS. NUMBER OF DAYS WITH
THUNDERSTORM              0     MIXED PRECIP               0
HEAVY RAIN                0     RAIN                       2
LIGHT RAIN               13     FREEZING RAIN              0
LT FREEZING RAIN          0     HAIL                       0
HEAVY SNOW                0     SNOW                       0
LIGHT SNOW                0     SLEET                      0
FOG                      25     FOG W/VIS <= 1/4 MILE      5
HAZE                      2

-  INDICATES NEGATIVE NUMBERS.
R  INDICATES RECORD WAS SET OR TIED.
MM INDICATES DATA IS MISSING.
T  INDICATES TRACE AMOUNT.

$$
