000
CXUS54 KCRP 021946 CCB
CLMVCT

CLIMATE REPORT
NATIONAL WEATHER SERVICE CORPUS CHRISTI TX
245 PM CDT WED SEP 2 2015

...................................

...THE VICTORIA CLIMATE SUMMARY FOR THE MONTH OF AUGUST 2015...

CLIMATE NORMAL PERIOD 1981 TO 2010
CLIMATE RECORD PERIOD 1893 TO 2015

WEATHER         OBSERVED          NORMAL  DEPART  LAST YEAR`S
                 VALUE   DATE(S)  VALUE   FROM    VALUE  DATE(S)
                                          NORMAL
................................................................
TEMPERATURE (F)
RECORD
 HIGH             109   08/28/2011
 LOW               61   08/31/1915
HIGHEST           104   08/12        94      10      103  08/09
                        08/11
LOWEST             65   08/28        75     -10       70  08/03
                        08/27
AVG. MAXIMUM     95.8              95.0     0.8     99.4
AVG. MINIMUM     73.1              73.7    -0.6     76.4
MEAN             84.5              84.3     0.2     87.9
DAYS MAX >= 90     28              28.6    -0.6       31
DAYS MAX <= 32      0               0.0     0.0        0
DAYS MIN <= 32      0               0.0     0.0        0
DAYS MIN <= 0       0               0.0     0.0        0

PRECIPITATION (INCHES)
RECORD
 MAXIMUM        10.88   1914
 MINIMUM         0.00   1902
TOTALS           2.48              2.85   -0.37     1.13
DAILY AVG.       0.08              0.09   -0.01     0.04
DAYS >= .01         6               8.1    -2.1        3
DAYS >= .10         4               4.9    -0.9        2
DAYS >= .50         3               2.0     1.0        1
DAYS >= 1.00        1               0.7     0.3        0
GREATEST
 24 HR. TOTAL    1.08   08/13 TO 08/13              0.73 08/31 TO 08/31

SNOWFALL (INCHES)
RECORDS
 TOTAL            0.0   MM
 24 HR TOTAL      0.0   MM
TOTALS            0.0               0.0     0.0        0
SINCE 7/1         0.0               0.0     0.0        0
SNOWDEPTH AVG.      0                MM      MM        0
DAYS >= 1.0         0               0.0     0.0        0
GREATEST
 SNOW DEPTH         0   MM                             0
 24 HR TOTAL      0.0   08/31 TO 08/31                 0

DEGREE_DAYS
HEATING TOTAL       0                 0       0        0
 SINCE 7/1          0                 0       0        0
COOLING TOTAL     611               600      11      719
 SINCE 1/1       2422              2353      69     2566
.................................................................

WIND (MPH)
AVERAGE WIND SPEED              7.3
HIGHEST WIND SPEED/DIRECTION    29/060    DATE  08/25
HIGHEST GUST SPEED/DIRECTION    41/050    DATE  08/25

SKY COVER
AVERAGE SKY COVER           0.20

AVERAGE RH (PERCENT)     73

WEATHER CONDITIONS. NUMBER OF DAYS WITH
THUNDERSTORM              6     MIXED PRECIP               0
HEAVY RAIN                4     RAIN                       5
LIGHT RAIN                6     FREEZING RAIN              0
LT FREEZING RAIN          0     HAIL                       0
HEAVY SNOW                0     SNOW                       0
LIGHT SNOW                0     SLEET                      0
FOG                      27     FOG W/VIS <= 1/4 MILE      4
HAZE                      7

-  INDICATES NEGATIVE NUMBERS.
R  INDICATES RECORD WAS SET OR TIED.
MM INDICATES DATA IS MISSING.
T  INDICATES TRACE AMOUNT.

$$

88
