000
CXUS53 KLOT 011303
CLMVPZ


CLIMATE REPORT
NATIONAL WEATHER SERVICE CHICAGO IL
659 AM CST MON FEB 1 2016

...................................

...THE VALPARAISO CLIMATE SUMMARY FOR THE MONTH OF JANUARY 2016...

CLIMATE NORMAL PERIOD 1981 TO 2010
CLIMATE RECORD PERIOD 1998 TO 2016

WEATHER         OBSERVED          NORMAL  DEPART  LAST YEAR`S
                 VALUE   DATE(S)  VALUE   FROM    VALUE
                                          NORMAL
.............................................................
TEMPERATURE (F)
RECORD
 HIGH              65   01/07/2008
 LOW              -20   01/16/2009
                        01/05/1999
HIGHEST            55   01/31        30      25       42
LOWEST             -3   01/18        16     -19       -9
AVG. MAXIMUM     34.6              31.1     3.5     28.8
AVG. MINIMUM     18.0              16.1     1.9     13.7
MEAN             26.3              23.6     2.7     21.3

PRECIPITATION (INCHES)
RECORD
 MAXIMUM         4.54   2005
 MINIMUM         0.17   2011
TOTALS           0.46              1.75   -1.29     0.90

DEGREE_DAYS
HEATING TOTAL    1192              1283     -91     1348
 SINCE 7/1       2881              3685    -804     3857
COOLING TOTAL       0                 0       0        0
 SINCE 1/1          0                 0       0        0
..............................................................

WIND (MPH)
AVERAGE WIND SPEED              10.1
HIGHEST WIND SPEED/DIRECTION    33/250    DATE  01/26
HIGHEST GUST SPEED/DIRECTION    43/250    DATE  01/26

AVERAGE RH (PERCENT)     75


-  INDICATES NEGATIVE NUMBERS.
R  INDICATES RECORD WAS SET OR TIED.
MM INDICATES DATA IS MISSING.
T  INDICATES TRACE AMOUNT.

$$
