000
CXUS52 KMLB 011931 AAA
CLMVRB

CLIMATE REPORT...AMENDED TO INCLUDE SEASONAL CLIMATE
NATIONAL WEATHER SERVICE MELBOURNE FL
235 PM EST WED MAR 1 2017

...................................

...THE VERO BEACH CLIMATE SUMMARY FOR THE MONTH OF FEBRUARY 2017...

CLIMATE NORMAL PERIOD 1981 TO 2010
CLIMATE RECORD PERIOD 1942 TO 2017

WEATHER         OBSERVED          NORMAL  DEPART  LAST YEAR`S
                 VALUE   DATE(S)  VALUE   FROM    VALUE  DATE(S)
                                          NORMAL
................................................................
TEMPERATURE (F)
MONTHLY RECORD
 HOTTEST         71.5     1949
 COLDEST         55.1     1958
DAILY RECORD
 HIGH              89   02/24/2012
                        02/23/2008
                        02/22/2003
 LOW               28   02/24/1989
FEBRUARY 2017
HIGHEST            87   02/25                         85
LOWEST             39   02/01                         38
AVG. MAXIMUM     79.7              74.5     5.2     72.9
AVG. MINIMUM     55.7              54.1     1.6     52.3
MEAN             67.7              64.3     3.4     62.6
DAYS MAX >= 90      0               0.0     0.0        0
DAYS MAX <= 32      0               0.0     0.0        0
DAYS MIN <= 32      0               0.1    -0.1        0
DAYS MIN <= 0       0               0.0     0.0        0

PRECIPITATION (INCHES)
MONTHLY RECORD
 MAXIMUM         9.96   1983
 MINIMUM         0.04   2001
DAILY RECORD
 MAXIMUM         2.65   02/23/1966
FEBRUARY 2017
TOTALS           1.23              2.67   -1.44     3.96
DAYS >= .01         4               7.0    -3.0        7
DAYS >= .10         4               3.8     0.2        4
DAYS >= .50         1               1.6    -0.6        4
DAYS >= 1.00        0               0.7    -0.7        1
GREATEST
 24 HR. TOTAL    0.61   02/22 TO 02/22

SNOWFALL (INCHES)
TOTALS            0.0               0.0     0.0      0.0
SINCE 7/1         0.0               0.0     0.0      0.0
DAYS >= TRACE       0                                  0

DEGREE_DAYS
HEATING TOTAL      20                98     -78      127
 SINCE 7/1        143               385    -242      268
COOLING TOTAL     101                78      23       61
 SINCE 1/1        201               139      62       98
.................................................................

WIND (MPH)
AVERAGE WIND SPEED              7.7
HIGHEST WIND SPEED/DIRECTION    33/250    DATE  02/15
HIGHEST GUST SPEED/DIRECTION    41/250    DATE  02/15

SKY COVER
POSSIBLE SUNSHINE (PERCENT)   MM
AVERAGE SKY COVER           0.30
NUMBER OF DAYS FAIR           19
NUMBER OF DAYS PC              8
NUMBER OF DAYS CLOUDY          1

AVERAGE RH (PERCENT)     75

WEATHER CONDITIONS. NUMBER OF DAYS WITH
THUNDERSTORM              1     MIXED PRECIP               0
HEAVY RAIN                3     RAIN                       4
LIGHT RAIN                5     LT FREEZING RAIN           0
HAIL                      0     LIGHT SNOW                 0
SLEET                     0     FOG                       20
FOG W/VIS <= 1/4 MILE    10     HAZE                       3

-  INDICATES NEGATIVE NUMBERS.
R  INDICATES RECORD WAS SET OR TIED.
MM INDICATES DATA IS MISSING.
T  INDICATES TRACE AMOUNT.

...................................

...THE VERO BEACH CLIMATE SUMMARY FOR THE WINTER SEASON, FROM
12/1/2016 TO 2/28/2017...

CLIMATE NORMAL PERIOD 1981 TO 2010
CLIMATE RECORD PERIOD 1942 TO 2017

WEATHER         OBSERVED          NORMAL  DEPART  LAST YEAR`S
                 VALUE   DATE(S)  VALUE   FROM    VALUE  DATE(S)
                                          NORMAL
................................................................
TEMPERATURE (F)
WINTER RECORDS
 WARMEST         69.3   1949
 COLDEST         58.1   1958
DAILY RECORD
 HIGH              89   02/24/2012
                        02/23/2008
                        02/22/2003
 LOW               21   01/22/1985
WINTER 2016-2017
HIGHEST            87   02/25        MM      MM       87  12/17
                        01/22
                        12/01
LOWEST             34   01/31        MM      MM       35  01/24
AVG. MAXIMUM     78.5              73.7     4.8     74.6
AVG. MINIMUM     57.2              53.6     3.6     57.3
MEAN             67.9              63.6     4.3     66.1
DAYS MAX >= 90      0               0.0     0.0        0
DAYS MAX <= 32      0               0.0     0.0        0
DAYS MIN <= 32      0               1.7    -1.7        0
DAYS MIN <= 0       0               0.0     0.0        0

PRECIPITATION (INCHES)
WINTER RECORDS
 MAXIMUM        17.92   2016
 MINIMUM         1.30   2001

WINTER 2016-2017
TOTALS           4.10              7.36   -3.26    17.92
DAYS >= .01        24              22.6     1.4       36
DAYS >= .10        13              12.0     1.0       23
DAYS >= .50         2               4.8    -2.8       12
DAYS >= 1.00        0               2.1    -2.1        6
GREATEST
 24 HR. TOTAL    0.64   12/11 TO 12/11              2.27

SNOWFALL (INCHES)
TOTALS            0.0               0.0     0.0      0.0
SINCE 7/1         0.0                                0.0
DAYS >= TRACE       0                                  0

DEGREE_DAYS
HEATING TOTAL     124               355    -231      267
COOLING TOTAL     406               232     174      390
.................................................................

WIND (MPH)
AVERAGE WIND SPEED              7.9
HIGHEST WIND SPEED/DIRECTION    33/250    DATE  02/15
HIGHEST GUST SPEED/DIRECTION    42/200    DATE  12/06

SKY COVER
POSSIBLE SUNSHINE (PERCENT)   MM
AVERAGE SKY COVER           0.40
NUMBER OF DAYS FAIR           49
NUMBER OF DAYS PC             32
NUMBER OF DAYS CLOUDY          9

AVERAGE RH (PERCENT)     75

WEATHER CONDITIONS. NUMBER OF DAYS WITH
THUNDERSTORM              4     MIXED PRECIP               0
HEAVY RAIN                9     RAIN                      14
LIGHT RAIN               26     HAIL                       0
SLEET                     0     FOG                       64
FOG W/VIS <= 1/4 MILE    27     HAZE                      11

-  INDICATES NEGATIVE NUMBERS.
R  INDICATES RECORD WAS SET OR TIED.
MM INDICATES DATA IS MISSING.
T  INDICATES TRACE AMOUNT.

$$
