000
CXUS53 KLBF 011319
CLMVTN


CLIMATE REPORT
NATIONAL WEATHER SERVICE NORTH PLATTE
818 AM CDT SAT OCT 1 2016

...................................

...THE VALENTINE NE CLIMATE SUMMARY FOR THE MONTH OF SEPTEMBER 2016...

CLIMATE NORMAL PERIOD 1981 TO 2010
CLIMATE RECORD PERIOD 1885 TO 2016

WEATHER         OBSERVED          NORMAL  DEPART  LAST YEAR`S
                 VALUE   DATE(S)  VALUE   FROM    VALUE  DATE(S)
                                          NORMAL
................................................................
TEMPERATURE (F)
RECORD
 HIGH             106   09/09/1931
 LOW               12   09/25/1926
HIGHEST            91   09/23        97      -6      102  09/02
                        09/11
LOWEST             34   09/29        29       5       35  09/19
AVG. MAXIMUM     77.8              77.3     0.5     82.1
AVG. MINIMUM     48.9              47.4     1.5     52.7
MEAN             63.4              62.3     1.1     67.4
DAYS MAX >= 90      3               4.6    -1.6        9
DAYS MAX <= 32      0               0.0     0.0        0
DAYS MIN <= 32      0               1.4    -1.4        0
DAYS MIN <= 0       0               0.0     0.0        0

PRECIPITATION (INCHES)
RECORD
 MAXIMUM         5.91   1973
 MINIMUM         0.07   1953
TOTALS           1.52              1.64   -0.12     4.80
DAILY AVG.       0.05              0.05    0.00     0.16
DAYS >= .01         6               7.1    -1.1        7
DAYS >= .10         5               3.7     1.3        4
DAYS >= .50         1               1.1    -0.1        2
DAYS >= 1.00        0               0.2    -0.2        1
GREATEST
 24 HR. TOTAL    0.88   09/05 TO 09/06           09/23 TO 09/23
                                                          09/22 TO 09/23
                                                          09/23 TO 09/23

SNOWFALL (INCHES)
RECORDS
 TOTAL           18.4   1985
TOTALS            0.0               0.7    -0.7      0.0
SINCE 7/1         0.0               0.7    -0.7      0.0
SNOWDEPTH AVG.      0                MM      MM        0
DAYS >= 1.0         0               0.1    -0.1        0
GREATEST
 SNOW DEPTH         0   MM                             0  MM
 24 HR TOTAL      0.0   09/30 TO 09/30

DEGREE_DAYS
HEATING TOTAL     109               160     -51       56
 SINCE 7/1        137               185     -48       87
COOLING TOTAL      67                81     -14      134
 SINCE 1/1        864               817      47      794
....................................................

WIND (MPH)
AVERAGE WIND SPEED              11.1
HIGHEST WIND SPEED/DIRECTION    40/240    DATE  09/15
HIGHEST GUST SPEED/DIRECTION    51/240    DATE  09/15

SKY COVER
POSSIBLE SUNSHINE (PERCENT)   MM
AVERAGE SKY COVER           0.20
NUMBER OF DAYS FAIR           20
NUMBER OF DAYS PC              8
NUMBER OF DAYS CLOUDY          2

AVERAGE RH (PERCENT)     61

WEATHER CONDITIONS. NUMBER OF DAYS WITH
THUNDERSTORM              0     MIXED PRECIP               0
HEAVY RAIN                4     RAIN                       2
LIGHT RAIN                6     FREEZING RAIN              0
LT FREEZING RAIN          0     HAIL                       0
HEAVY SNOW                0     SNOW                       0
LIGHT SNOW                0     SLEET                      0
FOG                       8     FOG W/VIS <= 1/4 MILE      1
HAZE                      2

-  INDICATES NEGATIVE NUMBERS.
R  INDICATES RECORD WAS SET OR TIED.
MM INDICATES DATA IS MISSING.
T  INDICATES TRACE AMOUNT.

$$
