000
CXUS53 KLBF 011816
CLMVTN

CLIMATE REPORT
NATIONAL WEATHER SERVICE NORTH PLATTE
1207 PM CST SUN FEB 1 2015

...................................

...THE VALENTINE NE CLIMATE SUMMARY FOR THE MONTH OF JANUARY 2015...

CLIMATE NORMAL PERIOD 1981 TO 2010
CLIMATE RECORD PERIOD 1885 TO 2015

WEATHER         OBSERVED          NORMAL  DEPART  LAST YEAR`S
                 VALUE   DATE(S)  VALUE   FROM    VALUE  DATE(S)
                                          NORMAL
................................................................
TEMPERATURE (F)
RECORD
 HIGH              72   01/27/2015
                        01/12/1987
                        38/08/2445
 LOW              -38   01/24/1894
HIGHEST            72R  01/27        59      13       61  01/19
LOWEST            -15   01/04       -15       0      -11  01/23
                                                          01/05
AVG. MAXIMUM     38.0              36.5     1.5     39.0
AVG. MINIMUM     12.1              10.7     1.4     12.5
MEAN             25.0              23.6     1.4     25.8
DAYS MAX >= 90      0               0.0     0.0        0
DAYS MAX <= 32      9              11.1    -2.1       10
DAYS MIN <= 32     30              30.7    -0.7       30
DAYS MIN <= 0       7               6.6     0.4        6

PRECIPITATION (INCHES)
RECORD
 MAXIMUM         1.74   1944
 MINIMUM            T   1961
TOTALS           0.31              0.26    0.05     0.04
DAILY AVG.       0.01              0.01    0.00     0.00
DAYS >= .01         4               3.9     0.1        3
DAYS >= .10         1               0.8     0.2        0
DAYS >= .50         0               0.0     0.0        0
DAYS >= 1.00        0               0.0     0.0        0
GREATEST
 24 HR. TOTAL    0.23   01/31 TO 01/31           01/08 TO 01/08
                                                          01/08 TO 01/08
                                                          01/08 TO 01/08

SNOWFALL (INCHES)
RECORDS
 TOTAL           18.3   1929
TOTALS            3.5               3.8    -0.3      0.5
SINCE 7/1        18.6              16.5     2.1     19.5
SNOWDEPTH AVG.      2                 2       0        0
DAYS >= 1.0         2               1.5     0.5        0
GREATEST
 SNOW DEPTH         4   01/08                          0  MM
                        01/07
                        01/06
 24 HR TOTAL      2.0   01/31 TO 01/31

DEGREE_DAYS
HEATING TOTAL    1231              1283     -52     1208
 SINCE 7/1       4037              4178    -141     4200
COOLING TOTAL       0                 0       0        0
 SINCE 1/1          0                 0       0        0
.........................................................

WIND (MPH)
AVERAGE WIND SPEED              11.1
HIGHEST WIND SPEED/DIRECTION    39/340    DATE  01/08
HIGHEST GUST SPEED/DIRECTION    55/310    DATE  01/08

SKY COVER
POSSIBLE SUNSHINE (PERCENT)   MM
AVERAGE SKY COVER           0.30
NUMBER OF DAYS FAIR           19
NUMBER OF DAYS PC              9
NUMBER OF DAYS CLOUDY          3

AVERAGE RH (PERCENT)     68

WEATHER CONDITIONS. NUMBER OF DAYS WITH
THUNDERSTORM              0     MIXED PRECIP               0
HEAVY RAIN                0     RAIN                       0
LIGHT RAIN                1     FREEZING RAIN              0
LT FREEZING RAIN          1     HAIL                       0
HEAVY SNOW                1     SNOW                       2
LIGHT SNOW                6     SLEET                      0
FOG                       2     FOG W/VIS <= 1/4 MILE      2
HAZE                      7

-  INDICATES NEGATIVE NUMBERS.
R  INDICATES RECORD WAS SET OR TIED.
MM INDICATES DATA IS MISSING.
T  INDICATES TRACE AMOUNT.

$$
