000
CXUS53 KLBF 011158
CLMVTN


CLIMATE REPORT
NATIONAL WEATHER SERVICE NORTH PLATTE
657 AM CDT SAT JUL 1 2017

...................................

...THE VALENTINE NE CLIMATE SUMMARY FOR THE MONTH OF JUNE 2017...

CLIMATE NORMAL PERIOD 1981 TO 2010
CLIMATE RECORD PERIOD 1885 TO 2017

WEATHER         OBSERVED          NORMAL  DEPART  LAST YEAR`S
                 VALUE   DATE(S)  VALUE   FROM    VALUE  DATE(S)
                                          NORMAL
................................................................
TEMPERATURE (F)
RECORD
 HIGH             110   06/24/1988
 LOW               30   06/14/1969
HIGHEST           102   06/09        99       3      102  06/11
LOWEST             39   06/24        40      -1       42  06/07
                                                          06/05
AVG. MAXIMUM     86.8              81.1     5.7     87.5
AVG. MINIMUM     54.6              54.0     0.6     57.2
MEAN             70.7              67.5     3.2     72.3
DAYS MAX >= 90     12               5.5     6.5       10
DAYS MAX <= 32      0               0.0     0.0        0
DAYS MIN <= 32      0               0.0     0.0        0
DAYS MIN <= 0       0               0.0     0.0        0

PRECIPITATION (INCHES)
RECORD
 MAXIMUM         8.63   2014
 MINIMUM         0.32   1918
TOTALS           0.53              3.56   -3.03     4.16
DAILY AVG.       0.02              0.12   -0.10     0.14
DAYS >= .01         5              11.1    -6.1        7
DAYS >= .10         2               6.4    -4.4        4
DAYS >= .50         0               2.3    -2.3        2
DAYS >= 1.00        0               0.8    -0.8        2
GREATEST
 24 HR. TOTAL    0.24   06/30 TO 06/30           06/13 TO 06/14
                                                          06/30 TO 06/30
                                                          06/30 TO 06/30

SNOWFALL (INCHES)
RECORDS
 TOTAL              T   2002
TOTALS            0.0               0.0     0.0      0.0
SINCE 7/1        44.5              33.3    11.2     38.2
SNOWDEPTH AVG.      0                MM      MM        0
DAYS >= 1.0         0               0.0     0.0        0
GREATEST
 SNOW DEPTH         0   MM                             0  MM
 24 HR TOTAL      0.0   06/30 TO 06/30

DEGREE_DAYS
HEATING TOTAL      16                61     -45       11
 SINCE 7/1       6250              7003    -753     6161
COOLING TOTAL     196               137      59      237
 SINCE 1/1        219               171      48      255
.................................................

WIND (MPH)
AVERAGE WIND SPEED              10.3
HIGHEST WIND SPEED/DIRECTION    35/170    DATE  06/27
HIGHEST GUST SPEED/DIRECTION    46/330    DATE  06/17

SKY COVER
POSSIBLE SUNSHINE (PERCENT)   MM
AVERAGE SKY COVER           0.20
NUMBER OF DAYS FAIR           22
NUMBER OF DAYS PC              8
NUMBER OF DAYS CLOUDY          0

AVERAGE RH (PERCENT)     50

WEATHER CONDITIONS. NUMBER OF DAYS WITH
THUNDERSTORM              0     MIXED PRECIP               0
HEAVY RAIN                1     RAIN                       2
LIGHT RAIN                8     FREEZING RAIN              0
LT FREEZING RAIN          0     HAIL                       0
HEAVY SNOW                0     SNOW                       0
LIGHT SNOW                0     SLEET                      0
FOG                       2     FOG W/VIS <= 1/4 MILE      0
HAZE                      1

-  INDICATES NEGATIVE NUMBERS.
R  INDICATES RECORD WAS SET OR TIED.
MM INDICATES DATA IS MISSING.
T  INDICATES TRACE AMOUNT.

$$
