000
CXUS46 KLOX 011641
CLMWJF


CLIMATE REPORT
NATIONAL WEATHER SERVICE LOS ANGELES/OXNARD CA
939 AM PDT THU JUN 1 2017

...................................

...THE LANCASTER FOX FIELD CA CLIMATE SUMMARY FOR THE MONTH OF MAY 2017...

CLIMATE NORMAL PERIOD 1981 TO 2010
CLIMATE RECORD PERIOD 1948 TO 2017

WEATHER         OBSERVED          NORMAL  DEPART  LAST YEAR`S
                 VALUE   DATE(S)  VALUE   FROM    VALUE
                                          NORMAL
.............................................................
TEMPERATURE (F)
HIGHEST            99   05/23
LOWEST             36   05/08
AVG. MAXIMUM     83.1              82.3     0.8
AVG. MINIMUM     51.4              54.0    -2.6
MEAN             67.3              68.1    -0.8
DAYS MAX >= 90     12
DAYS MAX <= 32      0
DAYS MIN <= 32      0
DAYS MIN <= 0       0

PRECIPITATION (INCHES)
TOTALS           0.00R             0.09   -0.09
DAILY AVG.       0.00
DAYS >= .01         0
DAYS >= .10         0
DAYS >= .50         0
DAYS >= 1.00        0
GREATEST
 24 HR. TOTAL    0.00   05/31 TO 05/31
                        05/30 TO 05/30
                        05/29 TO 05/29
 STORM TOTAL       MM
 (MM/DD(HH))

DEGREE_DAYS
HEATING TOTAL      73                61      12       51
 SINCE 7/1       2483              2929    -446     2672
COOLING TOTAL     151               159      -8      144
 SINCE 1/1        161               189     -28      168
..............................................................

WIND (MPH)
AVERAGE WIND SPEED              13.7
HIGHEST WIND SPEED/DIRECTION    47/290    DATE  05/17
HIGHEST GUST SPEED/DIRECTION    61/280    DATE  05/17

SKY COVER
POSSIBLE SUNSHINE (PERCENT)   MM
AVERAGE SKY COVER           0.00
NUMBER OF DAYS FAIR           30
NUMBER OF DAYS PC              0
NUMBER OF DAYS CLOUDY          0

AVERAGE RH (PERCENT)     42

WEATHER CONDITIONS. NUMBER OF DAYS WITH
THUNDERSTORM              0     MIXED PRECIP               0
HEAVY RAIN                0     RAIN                       0
LIGHT RAIN                0     FREEZING RAIN              0
LT FREEZING RAIN          0     HAIL                       0
HEAVY SNOW                0     SNOW                       0
LIGHT SNOW                0     SLEET                      0
FOG                       0     FOG W/VIS <= 1/4 MILE      0
HAZE                      3

-  INDICATES NEGATIVE NUMBERS.
R  INDICATES RECORD WAS SET OR TIED.
MM INDICATES DATA IS MISSING.
T  INDICATES TRACE AMOUNT.

$$
