000
CXUS56 KPDT 011855
CLMYKM

CLIMATE REPORT
NATIONAL WEATHER SERVICE PENDLETON OREGON
1048 AM PST SUN FEB 01 2015

....................................

...THE YAKIMA WA CLIMATE SUMMARY FOR THE MONTH OF JANUARY 2015...

CLIMATE NORMAL PERIOD 1981 TO 2010
CLIMATE RECORD PERIOD 1909 TO 2015

WEATHER         OBSERVED          NORMAL  DEPART  LAST YEAR`S
                 VALUE   DATE(S)  VALUE   FROM    VALUE  DATE(S)
                                          NORMAL

................................................................

TEMPERATURE (F)
RECORD
 HIGH              68   1/30/1971
 LOW              -21   1/31/1950
HIGHEST            61   1/ 5       55         6            61   1/15
LOWEST              9   1/ 1        8         1            11   1/ 5
AVG. MAXIMUM     40.9            38.6       2.3          42.3
AVG. MINUMUM     28.5            23.3       5.2          26.9
MEAN             34.7            31.0       3.7          34.6
DAYS MAX >= 90      0               0         0             0
DAYS MAX <= 32      5               7        -2             3
DAYS MIN <= 32     21              27        -6            29
DAYS MIN <= 0       0               0         0            29


PRECIPITATION (INCHES)
RECORD
 MAXIMUM          3.68   1995
 MINIMUM          0.09   1985
TOTALS            0.70            1.15     -0.45          0.30
DAILY AVG.        0.02            0.04     -0.02          0.01
DAYS >=  0.01        6              10        -4             4
DAYS >=  0.10        1               4        -3             2
DAYS >=  0.50        1               0         1             0
DAYS >=  1.00        0               0         0             0
GREATEST
 24 HR. TOTAL     0.52   1/17



SNOWFALL (INCHES)
RECORD
 MAXIMUM          26.6   1950
 MINIMUM             T   2002
TOTALS             1.6             5.3      -3.7           0.5
SINCE 7/1          1.6            18.7     -17.1           0.5
DAYS >=  TRACE       5               4         0             2
DAYS >=  1.0         1               2        -1             0
GREATEST
 24 HR. TOTAL      1.0   1/15


DEGREE DAYS
HEATING TOTAL      930            1057      -127           935
 SINCE 7/1        3008            3718      -710          3506
COOLING TOTAL        0               0         0             0
 SINCE 1/1           0               0         0             0

.............................................................

WIND (MPH)
AVERAGE WIND SPEED                     2.5
RESULTANT WIND SPEED/DIRECTION         1/220
HIGHEST WIND SPEED/DIRECTION          26/280      DATE          01/18
HIGHEST GUST SPEED/DIRECTION          33/290      DATE          01/18


WEATHER CONDITIONS. NUMBER OF DAYS WITH
THUNDERSTORM               0    MIXED PRECIP                       1
HEAVY RAIN                 2    RAIN                               2
LIGHT RAIN                 9    FREEZING RAIN                      0
LT FREEZING RAIN           1    HAIL                               0
HEAVY SNOW                 0    SNOW                               0
LIGHT SNOW                 5    SLEET                              0
FOG                       25    FOG W/VIS <=1/4 MILE               9
HAZE                      11

-  INDICATES NEGATIVE NUMBERS.
R  INDICATES RECORD WAS SET OR TIED.
MM INDICATES DATA IS MISSING.
T  INDICATES TRACE AMOUNT.

$$
