000
CXUS53 KGRR 021311 RRA
CLSBIV

WRKCLMBIV 000
TTAA00 KGRR 021142


CLIMATE REPORT
NATIONAL WEATHER SERVICE GRAND RAPIDS, MI
710 AM EDT FRI SEP 2 2016

...................................

...THE HOLLAND/TULIP CITY MI CLIMATE SUMMARY FOR THE SEASON, FROM
6/1/2016 TO 8/31/2016...

CLIMATE NORMAL PERIOD 1981 TO 2010
CLIMATE RECORD PERIOD 1996 TO 2016

WEATHER         OBSERVED          NORMAL  DEPART  LAST YEAR`S
                 VALUE   DATE(S)  VALUE   FROM    VALUE  DATE(S)
                                          NORMAL
................................................................
TEMPERATURE (F)
HIGHEST            92   07/23        MM      MM       91  08/02
                        07/12                             07/28
LOWEST             43   06/09        MM      MM       40  06/02
AVG. MAXIMUM     81.2              80.5     0.7     78.6
AVG. MINIMUM     60.8              60.7     0.1     59.3
MEAN             71.0              70.6     0.4     68.9
DAYS MAX >= 90      5               5.7    -0.7        3
DAYS MAX <= 32      0               0.0     0.0        0
DAYS MIN <= 32      0               0.0     0.0        0
DAYS MIN <= 0       0               0.0     0.0        0

PRECIPITATION (INCHES)
TOTALS             MM             10.62      MM     4.16
DAILY AVG.         MM              0.12      MM     0.07
DAYS >= .01        MM                MM      MM       27
DAYS >= .10        MM                MM      MM       13
DAYS >= .50        MM                MM      MM        4
DAYS >= 1.00       MM                MM      MM        1
GREATEST
 24 HR. TOTAL      MM
 STORM TOTAL       MM                                 MM
 (MM/DD(HH))            MM                    07/14(00) TO 07/14(00)
                                                 07/14(00) TO 07/14(00)@
                                                 07/14(00) TO 07/14(00)@

DEGREE_DAYS
HEATING TOTAL      43                62     -19       46
 SINCE 7/1          7                15      -8       22
COOLING TOTAL     620               576      44      427
 SINCE 1/1        679               618      61      476

FREEZE DATES
EARLIEST                        MM
LATEST                          MM
.................................................................

WIND (MPH)
AVERAGE WIND SPEED              6.4
RESULTANT WIND SPEED/DIRECTION   3/240
HIGHEST WIND SPEED/DIRECTION    33/220    DATE  07/17
HIGHEST GUST SPEED/DIRECTION    42/220    DATE  07/17

SKY COVER
POSSIBLE SUNSHINE (PERCENT)   MM
AVERAGE SKY COVER           0.30
NUMBER OF DAYS FAIR           64
NUMBER OF DAYS PC             25
NUMBER OF DAYS CLOUDY          3

AVERAGE RH (PERCENT)     72

WEATHER CONDITIONS. NUMBER OF DAYS WITH
THUNDERSTORM             20     MIXED PRECIP               0
HEAVY RAIN               15     RAIN                      17
LIGHT RAIN               37     FREEZING RAIN              0
LT FREEZING RAIN          0     HAIL                       0
HEAVY SNOW                0     SNOW                       0
LIGHT SNOW                0     SLEET                      0
FOG                      49     FOG W/VIS <= 1/4 MILE      6
HAZE                      2

-  INDICATES NEGATIVE NUMBERS.
R  INDICATES RECORD WAS SET OR TIED.
MM INDICATES DATA IS MISSING.
T  INDICATES TRACE AMOUNT.

$$

JAM
