999
CXUS53 KDVN 011430
CLSCID


CLIMATE REPORT
NATIONAL WEATHER SERVICE QUAD CITIES IA IL
930 AM CDT WED JUN 1 2016

...................................

...THE CEDAR RAPIDS IA CLIMATE SUMMARY FOR THE SEASON, FROM
3/1/2016 TO 5/31/2016...

CLIMATE NORMAL PERIOD 1981 TO 2010
CLIMATE RECORD PERIOD 1891 TO 2016

WEATHER         OBSERVED          NORMAL  DEPART
                 VALUE   DATE(S)  VALUE   FROM
                                          NORMAL
................................................
TEMPERATURE (F)
RECORD
 HIGH             104   05/31/1934
 LOW              -20   03/01/1962
HIGHEST            85   05/23        76       9
                        05/06
LOWEST              9   03/02        21     -12
AVG. MAXIMUM     61.7              59.5     2.2
AVG. MINIMUM     39.9              37.8     2.1
MEAN             50.8              48.6     2.2
DAYS MAX >= 90      0
DAYS MAX <= 32      2
DAYS MIN <= 32     24
DAYS MIN <= 0       0

PRECIPITATION (INCHES)
TOTALS           8.06              9.30   -1.24
DAILY AVG.       0.09              0.10   -0.01
DAYS >= .01        38
DAYS >= .10        22
DAYS >= .50         5
DAYS >= 1.00        0
GREATEST
 24 HR. TOTAL    1.08   04/05 TO 04/06

DEGREE_DAYS
HEATING TOTAL    1338              1554    -216
 SINCE 7/1       5649              6837   -1188
COOLING TOTAL      60                50      10
 SINCE 1/1         60                49      11
.................................................

WIND (MPH)
AVERAGE WIND SPEED              10.8
HIGHEST WIND SPEED/DIRECTION    44/310    DATE  04/02
HIGHEST GUST SPEED/DIRECTION    58/300    DATE  04/02

SKY COVER
POSSIBLE SUNSHINE (PERCENT)   MM
AVERAGE SKY COVER           0.40
NUMBER OF DAYS FAIR           41
NUMBER OF DAYS PC             24
NUMBER OF DAYS CLOUDY         27

AVERAGE RH (PERCENT)     73

WEATHER CONDITIONS. NUMBER OF DAYS WITH
THUNDERSTORM             17     HAIL                       0
SLEET                     0     FOG                       50
FOG W/VIS <= 1/4 MILE     4     HAZE                      14

-  INDICATES NEGATIVE NUMBERS.
R  INDICATES RECORD WAS SET OR TIED.
MM INDICATES DATA IS MISSING.
T  INDICATES TRACE AMOUNT.

$$
