000
CXUS51 KCLE 021819 RRA
CLSCLE

CLIMATE REPORT
NATIONAL WEATHER SERVICE CLEVELAND OH
150 PM EDT SAT SEP 2 2017

...................................

...THE CLEVELAND OH CLIMATE SUMMARY FOR THE SEASON, FROM
6/1/2017 TO 8/31/2017...

CLIMATE NORMAL PERIOD 1981 TO 2010
CLIMATE RECORD PERIOD 1871 TO 2017

WEATHER         OBSERVED          NORMAL  DEPART
                 VALUE   DATE(S)  VALUE   FROM
                                          NORMAL
................................................
TEMPERATURE (F)
RECORD
 HIGH             104   06/25/1988
 LOW               31   06/11/1972
HIGHEST            93   06/13
                        06/12
LOWEST             50   06/08
AVG. MAXIMUM     82.5              80.7     1.8
AVG. MINIMUM     64.0              62.5     1.5
MEAN             73.3              71.6     1.7
DAYS MAX >= 90     12               8.2
DAYS MAX <= 32      0               0.0
DAYS MIN <= 32      0               0.0
DAYS MIN <= 0       0               0.0

PRECIPITATION (INCHES)
RECORD
 MAXIMUM        19.88   1972
 MINIMUM         3.63   1933
TOTALS           9.57             10.40   -0.83
DAYS >= .01        30              31.2
DAYS >= .10        17              19.2
DAYS >= .50         4               6.6
DAYS >= 1.00        2               2.4

SNOWFALL (INCHES)
RECORDS
 TOTAL             MM   MM
TOTALS            0.0               0.0
DAYS >= TRACE       0
DAYS >= 1.0         0               0.0

DEGREE_DAYS
HEATING TOTAL      19                53     -34
COOLING TOTAL     803               656     147
.................................................

WIND (MPH)
HIGHEST GUST SPEED/DIRECTION    47/290    DATE  06/30

SKY COVER
POSSIBLE SUNSHINE (PERCENT)   MM
AVERAGE SKY COVER           0.60
NUMBER OF DAYS FAIR           13
NUMBER OF DAYS PC             57
NUMBER OF DAYS CLOUDY         22


WEATHER CONDITIONS. NUMBER OF DAYS WITH
THUNDERSTORM              0     MIXED PRECIP               0
HEAVY RAIN               10     RAIN                      11
LIGHT RAIN               34     FREEZING RAIN              0
LT FREEZING RAIN          0     HAIL                       0
HEAVY SNOW                0     SNOW                       0
LIGHT SNOW                0     SLEET                      0
FOG                      23     FOG W/VIS <= 1/4 MILE      1
HAZE                      6

-  INDICATES NEGATIVE NUMBERS.
R  INDICATES RECORD WAS SET OR TIED.
MM INDICATES DATA IS MISSING.
T  INDICATES TRACE AMOUNT.

$$
