000
CXUS51 KRNK 011159
CLSDAN


CLIMATE REPORT
NATIONAL WEATHER SERVICE BLACKSBURG VA
640 AM EST MON DEC 1 2014

...................................

...THE DANVILLE VA CLIMATE SUMMARY FOR THE SEASON, FROM
9/1/2014 TO 11/30/2014...

CLIMATE NORMAL PERIOD 1981 TO 2010
CLIMATE RECORD PERIOD 1948 TO 2014

WEATHER         OBSERVED          NORMAL  DEPART
                 VALUE   DATE(S)  VALUE   FROM
                                          NORMAL
................................................
TEMPERATURE (F)
RECORD
 HIGH             104   09/06/1954
 LOW               15   11/19/2014
                        11/25/2013
                        11/25/1970
HIGHEST            94
LOWEST             15R  11/19
AVG. MAXIMUM     69.9              70.0    -0.1
AVG. MINIMUM     48.0              49.1    -1.1
MEAN             58.9              59.5    -0.6
DAYS MAX >= 90      3               2.6     0.4
DAYS MAX <= 32      0               0.0     0.0
DAYS MIN <= 32     15               9.6     5.4
DAYS MIN <= 0       0               0.0     0.0

PRECIPITATION (INCHES)
RECORD
 MAXIMUM        19.93   1996
 MINIMUM         2.31   2001
TOTALS          10.73             10.85   -0.12
DAILY AVG.       0.12              0.12    0.00
DAYS >= .01        26              24.8     1.2
DAYS >= .10        17              15.1     1.9
DAYS >= .50         7               7.0     0.0
DAYS >= 1.00        4               3.4     0.6
GREATEST
 24 HR. TOTAL    2.02

SNOWFALL (INCHES)
TOTALS            0.0
SINCE 7/1         0.0
SNOWDEPTH AVG.      0
DAYS >= TRACE       0
DAYS >= 1.0         0
GREATEST
 SNOW DEPTH         0
 24 HR TOTAL      0.0

DEGREE_DAYS
HEATING TOTAL     760               709      51
 SINCE 7/1        760               709      51
COOLING TOTAL     230               213      17
 SINCE 1/1       1419              1439     -20
.................................................

WIND (MPH)
AVERAGE WIND SPEED              5.3
HIGHEST WIND SPEED/DIRECTION    26/310
HIGHEST GUST SPEED/DIRECTION    35/320

SKY COVER
POSSIBLE SUNSHINE (PERCENT)   MM
NUMBER OF DAYS FAIR           50
NUMBER OF DAYS PC             20
NUMBER OF DAYS CLOUDY         21

AVERAGE RH (PERCENT)     68

WEATHER CONDITIONS. NUMBER OF DAYS WITH
THUNDERSTORM              6     MIXED PRECIP               0
HEAVY RAIN                8     RAIN                      14
LIGHT RAIN               33     FREEZING RAIN              0
LT FREEZING RAIN          0     HAIL                       0
HEAVY SNOW                0     SNOW                       0
LIGHT SNOW                0     SLEET                      0
FOG                      46     FOG W/VIS <= 1/4 MILE     10
HAZE                      3

-  INDICATES NEGATIVE NUMBERS.
R  INDICATES RECORD WAS SET OR TIED.
MM INDICATES DATA IS MISSING.
T  INDICATES TRACE AMOUNT.

$$
