000
CXUS55 KLKN 011436
CLSELY


CLIMATE REPORT
NATIONAL WEATHER SERVICE ELKO NV
628 AM PST THU DEC 1 2016

...................................

...THE ELY AIRPORT NV CLIMATE SUMMARY FOR THE SEASON, FROM
9/1/2016 TO 11/30/2016...

CLIMATE NORMAL PERIOD 1981 TO 2010
CLIMATE RECORD PERIOD 1893 TO 2016

WEATHER         OBSERVED          NORMAL  DEPART  LAST YEAR`S
                 VALUE   DATE(S)  VALUE   FROM    VALUE
                                          NORMAL
.............................................................
TEMPERATURE (F)
RECORD
 HIGH              93   09/12/1990
                        09/03/1950
                        09/01/1950
 LOW              -20   11/25/2010
HIGHEST            86   09/01        88      -2       91
LOWEST              3   11/17                 4       -4
AVG. MAXIMUM     65.7              62.3     3.4     63.5
AVG. MINIMUM     30.7              28.2     2.5     31.4
MEAN             48.2              45.2     3.0     47.5
DAYS MAX >= 90      0               0.2    -0.2        2
DAYS MAX <= 32      0               2.4    -2.4        7
DAYS MIN <= 32     52              56.8    -4.8       42
DAYS MIN <= 0       0               1.4    -1.4        5

PRECIPITATION (INCHES)
RECORD
 MAXIMUM         7.30   1982
 MINIMUM         0.35   1893
TOTALS           1.31              2.53   -1.22     3.66
DAILY AVG.       0.01              0.03   -0.02     0.04
DAYS >= .01        14              16.0    -2.0       19
DAYS >= .10         6               7.1    -1.1       10
DAYS >= .50         0               1.0    -1.0        2
DAYS >= 1.00        0               0.1    -0.1        0

SNOWFALL (INCHES)
RECORDS
 TOTAL           26.0   1985
TOTALS            5.9               9.5    -3.6     17.7
DAYS >= 1.0         3               3.0     0.0        3
GREATEST
 SNOW DEPTH         3   11/17                         13

DEGREE_DAYS
HEATING TOTAL    1516              1805    -289     1597
COOLING TOTAL      12                 6       6       25
..............................................................

WIND (MPH)
AVERAGE WIND SPEED              10.2
HIGHEST WIND SPEED/DIRECTION    43/200    DATE  10/30
HIGHEST GUST SPEED/DIRECTION    60/190    DATE  09/13

AVERAGE RH (PERCENT)     46

WEATHER CONDITIONS. NUMBER OF DAYS WITH
THUNDERSTORM              0     MIXED PRECIP               0
HEAVY RAIN                1     RAIN                       5
LIGHT RAIN               14     FREEZING RAIN              0
LT FREEZING RAIN          0     HAIL                       0
HEAVY SNOW                2     SNOW                       4
LIGHT SNOW                8     SLEET                      0
FOG                      12     FOG W/VIS <= 1/4 MILE      0
HAZE                      4

-  INDICATES NEGATIVE NUMBERS.
R  INDICATES RECORD WAS SET OR TIED.
MM INDICATES DATA IS MISSING.
T  INDICATES TRACE AMOUNT.

&&

=====================================================================

...8TH WARMEST METEOROLOGICAL FALL (SEPTEMBER-NOVEMBER) ON RECORD IN
   ELY WITH AND AVERAGE TEMPERATURE OF 48.2 DEGREES...
$$

DS
