000
CXUS51 KOKX 011247 RRA
CLSEWR

CLIMATE REPORT
NATIONAL WEATHER SERVICE NEW YORK NY
847 AM EDT TUE SEP 1 2015

...................................

...THE NEWARK NJ CLIMATE SUMMARY FOR THE SEASON, FROM
6/1/2015 TO 8/31/2015...

CLIMATE NORMAL PERIOD 1981 TO 2010
CLIMATE RECORD PERIOD 1929 TO 2015

WEATHER         OBSERVED          NORMAL  DEPART  LAST YEAR`S
                 VALUE   DATE(S)  VALUE   FROM    VALUE
                                          NORMAL
.............................................................
TEMPERATURE (F)
RECORD
 HIGH             108   07/22/2011
 LOW               41   06/01/1938
HIGHEST            98   07/19        MM      MM
LOWEST             49   06/02        MM      MM
AVG. MAXIMUM     85.2              83.9     1.3
AVG. MINIMUM     67.9              66.5     1.4
MEAN             76.6              75.2     1.4
DAYS MAX >= 90     28              18.3     9.7
DAYS MAX <= 32      0               0.0     0.0
DAYS MIN <= 32      0               0.0     0.0
DAYS MIN <= 0       0               0.0     0.0

PRECIPITATION (INCHES)
RECORD
 MAXIMUM        23.57   2011
 MINIMUM         4.46   1966
TOTALS           9.99             12.48   -2.49    11.27
DAILY AVG.       0.11              0.14   -0.03
DAYS >= .01        27              30.8    -3.8
DAYS >= .10        19              19.5    -0.5
DAYS >= .50         6               8.3    -2.3
DAYS >= 1.00        3               3.7    -0.7
GREATEST
 24 HR. TOTAL    5.01   MM
 STORM TOTAL       MM
 (MM/DD(HH))            MM

SNOWFALL (INCHES)
RECORDS
 TOTAL              T   2011
                        2009
                        2008
 24 HR TOTAL       MM
TOTALS            0.0               0.0     0.0
 LIQUID EQUIV    0.00              0.00    0.00
SINCE 7/1         0.0               0.0     0.0
 LIQUID 7/1      0.00
DAYS >= TRACE       0               0.0     0.0
DAYS >= 1.0         0               0.0     0.0
GREATEST
 SNOW DEPTH         0   MM
 24 HR TOTAL      0.0   MM
 STORM TOTAL       MM
 (MM/DD(HH))            MM

DEGREE_DAYS
HEATING TOTAL      29                18      11
 SINCE 7/1          0                 1      -1
COOLING TOTAL    1122               957     165
 SINCE 1/1       1282              1034     248
..............................................................

WIND (MPH)
AVERAGE WIND SPEED              8.2
HIGHEST WIND SPEED/DIRECTION    40/240    DATE  07/01
HIGHEST GUST SPEED/DIRECTION    51/280    DATE  08/04

SKY COVER
POSSIBLE SUNSHINE (PERCENT)   MM
AVERAGE SKY COVER           0.60
NUMBER OF DAYS FAIR            9
NUMBER OF DAYS PC             50
NUMBER OF DAYS CLOUDY         33

AVERAGE RH (PERCENT)     62

WEATHER CONDITIONS. NUMBER OF DAYS WITH
THUNDERSTORM              0     MIXED PRECIP               0
HEAVY RAIN               10     RAIN                      14
LIGHT RAIN               37     FREEZING RAIN              0
LT FREEZING RAIN          0     HAIL                       0
HEAVY SNOW                0     SNOW                       0
LIGHT SNOW                0     SLEET                      0
FOG                      23     FOG W/VIS <= 1/4 MILE      2
HAZE                      6

-  INDICATES NEGATIVE NUMBERS.
R  INDICATES RECORD WAS SET OR TIED.
MM INDICATES DATA IS MISSING.
T  INDICATES TRACE AMOUNT.

$$
