000
CXUS51 KALY 011459
CLSGFL

CLIMATE REPORT
NATIONAL WEATHER SERVICE ALBANY NY
1058 AM EDT TUE SEP 1 2015

...................................

...THE GLENS FALLS NY CLIMATE SUMMARY FOR THE SEASON, FROM
6/1/2015 TO 8/31/2015...

CLIMATE NORMAL PERIOD 1981 TO 2010
CLIMATE RECORD PERIOD 1949 TO 2015

WEATHER         OBSERVED          NORMAL  DEPART  LAST YEAR`S
                 VALUE   DATE(S)  VALUE   FROM    VALUE  DATE(S)
                                          NORMAL
................................................................
TEMPERATURE (F)
HIGHEST            91   07/29                         91  07/02
LOWEST             37   06/07                         43  06/01
AVG. MAXIMUM     79.3              78.8     0.5     78.8
AVG. MINIMUM     57.5              54.6     2.9     56.6
MEAN             68.4              66.7     1.7     67.7
DAYS MAX >= 90      1               4.3    -3.3        2
DAYS MAX <= 32      0               0.0     0.0        0
DAYS MIN <= 32      0               0.1    -0.1        0
DAYS MIN <= 0       0               0.0     0.0        0

PRECIPITATION (INCHES)
RECORD
 MAXIMUM        17.17   1994
 MINIMUM         5.36   1964
TOTALS          10.21             11.32   -1.11    12.93
DAILY AVG.       0.11              0.12   -0.01     0.14
DAYS >= .01        36              33.9     2.1       40
DAYS >= .10        22              21.1     0.9       23
DAYS >= .50         7               7.9    -0.9       11
DAYS >= 1.00        2               2.7    -0.7        4
GREATEST
 24 HR. TOTAL    1.23   05/31 TO 06/01

DEGREE_DAYS
HEATING TOTAL      92               157     -65
 SINCE 7/1         13                66     -53
COOLING TOTAL     423               315     108
 SINCE 1/1        499               327     172

FREEZE DATES
RECORD
 EARLIEST     08/29/1982
 LATEST       06/01/2009
EARLIEST                        09/29
LATEST                          05/13
.................................................................

WIND (MPH)
AVERAGE WIND SPEED              4.9
HIGHEST WIND SPEED/DIRECTION    30/030    DATE  08/15
HIGHEST GUST SPEED/DIRECTION    39/030    DATE  08/15


WEATHER CONDITIONS. NUMBER OF DAYS WITH
THUNDERSTORM             14     MIXED PRECIP               0
HEAVY RAIN               16     RAIN                      17
LIGHT RAIN               43     FREEZING RAIN              0
LT FREEZING RAIN          0     HAIL                       0
HEAVY SNOW                0     SNOW                       0
LIGHT SNOW                0     SLEET                      0
FOG                      59     FOG W/VIS <= 1/4 MILE      9
HAZE                     14

-  INDICATES NEGATIVE NUMBERS.
R  INDICATES RECORD WAS SET OR TIED.
MM INDICATES DATA IS MISSING.
T  INDICATES TRACE AMOUNT.

$$
