000
CXUS53 KGRB 021008
CLSGRB

CLIMATE REPORT
NATIONAL WEATHER SERVICE GREEN BAY
508 AM CDT FRI JUN 2 2017

...THE GREEN BAY WI SPRING CLIMATE SUMMARY FROM 3/1/2017 TO
5/31/2017...

CLIMATE NORMAL PERIOD 1981 TO 2010
CLIMATE RECORD PERIOD 1886 TO 2017

WEATHER         OBSERVED          NORMAL  DEPART  LAST YEAR`S
                 VALUE   DATE(S)  VALUE   FROM    VALUE  DATE(S)
                                          NORMAL
................................................................
TEMPERATURE (F)
RECORD
 HIGH              99   05/31/1934
 LOW              -29   03/01/1962
HIGHEST            82   05/16        85      -3       86  05/06
LOWEST              6   03/04         3       3        6  03/02
                        03/03
AVG. MAXIMUM     54.1              53.0     1.1     55.0
AVG. MINIMUM     36.1              33.4     2.7     36.3
MEAN             45.1              43.2     1.9     45.7
DAYS MAX >= 90      0               0.0     0.0        0
DAYS MAX <= 32      8               7.7     0.3        5
DAYS MIN <= 32     26              40.6   -14.6       30
DAYS MIN <= 0       0               1.1    -1.1        0

PRECIPITATION (INCHES)
RECORD
 MAXIMUM        14.12   1918
 MINIMUM         3.42   1931
TOTALS           9.75              7.41    2.34     8.70
DAILY AVG.       0.11              0.08    0.03     0.09
DAYS >= .01        43              33.1     9.9       37
DAYS >= .10        25              17.6     7.4       22
DAYS >= .50         6               4.8     1.2        6
DAYS >= 1.00        1               1.1    -0.1        1

SNOWFALL (INCHES)
RECORDS
 TOTAL           51.9   1888
 24 HR TOTAL       MM
TOTALS            9.0              11.2    -2.2     16.2
SINCE 7/1        53.2              51.4     1.8     50.0
DAYS >= TRACE      13               9.5     3.5       18
DAYS >= 1.0         2               3.7    -1.7        5
GREATEST
 SNOW DEPTH         6   03/02                          7  03/25
 24 HR TOTAL      5.9   03/01

DEGREE_DAYS
HEATING TOTAL    1814              2023    -209     1786
 SINCE 7/1       6387              7863   -1476     6597
COOLING TOTAL       8                18     -10       33
 SINCE 1/1          8                18     -10       33

FREEZE DATES
RECORD
 EARLIEST     09/12/1955
 LATEST       06/06/1958
EARLIEST                        10/04
LATEST                          05/05
.................................................................

WIND (MPH)
AVERAGE WIND SPEED              10.3
RESULTANT WIND SPEED/DIRECTION   2/008
HIGHEST WIND SPEED/DIRECTION    43/280    DATE  03/08
HIGHEST GUST SPEED/DIRECTION    57/280    DATE  03/08

SKY COVER
POSSIBLE SUNSHINE (PERCENT)   MM
AVERAGE SKY COVER           0.50
NUMBER OF DAYS FAIR           37
NUMBER OF DAYS PC             29
NUMBER OF DAYS CLOUDY         26

AVERAGE RH (PERCENT)     73

WEATHER CONDITIONS. NUMBER OF DAYS WITH
THUNDERSTORM             11     MIXED PRECIP               0
HEAVY RAIN               11     RAIN                      18
LIGHT RAIN               49     FREEZING RAIN              0
LT FREEZING RAIN          0     HAIL                       0
HEAVY SNOW                1     SNOW                       2
LIGHT SNOW               11     SLEET                      0
FOG                      37     FOG W/VIS <= 1/4 MILE      1
HAZE                      4

-  INDICATES NEGATIVE NUMBERS.
R  INDICATES RECORD WAS SET OR TIED.
MM INDICATES DATA IS MISSING.
T  INDICATES TRACE AMOUNT.

$$
ECKBERG
