000
CXUS51 KOKX 071443 CCA
CLSLGA

CLIMATE REPORT
NATIONAL WEATHER SERVICE NEW YORK NY
943 AM EST SAT MAR 7 2014


...THE LAGUARDIA NY CLIMATE SUMMARY FOR THE SEASON, FROM
12/1/2013 TO 2/28/2014...

CLIMATE NORMAL PERIOD 1981 TO 2010
CLIMATE RECORD PERIOD 1948 TO 2014

WEATHER         OBSERVED          NORMAL  DEPART  LAST YEAR`S
                 VALUE   DATE(S)  VALUE   FROM    VALUE
                                          NORMAL
.............................................................
TEMPERATURE (F)
RECORD
 HIGH              75   12/07/1998
 LOW               -3   01/19/1994
HIGHEST            69   12/22        MM      MM
LOWEST              4   01/07        MM      MM
AVG. MAXIMUM     38.9              41.9    -3.0
AVG. MINIMUM     26.6              29.1    -2.5
MEAN             32.8              35.5    -2.7
DAYS MAX >= 90      0               0.0     0.0
DAYS MAX <= 32     27              13.6    13.4
DAYS MIN <= 32     67              53.4    13.6
DAYS MIN <= 0       0               0.1    -0.1

PRECIPITATION (INCHES)
RECORD
 MAXIMUM        13.62   2010
 MINIMUM         6.95   2007
TOTALS          11.75              9.49    2.26    10.14
DAILY AVG.       0.13              0.11    0.02
DAYS >= .01        35              30.4     4.6
DAYS >= .10        27              17.9     9.1
DAYS >= .50         8               6.6     1.4
DAYS >= 1.00        4               2.2     1.8
GREATEST
 24 HR. TOTAL    1.83   MM
 STORM TOTAL       MM
 (MM/DD(HH))            MM

SNOWFALL (INCHES)
RECORDS
 TOTAL           50.7   2011
 24 HR TOTAL     10.4   MM
TOTALS           51.5R             21.1    30.4
 LIQUID EQUIV    5.21              2.20    3.01
SINCE 7/1        51.7              21.4    30.3
 LIQUID 7/1      5.23
DAYS >= TRACE      28              10.6    17.4
DAYS >= 1.0        13               4.9     8.1
GREATEST
 SNOW DEPTH        13   02/14
 24 HR TOTAL      8.1   MM
 STORM TOTAL       MM
 (MM/DD(HH))            MM

DEGREE_DAYS
HEATING TOTAL    2875              2654     221
 SINCE 7/1         MM              3429      MM
COOLING TOTAL       0                 0       0
 SINCE 1/1          0                 0       0
..............................................................

WIND (MPH)
AVERAGE WIND SPEED              10.9
HIGHEST WIND SPEED/DIRECTION    36/050    DATE  02/13
HIGHEST GUST SPEED/DIRECTION    46/280    DATE  01/07

SKY COVER
POSSIBLE SUNSHINE (PERCENT)   MM
AVERAGE SKY COVER           0.70
NUMBER OF DAYS FAIR           12
NUMBER OF DAYS PC             39
NUMBER OF DAYS CLOUDY         39

AVERAGE RH (PERCENT)     59

WEATHER CONDITIONS. NUMBER OF DAYS WITH
THUNDERSTORM              0     MIXED PRECIP               2
HEAVY RAIN                5     RAIN                      13
LIGHT RAIN               29     FREEZING RAIN              0
LT FREEZING RAIN          8     HAIL                       0
HEAVY SNOW                3     SNOW                      13
LIGHT SNOW               27     SLEET                      7
FOG                      38     FOG W/VIS <= 1/4 MILE     15
HAZE                     23

-  INDICATES NEGATIVE NUMBERS.
R  INDICATES RECORD WAS SET OR TIED.
MM INDICATES DATA IS MISSING.
T  INDICATES TRACE AMOUNT.

$$
