000
CXUS53 KJKL 011651
CLSLOZ

CLIMATE REPORT
NATIONAL WEATHER SERVICE JACKSON KY
1151 AM EST FRI DEC 1 2017

...................................

...THE LONDON KY CLIMATE SUMMARY FOR THE SEASON, FROM
9/1/2017 TO 11/30/2017...

CLIMATE NORMAL PERIOD 1981 TO 2010
CLIMATE RECORD PERIOD 1954 TO 2017

WEATHER         OBSERVED          NORMAL  DEPART  LAST YEAR`S
                 VALUE   DATE(S)  VALUE   FROM    VALUE  DATE(S)
                                          NORMAL
................................................................
TEMPERATURE (F)
RECORD
 HIGH              97   09/05/2007
 LOW                2   11/30/1976
HIGHEST            88   09/23        MM      MM       91  09/16
                                                          09/10
                                                          09/13
LOWEST             23   11/20        MM      MM       20  11/21
AVG. MAXIMUM     69.4              69.2     0.2     74.6
AVG. MINIMUM     46.7              46.3     0.4     48.2
MEAN             58.0              57.7     0.3     61.4
DAYS MAX >= 90      0               2.0    -2.0        9
DAYS MAX <= 32      0               0.2    -0.2        0
DAYS MIN <= 32     15              13.8     1.2       10
DAYS MIN <= 0       0               0.0     0.0        0

PRECIPITATION (INCHES)
RECORD
 MAXIMUM        20.16   2004
 MINIMUM         4.07   2008
TOTALS           9.09             10.22   -1.13     4.67
DAILY AVG.       0.10              0.11   -0.01     0.05
DAYS >= .01        27              27.5    -0.5       15
DAYS >= .10        13              17.9    -4.9       10
DAYS >= .50         7               7.1    -0.1        3
DAYS >= 1.00        2               2.5    -0.5        1
GREATEST
 24 HR. TOTAL    2.39   10/08 TO 10/08              1.65

SNOWFALL (INCHES)
RECORDS
 TOTAL            4.5   1963
                        1959
TOTALS             MM                 T      MM       MM
SINCE 7/1          MM                 T      MM       MM
SNOWDEPTH AVG.     MM                MM      MM       MM
DAYS >= 1.0        MM               0.0      MM       MM
GREATEST
 24 HR TOTAL       MM                                 MM

DEGREE_DAYS
HEATING TOTAL     781               829     -48      591
 SINCE 7/1        781               830     -49      591
COOLING TOTAL     172               165       7      284
 SINCE 1/1       1141              1190     -49     1507
.................................................................

WIND (MPH)
AVERAGE WIND SPEED              4.2
RESULTANT WIND SPEED/DIRECTION   0/219
HIGHEST WIND SPEED/DIRECTION    33/280    DATE  11/18
HIGHEST GUST SPEED/DIRECTION    51/290    DATE  11/18

SKY COVER
POSSIBLE SUNSHINE (PERCENT)   MM
NUMBER OF DAYS FAIR           49
NUMBER OF DAYS PC             25
NUMBER OF DAYS CLOUDY         17

AVERAGE RH (PERCENT)     71

WEATHER CONDITIONS. NUMBER OF DAYS WITH
THUNDERSTORM              6     MIXED PRECIP               0
HEAVY RAIN                9     RAIN                      14
LIGHT RAIN               27     FREEZING RAIN              0
LT FREEZING RAIN          0     HAIL                       0
HEAVY SNOW                0     SNOW                       0
LIGHT SNOW                1     SLEET                      0
FOG                      51     FOG W/VIS <= 1/4 MILE     11
HAZE                      1

-  INDICATES NEGATIVE NUMBERS.
R  INDICATES RECORD WAS SET OR TIED.
MM INDICATES DATA IS MISSING.
T  INDICATES TRACE AMOUNT.

$$

CARICO
