000
CXUS54 KLZK 020019
CLSLZK


CLIMATE REPORT
NATIONAL WEATHER SERVICE LITTLE ROCK AR
612 PM CST THU DEC 1 2016

...................................

...THE NORTH LITTLE ROCK CLIMATE SUMMARY FOR THE SEASON, FROM
9/1/2016 TO 11/30/2016...

CLIMATE NORMAL PERIOD 1981 TO 2010
CLIMATE RECORD PERIOD 1975 TO 2016

WEATHER         OBSERVED          NORMAL  DEPART  LAST YEAR`S
                 VALUE   DATE(S)  VALUE   FROM    VALUE  DATE(S)
                                          NORMAL
................................................................
TEMPERATURE (F)
RECORD
 HIGH             105   09/03/2000
                        09/01/2000
 LOW               14   11/29/1976
HIGHEST            93   09/14        74      19       97  09/06
                                                          09/04
LOWEST             33   11/20        54     -21       29  11/22
AVG. MAXIMUM     77.6              73.2     4.4     75.4
AVG. MINIMUM     58.2              54.2     4.0     56.7
MEAN             67.9              63.7     4.2     66.0
DAYS MAX >= 90     14               7.7     6.3       13
DAYS MAX <= 32      0               0.0     0.0        0
DAYS MIN <= 32      0               3.1    -3.1        1
DAYS MIN <= 0       0               0.0     0.0        0

PRECIPITATION (INCHES)
TOTALS           5.08R            13.50   -8.42    18.68
DAILY AVG.       0.05              0.15   -0.10     0.21
DAYS >= .01        13              24.4   -11.4       24
DAYS >= .10        10              16.7    -6.7       19
DAYS >= .50         4               8.4    -4.4       13
DAYS >= 1.00        1               4.4    -3.4        7
GREATEST
 24 HR. TOTAL    1.44


SNOWFALL (INCHES)
RECORDS
 TOTAL            4.0   1980
                        1976
 24 HR TOTAL      4.0   11/26/1980 TO 11/26/1980
                        11/14/1976 TO 11/14/1976
 SNOW DEPTH         4   11/27/1980
TOTALS            0.0                 T     0.0      0.0
 LIQUID EQUIV    0.00              0.00    0.00     0.00
SINCE 7/1           T                 T     0.0      0.0
 LIQUID 7/1        MM              0.00      MM     0.00
SNOWDEPTH AVG.      0                MM      MM        0
DAYS >= TRACE       0               0.0     0.0        0
DAYS >= 1.0         0               0.0     0.0        0
GREATEST
 SNOW DEPTH         0   MM                             0  MM
 24 HR TOTAL      0.0

DEGREE_DAYS
HEATING TOTAL     294               513    -219      353
 SINCE 7/1        294               512    -218      353
COOLING TOTAL     579               392     187      465
 SINCE 1/1       2374              2169     205     2315

FREEZE DATES
RECORD
 EARLIEST     10/20/1989
 LATEST       04/19/1983
EARLIEST                        11/13
LATEST                          03/19
.........................................................

WIND (MPH)
AVERAGE WIND SPEED              3.9
HIGHEST WIND SPEED/DIRECTION    16/MM     DATE   MM
HIGHEST GUST SPEED/DIRECTION    41/MM     DATE   MM

SKY COVER
POSSIBLE SUNSHINE (PERCENT)   MM
AVERAGE SKY COVER           0.00
NUMBER OF DAYS FAIR           31
NUMBER OF DAYS PC              0
NUMBER OF DAYS CLOUDY          0


WEATHER CONDITIONS. NUMBER OF DAYS WITH
THUNDERSTORM              0     MIXED PRECIP               0
HEAVY RAIN                6     RAIN                       9
LIGHT RAIN               16     FREEZING RAIN              0
LT FREEZING RAIN          0     HAIL                       0
HEAVY SNOW                0     SNOW                       0
LIGHT SNOW                0     SLEET                      0
FOG                      15     FOG W/VIS <= 1/4 MILE      4
HAZE                      0

-  INDICATES NEGATIVE NUMBERS.
R  INDICATES RECORD WAS SET OR TIED.
MM INDICATES DATA IS MISSING.
T  INDICATES TRACE AMOUNT.

&&

...ADDITIONAL DATA FOR NORTH LITTLE ROCK FOR FALL 2016...

.SUMMARY...
IT WAS A WARM AND DRY FALL...AND WAS THE WARMEST FALL EVER
RECORDED...AT LEAST BY AVERAGE TEMPERATURE.

.SEASONAL TEMPERATURES...
THE AVERAGE HIGH TEMPERATURE WAS THE WARMEST SINCE 1999...AND THE
2ND WARMEST ON RECORD. THE AVERAGE LOW TEMPERATURE WAS THE WARMEST
SINCE 1998...AND THE 2ND WARMEST ON RECORD. THE AVERAGE SEASONAL
TEMPERATURE WAS THE WARMEST SINCE 1998...AND THE WARMEST ON RECORD.
THE PREVIOUS WARMEST FALL BY AVERAGE TEMPERATURE WAS IN 1998...WITH
67.4 DEGREES.

.SEASONAL RAINFALL...
IT WAS THE DRIEST FALL SINCE 1999...AND THE DRIEST ON RECORD. THE
PREVIOUS RECORD WAS 5.63 INCHES IN 1999.

.SEASONAL SNOWFALL...
FOR THE SECOND YEAR IN A ROW...NO SNOW FELL DURING THE FALL.

.MISCELLANEOUS PHENOMENA...
THE LAST 90-DEGREE DAY WAS ON SEPTEMBER 25TH...WHICH WAS THE
EARLIEST SINCE 2014. NO FREEZES WERE RECORDED...MARKING THE FIRST
SUCH OCCURRENCE SINCE THE FALL OF 2011.

$$

57
