000
CXUS51 KALY 021810 RRA
CLSPSF

CLIMATE REPORT
NATIONAL WEATHER SERVICE ALBANY NY
211 PM EDT TUE JUN 2 2015

...................................

...THE PITTSFIELD MA CLIMATE SUMMARY FOR THE SEASON, FROM
3/1/2015 TO 5/31/2015...

CLIMATE NORMAL PERIOD 1981 TO 2010
CLIMATE RECORD PERIOD 9999 TO 9999

WEATHER         OBSERVED          NORMAL  DEPART  LAST YEAR`S
                 VALUE   DATE(S)  VALUE   FROM    VALUE  DATE(S)
                                          NORMAL
................................................................
TEMPERATURE (F)
HIGHEST            85   05/08                         83  05/27
LOWEST             -6   03/01                         -5  03/01
AVG. MAXIMUM     54.3              54.3     0.0     52.4
AVG. MINIMUM     32.6              32.9    -0.3     31.1
MEAN             43.4              43.6    -0.2     41.8
DAYS MAX >= 90      0               0.1    -0.1        0
DAYS MAX <= 32     12               6.2     5.8       14
DAYS MIN <= 32     44              42.3     1.7       49
DAYS MIN <= 0       2               0.6     1.4        3

PRECIPITATION (INCHES)
TOTALS           6.05             11.44   -5.39     7.62
DAILY AVG.       0.07              0.12   -0.05     0.08
DAYS >= .01        32                                 29
DAYS >= .10        17                                 16
DAYS >= .50         4                                  7
DAYS >= 1.00        0                                  1
GREATEST
 24 HR. TOTAL    1.03   05/27 TO 05/28

DEGREE_DAYS
HEATING TOTAL    2001              1981      20
 SINCE 7/1       7664              7360     304
COOLING TOTAL      44                13      31
 SINCE 1/1         44                13      31

FREEZE DATES
EARLIEST                        10/04
LATEST                          05/07
.................................................................

WIND (MPH)
AVERAGE WIND SPEED              7.9
HIGHEST WIND SPEED/DIRECTION    38/290    DATE  03/17
HIGHEST GUST SPEED/DIRECTION    57/290    DATE  03/17


WEATHER CONDITIONS. NUMBER OF DAYS WITH
THUNDERSTORM              9     MIXED PRECIP               0
HEAVY RAIN                4     RAIN                      10
LIGHT RAIN               29     FREEZING RAIN              2
LT FREEZING RAIN          2     HAIL                       0
HEAVY SNOW                0     SNOW                       2
LIGHT SNOW               15     SLEET                      0
FOG                      41     FOG W/VIS <= 1/4 MILE      8
HAZE                      8

-  INDICATES NEGATIVE NUMBERS.
R  INDICATES RECORD WAS SET OR TIED.
MM INDICATES DATA IS MISSING.
T  INDICATES TRACE AMOUNT.

$$
