000
CXUS53 KLOT 011336
CLSRFD


CLIMATE REPORT
NATIONAL WEATHER SERVICE CHICAGO IL
823 AM CDT WED JUN 1 2016

...................................

...THE ROCKFORD IL CLIMATE SUMMARY FOR THE SEASON, FROM
3/1/2016 TO 5/31/2016...

CLIMATE NORMAL PERIOD 1981 TO 2010
CLIMATE RECORD PERIOD 1905 TO 2016

WEATHER         OBSERVED          NORMAL  DEPART  LAST YEAR`S
                 VALUE   DATE(S)  VALUE   FROM    VALUE
                                          NORMAL
.............................................................
TEMPERATURE (F)
RECORD
 HIGH             106   05/31/1934
 LOW              -11   03/03/2014
                        03/04/2002
                        03/01/1962
HIGHEST            88   05/25                         83
LOWEST             11   03/02                         -6
AVG. MAXIMUM     61.4              59.8     1.6     60.2
AVG. MINIMUM     40.6              38.0     2.6     37.8
MEAN             51.0              48.9     2.1     49.0
DAYS MAX >= 90      0
DAYS MAX <= 32      2
DAYS MIN <= 32     23
DAYS MIN <= 0       0

PRECIPITATION (INCHES)
RECORD
 MAXIMUM        21.43   1973
 MINIMUM         3.13   1934
TOTALS          10.03              9.69    0.34     9.27
DAYS >= .01        41
DAYS >= .10        22
DAYS >= .50         6
DAYS >= 1.00        2

SNOWFALL (INCHES)
TOTALS            2.8               5.7    -2.9      7.6

DEGREE_DAYS
HEATING TOTAL    1349              1537    -188
 SINCE 7/1       5535              6538   -1003
COOLING TOTAL      85                55      30
 SINCE 1/1         85                55      30
..............................................................

WIND (MPH)
AVERAGE WIND SPEED              9.5
HIGHEST WIND SPEED/DIRECTION    40/320    DATE  04/02
HIGHEST GUST SPEED/DIRECTION    54/290    DATE  04/02


WEATHER CONDITIONS. NUMBER OF DAYS WITH
THUNDERSTORM             21     MIXED PRECIP               0
HEAVY RAIN                9     RAIN                      18
LIGHT RAIN               44     FREEZING RAIN              0
LT FREEZING RAIN          1     HAIL                       3
HEAVY SNOW                0     SNOW                       4
LIGHT SNOW               12     SLEET                      4
FOG                      46     FOG W/VIS <= 1/4 MILE      1
HAZE                     15

-  INDICATES NEGATIVE NUMBERS.
R  INDICATES RECORD WAS SET OR TIED.
MM INDICATES DATA IS MISSING.
T  INDICATES TRACE AMOUNT.

$$
