000
CXUS53 KLOT 011728
CLSRFD


CLIMATE REPORT
NATIONAL WEATHER SERVICE CHICAGO IL
1103 AM CST SUN MAR 1 2015

...................................

...THE ROCKFORD IL CLIMATE SUMMARY FOR THE SEASON, FROM
12/1/2014 TO 2/28/2015...

CLIMATE NORMAL PERIOD 1981 TO 2010
CLIMATE RECORD PERIOD 1905 TO 2015

WEATHER         OBSERVED          NORMAL  DEPART  LAST YEAR`S
                 VALUE   DATE(S)  VALUE   FROM    VALUE
                                          NORMAL
.............................................................
TEMPERATURE (F)
RECORD
 HIGH              70   02/25/2000
 LOW              -27   01/10/1982
HIGHEST            51   12/26        MM      MM       52
LOWEST            -16   02/28        MM      MM      -21
AVG. MAXIMUM     28.9              32.2    -3.3     24.1
AVG. MINIMUM     13.4              16.3    -2.9      5.1
MEAN             21.1              24.2    -3.1     14.6
DAYS MAX >= 90      0
DAYS MAX <= 32     50
DAYS MIN <= 32     83
DAYS MIN <= 0      21

PRECIPITATION (INCHES)
RECORD
 MAXIMUM        10.38   1946
 MINIMUM         1.28   2003
TOTALS           2.85              4.76   -1.91     5.43
DAYS >= .01        21
DAYS >= .10        10
DAYS >= .50         1
DAYS >= 1.00        0

SNOWFALL (INCHES)
TOTALS           24.3              29.2    -4.9
SINCE 7/1        27.9              31.0    -3.1

DEGREE_DAYS
HEATING TOTAL    3899              3667     232
 SINCE 7/1       5446              5002     444
COOLING TOTAL       0                 0       0
 SINCE 1/1          0                 0       0
..............................................................

WIND (MPH)
AVERAGE WIND SPEED              9.2
HIGHEST WIND SPEED/DIRECTION    35/010    DATE  02/01
HIGHEST GUST SPEED/DIRECTION    43/340    DATE  02/14


WEATHER CONDITIONS. NUMBER OF DAYS WITH
THUNDERSTORM              0     MIXED PRECIP               1
HEAVY RAIN                0     RAIN                       2
LIGHT RAIN               14     FREEZING RAIN              0
LT FREEZING RAIN          7     HAIL                       1
HEAVY SNOW                1     SNOW                      11
LIGHT SNOW               40     SLEET                      5
FOG                      44     FOG W/VIS <= 1/4 MILE      6
HAZE                     25

-  INDICATES NEGATIVE NUMBERS.
R  INDICATES RECORD WAS SET OR TIED.
MM INDICATES DATA IS MISSING.
T  INDICATES TRACE AMOUNT.

$$
