000
CXUS53 KGRB 011154 RRA
CLSRHI

SEASONAL CLIMATE REPORT
NATIONAL WEATHER SERVICE GREEN BAY
553 AM CST MON DEC 1 2014

...2ND COLDEST FALL ON RECORD...
...7TH WETTEST FALL ON RECORD...
...SNOWIEST FALL ON RECORD...

...THE RHINELANDER WI FALL CLIMATE SUMMARY FROM 9/1/2014 TO
11/30/2014...

CLIMATE NORMAL PERIOD 1981 TO 2010
CLIMATE RECORD PERIOD 1908 TO 2014

WEATHER         OBSERVED          NORMAL  DEPART  LAST YEAR`S
                 VALUE   DATE(S)  VALUE   FROM    VALUE  DATE(S)
                                          NORMAL
................................................................
TEMPERATURE (F)
RECORD
 HIGH              98   09/10/1908
 LOW              -16   11/30/1976
HIGHEST            79   09/28        86      -7       84  09/07
LOWEST            -11   11/27         2     -13       -9  11/24
AVG. MAXIMUM     48.7              52.7    -4.0     52.5
AVG. MINIMUM     29.7              33.6    -3.9     32.5
MEAN             39.2              43.2    -4.0     42.5
DAYS MAX >= 90      0               0.0     0.0        0
DAYS MAX <= 32     19              10.3     8.7       10
DAYS MIN <= 32     46              42.4     3.6       47
DAYS MIN <= 0       8               0.5     7.5        2

PRECIPITATION (INCHES)
RECORD
 MAXIMUM        17.47   1934
 MINIMUM         1.11   1976
TOTALS          13.14              9.08    4.06     8.37
DAILY AVG.       0.14              0.10    0.04     0.09
DAYS >= .01        50                MM      MM       47
DAYS >= .10        27                MM      MM       19
DAYS >= .50         9                MM      MM        5
DAYS >= 1.00        2                MM      MM        1

SNOWFALL (INCHES)
RECORDS
 TOTAL           21.5   1957
 24 HR TOTAL       MM
TOTALS           35.1R               MM      MM      9.8
SINCE 7/1        35.1                MM      MM      9.8
DAYS >= TRACE      31                MM      MM       28
DAYS >= 1.0        11                MM      MM        4
GREATEST
 SNOW DEPTH        14   11/11                          2  11/30
                                                          11/28
                                                          11/29
 24 HR TOTAL      8.3   MM

DEGREE_DAYS
HEATING TOTAL    2321              2007     314     2037
 SINCE 7/1       2521              2134     387     2227
COOLING TOTAL       1                21     -20       17
 SINCE 1/1        148               261    -113      281

FREEZE DATES
RECORD
 EARLIEST     08/27/1915
 LATEST       07/30/1928
EARLIEST                        09/23
LATEST                          05/20
.................................................................

WIND (MPH)
AVERAGE WIND SPEED              7.4
RESULTANT WIND SPEED/DIRECTION   3/260
HIGHEST WIND SPEED/DIRECTION    26/270    DATE  11/04
HIGHEST GUST SPEED/DIRECTION    41/020    DATE  10/14

SKY COVER
POSSIBLE SUNSHINE (PERCENT)   MM
AVERAGE SKY COVER           0.60
NUMBER OF DAYS FAIR           27
NUMBER OF DAYS PC             24
NUMBER OF DAYS CLOUDY         40

AVERAGE RH (PERCENT)     78

WEATHER CONDITIONS. NUMBER OF DAYS WITH
THUNDERSTORM              0     MIXED PRECIP               0
HEAVY RAIN                8     RAIN                      12
LIGHT RAIN               33     FREEZING RAIN              0
LT FREEZING RAIN          2     HAIL                       0
HEAVY SNOW                2     SNOW                       7
LIGHT SNOW               30     SLEET                      1
FOG                      75     FOG W/VIS <= 1/4 MILE     18
HAZE                     14

-  INDICATES NEGATIVE NUMBERS.
R  INDICATES RECORD WAS SET OR TIED.
MM INDICATES DATA IS MISSING.
T  INDICATES TRACE AMOUNT.

$$
ECKBERG
