000
CXUS53 KEAX 020356
CLSSTJ

STLCLMWS2 000
TTAA00 KEAX 020354


CLIMATE REPORT
NATIONAL WEATHER SERVICE KANSAS CITY/PLEASANT HILL MO
1050 PM CDT TUE SEP 1 2015

...................................

...THE ST. JOSEPH MO CLIMATE SUMMARY FOR THE SEASON, FROM
6/1/2015 TO 8/31/2015...

CLIMATE NORMAL PERIOD 1981 TO 2010
CLIMATE RECORD PERIOD 1892 TO 2015

WEATHER         OBSERVED          NORMAL  DEPART  LAST YEAR`S
                 VALUE   DATE(S)  VALUE   FROM    VALUE  DATE(S)
                                          NORMAL
................................................................
TEMPERATURE (F)
RECORD
 HIGH             110   08/13/1936
                        08/10/1934
 LOW               41   08/28/1986
                        06/01/1982
                        07/05/1972
HIGHEST            99   06/20        98       1       95  08/24
                                                          07/25
                                                          07/22
LOWEST             46   08/24        50      -4       48  07/03
AVG. MAXIMUM     84.9              85.8    -0.9     84.6
AVG. MINIMUM     65.4              64.9     0.5     64.1
MEAN             75.1              75.3    -0.2     74.4
DAYS MAX >= 90     23              31.2    -8.2       17
DAYS MAX <= 32      0               0.0     0.0        0
DAYS MIN <= 32      0               0.0     0.0        0
DAYS MIN <= 0       0               0.0     0.0        0

PRECIPITATION (INCHES)
RECORD
 MAXIMUM        28.88   1951
 MINIMUM         3.94   1901
TOTALS             MM             13.35      MM    14.78
DAILY AVG.         MM              0.15      MM     0.16
DAYS >= .01        29              26.4     2.6       31
DAYS >= .10        14              16.4    -2.4       20
DAYS >= .50         7               8.2    -1.2       10
DAYS >= 1.00        6               3.9     2.1        4
GREATEST
 24 HR. TOTAL    2.39   MM

DEGREE_DAYS
HEATING TOTAL       5                13      -8        7
COOLING TOTAL     959               965      -6      888
.................................................................

WIND (MPH)
AVERAGE WIND SPEED              6.8
HIGHEST WIND SPEED/DIRECTION    31/020    DATE  06/25
HIGHEST GUST SPEED/DIRECTION    49/130    DATE  06/03

SKY COVER
POSSIBLE SUNSHINE (PERCENT)   MM
AVERAGE SKY COVER           0.30
NUMBER OF DAYS FAIR           66
NUMBER OF DAYS PC             20
NUMBER OF DAYS CLOUDY          6

AVERAGE RH (PERCENT)     76

WEATHER CONDITIONS. NUMBER OF DAYS WITH
THUNDERSTORM             32     MIXED PRECIP               0
HEAVY RAIN               13     RAIN                      17
LIGHT RAIN               31     FREEZING RAIN              0
LT FREEZING RAIN          0     HAIL                       0
HEAVY SNOW                0     SNOW                       0
LIGHT SNOW                0     SLEET                      0
FOG                      54     FOG W/VIS <= 1/4 MILE      9
HAZE                      7

-  INDICATES NEGATIVE NUMBERS.
R  INDICATES RECORD WAS SET OR TIED.
MM INDICATES DATA IS MISSING.
T  INDICATES TRACE AMOUNT.

$$
