000
CXUS53 KAPX 230730
CF6APN
PRELIMINARY LOCAL CLIMATOLOGICAL DATA (WS FORM: F-6)
STATION: ALPENA MI
MONTH: APRIL
YEAR: 2024
LATITUDE: 45 4 N
LONGITUDE: 83 34 W
TEMPERATURE IN F: :PCPN: SNOW: WIND :SUNSHINE: SKY :PK WND
================================================================================
1 2 3 4 5 6A 6B 7 8 9 10 11 12 13 14 15 16 17 18
12Z AVG MX 2MIN
DY MAX MIN AVG DEP HDD CDD WTR SNW DPTH SPD SPD DIR MIN PSBL S-S WX SPD DR
================================================================================
1 46 26 36 1 29 0 0.00 0.0 0 5.6 15 30 M M 2 21 360
2 45 30 38 2 27 0 0.80 T 0 16.6 35 70 M M 6 1 57 100
3 46 35 41 5 24 0 0.35 0.0 0 10.2 24 70 M M 10 1 35 70
4 39 33 36 0 29 0 0.28 T T 11.5 20 60 M M 10 1 29 50
5 50 30 40 3 25 0 T T T 12.8 28 360 M M 6 39 10
6 57 32 45 8 20 0 0.00 0.0 0 9.2 17 20 M M 2 24 350
7 53 25 39 1 26 0 0.00 0.0 0 6.3 17 90 M M 0 23 100
8 58 38 48 10 17 0 0.08 0.0 0 7.2 20 110 M M 4 24 100
9 74 33 54 16 11 0 T 0.0 0 7.6 22 360 M M 2 29 220
10 68 35 52 13 13 0 0.00 0.0 0 5.6 16 220 M M 4 24 220
11 52 41 47 8 18 0 0.62 0.0 0 10.4 24 340 M M 8 1 36 10
12 45 40 43 3 22 0 0.90 0.0 0 20.5 37 320 M M 9 1 57 320
13 57 39 48 8 17 0 0.03 0.0 0 11.3 25 310 M M 4 43 330
14 68 39 54 13 11 0 0.34 0.0 0 9.0 21 10 M M 4 1 27 330
15 64 32 48 7 17 0 0.00 0.0 0 7.6 18 10 M M 2 24 10
16 56 29 43 2 22 0 0.00 0.0 0 4.3 17 110 M M 0 24 120
17 46 41 44 2 21 0 0.37 0.0 0 13.0 25 110 M M 10 1 36 120
18 56 42 49 7 16 0 0.08 0.0 0 7.8 16 270 M M 9 1 28 290
19 53 39 46 3 19 0 0.04 0.0 0 9.2 24 260 M M 8 1 40 260
20 44 35 40 -3 25 0 T T 0 9.1 18 240 M M 10 8 31 280
21 54 27 41 -3 24 0 0.00 0.0 0 8.9 22 310 M M 3 37 250
22 66 22 44 0 21 0 0.00 0.0 0 8.9 22 210 M M 1 38 230
================================================================================
SM 1197 743 454 0 3.89 T 212.6 M 114
================================================================================
AV 54.4 33.8 9.7 FASTST M M 5 MAX(MPH)
MISC ----> 37 320 # 57 100
================================================================================
NOTES:
# LAST OF SEVERAL OCCURRENCES
COLUMN 17 PEAK WIND IN M.P.H.
PRELIMINARY LOCAL CLIMATOLOGICAL DATA (WS FORM: F-6) , PAGE 2
STATION: ALPENA MI
MONTH: APRIL
YEAR: 2024
LATITUDE: 45 4 N
LONGITUDE: 83 34 W
[TEMPERATURE DATA] [PRECIPITATION DATA] SYMBOLS USED IN COLUMN 16
AVERAGE MONTHLY: 44.1 TOTAL FOR MONTH: 3.89 1 = FOG OR MIST
DPTR FM NORMAL: 4.5 DPTR FM NORMAL: 1.75 2 = FOG REDUCING VISIBILITY
HIGHEST: 74 ON 9 GRTST 24HR 1.25 ON 11-12 TO 1/4 MILE OR LESS
LOWEST: 22 ON 22 3 = THUNDER
SNOW, ICE PELLETS, HAIL 4 = ICE PELLETS
TOTAL MONTH: T 5 = HAIL
GRTST 24HR T ON 2- 2 6 = FREEZING RAIN OR DRIZZLE
GRTST DEPTH: T 7 = DUSTSTORM OR SANDSTORM:
VSBY 1/2 MILE OR LESS
8 = SMOKE OR HAZE
[NO. OF DAYS WITH] [WEATHER - DAYS WITH] 9 = BLOWING SNOW
X = TORNADO
MAX 32 OR BELOW: 0 0.01 INCH OR MORE: 11
MAX 90 OR ABOVE: 0 0.10 INCH OR MORE: 7
MIN 32 OR BELOW: 9 0.50 INCH OR MORE: 3
MIN 0 OR BELOW: 0 1.00 INCH OR MORE: 0
[HDD (BASE 65) ]
TOTAL THIS MO. 454 CLEAR (SCALE 0-3) 8
DPTR FM NORMAL -105 PTCLDY (SCALE 4-7) 7
TOTAL FM JUL 1 6044 CLOUDY (SCALE 8-10) 7
DPTR FM NORMAL -1147
[CDD (BASE 65) ]
TOTAL THIS MO. 0
DPTR FM NORMAL 0 [PRESSURE DATA]
TOTAL FM JAN 1 0 HIGHEST SLP M ON M
DPTR FM NORMAL 0 LOWEST SLP 29.20 ON 3
[REMARKS]