000
CXUS53 KILX 290901
CF6BMI
PRELIMINARY LOCAL CLIMATOLOGICAL DATA (WS FORM: F-6)
STATION: BLOOMINGTON IL AIRPORT
MONTH: MARCH
YEAR: 2024
LATITUDE: 40 28 N
LONGITUDE: 88 56 W
TEMPERATURE IN F: :PCPN: SNOW: WIND :SUNSHINE: SKY :PK WND
================================================================================
1 2 3 4 5 6A 6B 7 8 9 10 11 12 13 14 15 16 17 18
12Z AVG MX 2MIN
DY MAX MIN AVG DEP HDD CDD WTR SNW DPTH SPD SPD DIR MIN PSBL S-S WX SPD DR
================================================================================
1 42 27 35 M 30 0 T M M 9.3 15 180 M M 5 M M
2 60 26 43 M 22 0 0.00 M M 12.7 23 160 M M 1 12 31 160
3 73 42 58 M 7 0 0.00 M M 24.4 36 170 M M 0 1 46 180
4 74 51 63 M 2 0 T M M 18.0 32 180 M M 5 13 43 180
5 65 40 53 M 12 0 0.14 M M 13.5 24 330 M M 9 13 28 330
6 51 34 43 M 22 0 0.00 M M 12.5 22 50 M M 7 1 27 40
7 51 39 45 M 20 0 0.02 M M 9.6 17 100 M M 9 1 M M
8 56 40 48 M 17 0 0.58 M M 12.5 21 340 M M 10 1 28 350
9 46 32 39 M 26 0 T M M 16.5 23 310 M M 4 31 310
10 47 26 37 M 28 0 0.00 M M 10.3 18 340 M M 0 24 340
11 66 28 47 M 18 0 0.00 M M 14.7 21 210 M M 0 33 220
12 71 43 57 M 8 0 0.00 M M 15.0 23 210 M M 0 31 210
13 72 45 59 M 6 0 T M M 9.3 17 150 M M 3 23 170
14 71 45 58 M 7 0 0.37 M M 15.0 23 260 M M 6 3 37 250
15 58 37 48 M 17 0 0.00 M M 11.7 21 360 M M 4 24 360
16 63 35 49 M 16 0 0.00 M M 17.6 28 300 M M 1 44 230
17 43 30 37 M 28 0 0.00 M M 18.2 28 290 M M 4 33 290
18 37 26 32 M 33 0 T M M 13.6 20 310 M M 7 24 300
19 61 24 43 M 22 0 0.00 M M 17.2 31 250 M M 0 39 250
20 49 26 38 M 27 0 0.00 M M 14.1 21 340 M M 3 29 330
21 46 23 35 M 30 0 0.00 M M 9.0 14 100 M M 5 M M
22 55 29 42 M 23 0 0.06 M M 14.6 27 350 M M 7 1 36 330
23 46 30 38 M 27 0 0.00 M M 11.7 18 360 M M 7 23 360
24 57 32 45 M 20 0 T M M 17.3 25 140 M M 3 4 32 140
25 60 47 54 M 11 0 0.12 M M 22.8 28 150 M M 8 38 150
26 51 34 43 M 22 0 0.02 M M 21.0 29 240 M M 10 1 40 160
27 44 29 37 M 28 0 0.00 M M 12.5 20 280 M M 6 25 280
28 61 28 45 M 20 0 T M M 10.9 23 240 M M 5 32 250
================================================================================
SM 1576 948 549 0 1.31 M 405.5 M 129
================================================================================
AV 56.3 33.9 14.5 FASTST M M 5 MAX(MPH)
MISC ----> 36 170 46 180
================================================================================
NOTES:
# LAST OF SEVERAL OCCURRENCES
COLUMN 17 PEAK WIND IN M.P.H.
PRELIMINARY LOCAL CLIMATOLOGICAL DATA (WS FORM: F-6) , PAGE 2
STATION: BLOOMINGTON IL AIRPORT
MONTH: MARCH
YEAR: 2024
LATITUDE: 40 28 N
LONGITUDE: 88 56 W
[TEMPERATURE DATA] [PRECIPITATION DATA] SYMBOLS USED IN COLUMN 16
AVERAGE MONTHLY: 45.1 TOTAL FOR MONTH: 1.31 1 = FOG OR MIST
DPTR FM NORMAL: 0.0 DPTR FM NORMAL: 1.31 2 = FOG REDUCING VISIBILITY
HIGHEST: 74 ON 4 GRTST 24HR 0.58 ON 8- 8 TO 1/4 MILE OR LESS
LOWEST: 23 ON 21 3 = THUNDER
SNOW, ICE PELLETS, HAIL 4 = ICE PELLETS
TOTAL MONTH: M 5 = HAIL
GRTST 24HR M ON M 6 = FREEZING RAIN OR DRIZZLE
GRTST DEPTH: M ON M 7 = DUSTSTORM OR SANDSTORM:
VSBY 1/2 MILE OR LESS
8 = SMOKE OR HAZE
[NO. OF DAYS WITH] [WEATHER - DAYS WITH] 9 = BLOWING SNOW
X = TORNADO
MAX 32 OR BELOW: 0 0.01 INCH OR MORE: 7
MAX 90 OR ABOVE: 0 0.10 INCH OR MORE: 4
MIN 32 OR BELOW: 15 0.50 INCH OR MORE: 1
MIN 0 OR BELOW: 0 1.00 INCH OR MORE: 0
[HDD (BASE 65) ]
TOTAL THIS MO. 549 CLEAR (SCALE 0-3) 9
DPTR FM NORMAL M PTCLDY (SCALE 4-7) 15
TOTAL FM JUL 1 4357 CLOUDY (SCALE 8-10) 4
DPTR FM NORMAL M
[CDD (BASE 65) ]
TOTAL THIS MO. 0
DPTR FM NORMAL M [PRESSURE DATA]
TOTAL FM JAN 1 0 HIGHEST SLP M ON M
DPTR FM NORMAL M LOWEST SLP M ON M
[REMARKS]