000
CXUS53 KGRR 011011
CLMLAN
CLIMATE REPORT
NATIONAL WEATHER SERVICE GRAND RAPIDS, MICHIGAN
511 AM EST FRI MAR 01 2024
...................................
...THE LANSING CLIMATE SUMMARY FOR THE MONTH OF FEBRUARY 2024...
CLIMATE NORMAL PERIOD: 1991 TO 2020
CLIMATE RECORD PERIOD: 1864 TO 2024
WEATHER OBSERVED NORMAL DEPART LAST YEAR`S
VALUE DATE(S) VALUE FROM VALUE DATE(S)
NORMAL
................................................................
TEMPERATURE (F)
RECORD
HIGH 73 02/27/2024
LOW -37 02/02/1868
HIGHEST 73R 02/27 51 22 58 02/14
LOWEST 14 02/19 -6 20 2 02/03
02/24
AVG. MAXIMUM 44.7 33.5 11.2 40.1
AVG. MINIMUM 25.9 18.3 7.6 24.3
MEAN 35.3 25.9 9.4 32.2
DAYS MAX >= 90 0 0.0 0.0 0
DAYS MAX <= 32 4 14.0 -10.0 4
DAYS MIN <= 32 25 25.9 -0.9 25
DAYS MIN <= 0 0 2.6 -2.6 0
PRECIPITATION (INCHES)
RECORD
MAXIMUM 7.46 1938
MINIMUM 0.22 1969
TOTALS 0.93 1.71 -0.78 3.13
DAILY AVG. 0.03 NAN NAN 0.11
DAYS >= .01 5 10.7 -5.7 11
DAYS >= .10 4 4.6 -0.6 4
DAYS >= .50 0 0.8 -0.8 3
DAYS >= 1.00 0 0.1 -0.1 1
GREATEST
24 HR. TOTAL 0.60 02/27 TO 02/28
SNOWFALL (INCHES)
RECORDS
TOTAL 29.1 2011
SNOW DEPTH 23 02/07/1978
02/06/1978
02/05/1978
TOTALS 1.9 12.9 -11.0 3.3
SINCE 7/1 24.8 42.6 -17.8 MM
SNOWDEPTH AVG. T 1
DAYS >= TRACE 7 10.0 -3.0 12
DAYS >= 1.0 1 3.7 -2.7 0
GREATEST
SNOW DEPTH MM 5 02/02
02/01
DEGREE DAYS
HEATING TOTAL 853 1095 -242 914
SINCE 7/1 4138 4921 -783 MM
COOLING TOTAL 0 0 0 0
SINCE 1/1 0 0 0 MM
FREEZE DATES
RECORD
EARLIEST 08/03/1894
LATEST 07/15/1863
EARLIEST 10/23
LATEST 04/27
................................................................
WIND (MPH)
AVERAGE WIND SPEED 8.6
RESULTANT WIND SPEED/DIRECTION 4/230
HIGHEST WIND SPEED/DIRECTION 32/280 DATE 02/28
HIGHEST GUST SPEED/DIRECTION 43/270 DATE 02/09
43/290 02/28
SKY COVER
POSSIBLE SUNSHINE (PERCENT) MM
AVERAGE SKY COVER 0.45
NUMBER OF DAYS FAIR 13
NUMBER OF DAYS PC 8
NUMBER OF DAYS CLOUDY 8
AVERAGE RH (PERCENT) 66
WEATHER CONDITIONS. NUMBER OF DAYS WITH
THUNDERSTORM 3 MIXED PRECIP 1
HEAVY RAIN 2 RAIN 2
LIGHT RAIN 4 FREEZING RAIN 0
LT FREEZING RAIN 0 HAIL 0
HEAVY SNOW 1 SNOW 1
LIGHT SNOW 8 SLEET 0
FOG 11 FOG W/VIS <= 1/4 MILE 1
HAZE 5
- INDICATES NEGATIVE NUMBERS.
R INDICATES RECORD WAS SET OR TIED.
MM INDICATES DATA IS MISSING.
T INDICATES TRACE AMOUNT.
$$