000
CXUS53 KARX 011843
CLSRST
CLIMATE REPORT
NATIONAL WEATHER SERVICE LA CROSSE WI
1243 PM CST FRI MAR 01 2024
...................................
...THE ROCHESTER MN CLIMATE SUMMARY FOR THE SEASON, FROM
12/1/2023 TO 2/29/2024...
CLIMATE NORMAL PERIOD 1991 TO 2020
CLIMATE RECORD PERIOD 1886 TO 2024
WEATHER OBSERVED NORMAL DEPART LAST YEAR`S
VALUE DATE(S) VALUE FROM VALUE DATE(S)
NORMAL
................................................................
TEMPERATURE (F)
RECORD
HIGH 69 02/26/2024
LOW -42 01/07/1887
HIGHEST 69R 02/26 41 12/02
LOWEST -14 01/15 -17 01/31
AVG. MAXIMUM 35.5 25.8 9.7 26.1
AVG. MINIMUM 20.3 10.4 9.9 11.5
MEAN 27.9 18.1 9.8 18.8
DAYS MAX >= 90 0 0.0 0.0 MM
DAYS MAX <= 32 35 62.0 -27.0 MM
DAYS MIN <= 32 83 87.3 -4.3 MM
DAYS MIN <= 0 9 23.3 -14.3 MM
PRECIPITATION (INCHES)
RECORD
MAXIMUM 6.57 2023
MINIMUM 0.71 1928
TOTALS 2.14 3.29 -1.15 6.57
DAYS >= .01 20 27.0 -7.0 MM
DAYS >= .10 6 9.9 -3.9 MM
DAYS >= .50 1 1.1 -0.1 MM
DAYS >= 1.00 0 0.1 -0.1 MM
GREATEST
24 HR. TOTAL 0.68 MM 1.20
SNOWFALL (INCHES)
RECORDS
TOTAL 68.2 2018
SNOW DEPTH 29 12/26/2010
12/25/2010
12/21/2010
TOTALS 9.6 35.3 -25.7 43.4
SNOWDEPTH AVG. MM 6
DAYS >= TRACE MM 24.8 MM MM
DAYS >= 1.0 MM 10.8 MM MM
GREATEST
SNOW DEPTH 6 01/14 12 02/24
01/21
02/25
02/26
DEGREE DAYS
HEATING TOTAL 3362 4224 -862 4137
COOLING TOTAL 0 0 0 0
................................................................
WIND (MPH)
AVERAGE WIND SPEED 11.5
HIGHEST WIND SPEED/DIRECTION 38/190 DATE 02/08
HIGHEST GUST SPEED/DIRECTION 51/180 DATE 02/08
AVERAGE RH (PERCENT) 80
WEATHER CONDITIONS. NUMBER OF DAYS WITH
THUNDERSTORM 0 MIXED PRECIP 0
HEAVY RAIN 0 RAIN 2
LIGHT RAIN 9 FREEZING RAIN 0
LT FREEZING RAIN 2 HAIL 0
HEAVY SNOW 0 SNOW 2
LIGHT SNOW 24 SLEET 0
FOG 48 FOG W/VIS <= 1/4 MILE 14
HAZE 4
- INDICATES NEGATIVE NUMBERS.
R INDICATES RECORD WAS SET OR TIED.
MM INDICATES DATA IS MISSING.
T INDICATES TRACE AMOUNT.
$$