000
CXUS55 KBOU 011628
CLMDEN

CLIMATE REPORT
NATIONAL WEATHER SERVICE BOULDER, CO
928 AM MST FRI JAN 1 2016
...................................

...THE DENVER CO CLIMATE SUMMARY FOR THE MONTH OF DECEMBER 2015...

CLIMATE NORMAL PERIOD 1981 TO 2010
CLIMATE RECORD PERIOD 1872 TO 2015

WEATHER         OBSERVED          NORMAL  DEPART  LAST YEAR`S
                 VALUE   DATE(S)  VALUE   FROM    VALUE  DATE(S)
                                          NORMAL
................................................................
TEMPERATURE (F)
RECORD
 HIGH              79   12/05/1939
 LOW              -25   12/22/1990
                        12/24/1876
HIGHEST            69   12/09        62       7       66  12/12
LOWEST              0   12/28        -4       4      -19  12/30
                        12/17
AVG. MAXIMUM     40.9              42.8    -1.9     44.1
AVG. MINIMUM     17.9              17.1     0.8     18.5
MEAN             29.4              30.0    -0.6     31.3
DAYS MAX >= 90      0               0.0     0.0        0
DAYS MAX <= 32     10               5.8     4.2        5
DAYS MIN <= 32     28              29.4    -1.4       31
DAYS MIN <= 0       2               2.0     0.0        2

PRECIPITATION (INCHES)
RECORD
 MAXIMUM         5.21   1913
 MINIMUM         0.00   1881
TOTALS           0.71              0.35    0.36     0.59
DAILY AVG.       0.02              0.01    0.01     0.02
DAYS >= .01         5               4.1     0.9        7
DAYS >= .10         3               1.1     1.9        2
DAYS >= .50         0               0.1    -0.1        0
DAYS >= 1.00        0               0.0     0.0        0
GREATEST
 24 HR. TOTAL    0.32   12/15 TO 12/15

SNOWFALL (INCHES)
RECORDS
 TOTAL           11.3               8.7
RECORD DECEMBER  57.4                             1913

DEGREE_DAYS
HEATING TOTAL    1097              1086      11     1037
 SINCE 7/1       2187              2468    -281     2291
COOLING TOTAL       0                 0       0        0
 SINCE 1/1        877               769     108      701

FREEZE DATES
RECORD
 EARLIEST     09/08/1962
 LATEST       06/08/2007
EARLIEST                        10/07
LATEST                          05/05
.................................................

WIND (MPH)
AVERAGE WIND SPEED              9.8
RESULTANT WIND SPEED/DIRECTION   4/210
HIGHEST WIND SPEED/DIRECTION    41/280    DATE  12/09
HIGHEST GUST SPEED/DIRECTION    64/290    DATE  12/15

SKY COVER
POSSIBLE SUNSHINE (PERCENT)   MM
AVERAGE SKY COVER           0.50
NUMBER OF DAYS FAIR            5
NUMBER OF DAYS PC             22
NUMBER OF DAYS CLOUDY          4

AVERAGE RH (PERCENT)     58

WEATHER CONDITIONS. NUMBER OF DAYS WITH
THUNDERSTORM              0     MIXED PRECIP               0
HEAVY RAIN                0     RAIN                       0
LIGHT RAIN                0     FREEZING RAIN              0
LT FREEZING RAIN          0     HAIL                       0
HEAVY SNOW                1     SNOW                       3
LIGHT SNOW                8     SLEET                      0
FOG                      12     FOG W/VIS <= 1/4 MILE      3
HAZE                      6

-  INDICATES NEGATIVE NUMBERS.
R  INDICATES RECORD WAS SET OR TIED.
MM INDICATES DATA IS MISSING.
T  INDICATES TRACE AMOUNT.

_____________________________________________________________________

...DECEMBER 2015 WETTER WITH SLIGHTLY ABOVE NORMAL TEMPERATURES...

DECEMBER 2015 STARTED OFF WARM AND DRY AS UPPER LEVEL HIGH PRESSURE
AND WESTERLY FLOW ALOFT DOMINATED THE ROCKY MOUNTAIN REGION. TEN OUT
OF THE FIRST ELEVEN DAYS OF THE MONTH HAD TEMPERATURES ABOVE NORMAL.
SNOW AND COLDER TEMPERATURES RETURNED TO THE AREA ON THE 12TH...AS
AN UPPER LEVEL TROUGH AND ASSOCIATED COLD FRONT MOVED ACROSS
COLORADO. A SECOND STRONGER STORM SYSTEM BROUGHT HEAVY SNOW AND
WINDY CONDITIONS TO THE FRONT RANGE URBAN CORRIDOR...PALMER DIVIDE
AND NORTHEASTERN PLAINS. 6 TO 12 INCHES FELL ACROSS THE FRONT RANGE
URBAN CORRIDOR...WITH 7.7 INCHES OF SNOW MEASURED AT DENVER
INTERNATIONAL AIRPORT. A SPOTTER ONE MILE NORTH OF STRASBURG
REPORTED NUMEROUS 3 FOOT DRIFTS WITH THIS STORM. WARMER AND DRIER
WEATHER RETURNED TO THE AREA ON THE 18TH AS UPPER LEVEL HIGH
PRESSURE REBUILT OVER THE REGION. THE MONTH ENDED ON A VERY COLD
NOTE AS A LARGE UPPER LEVEL TROUGH OF LOW PRESSURE AND ARCTIC
AIRMASS SETTLED OVER COLORADO. DENVER DID EXPERIENCE A WHITE
CHRISTMAS THIS YEAR...WITH 2.3 INCHES OF SNOW MEASURED AT DENVER
INTERNATIONAL AIRPORT ON CHRISTMAS DAY.

TEMPERATURES:

THE AVERAGE TEMPERATURE AT DENVER INTERNATIONAL AIRPORT FOR THE
MONTH OF  WAS 29.4 DEGREES F WHICH WAS 0.6 DEGREES BELOW NORMAL.
DECEMBER 1933 WAS THE WARMEST ON RECORD AT 43.8 DEGREES F.
THE COLDEST DECEMBER ON RECORD WAS 17.4 DEGREES F BACK IN 1933.
ON THE 9TH...THE TEMPERATURE CLIMBED TO 69 DEGREES WHICH IS THE
HIGHEST TEMPERATURE OF THE MONTH. THE COLDEST TEMPERATURE OF 0
DEGREES F OCCURRED ON THE 17TH AND 28TH.

ELEVEN WARMEST DECEMBERS IN DENVER WEATHER HISTORY SINCE 1872:

43.8 1933
41.2 1980
40.9 1939
40.5 1889
39.7 1906
39.6 1946
39.5 1957...1881
39.2 1890
38.8 1896...1875

TEN COLDEST DECEMBER`S IN DENVER WEATHER HISTORY SINCE 1872:

17.4 1983
21.2 1909
22.1 1878
22.7 1873
23.1 1913
23.7 1932
24.1 2009
24.3 1914
24.6 1978
24.8 1884

PRECIPITATION:

PRECIPITATION FOR THE MONTH OF DECEMBER AT DENVER INTERNATIONAL
AIRPORT WAS 0.71 INCHES...WHICH IS 0.36 INCHES ABOVE THE NORMAL OF
0.35 INCHES. THERE WERE 5 DAYS WITH MEASURABLE PRECIPITATION DURING
THE MONTH. ON THE 15TH...0.32 INCHES OF PRECIPITATION FELL WHICH IS
THE GREATEST DAILY AMOUNT FOR THE MONTH. 11.3 INCHES OF SNOW WAS
MEASURED AT DENVER INTERNATIONAL AIRPORT DURING THE MONTH...WHICH IS
2.8 INCHES ABOVE NORMAL.

TEN WETTEST DECEMBER`S IN DENVER WEATHER HISTORY SINCE 1872:

5.21 INCHES 1913
2.84 INCHES 1973
2.34 INCHES 1982
2.32 INCHES 1883
1.70 INCHES 1876
1.56 INCHES 1891
1.50 INCHES 1960
1.42 INCHES 1924
1.40 INCHES 1918
1.32 INCHES 1892


TEN DRIEST DECEMBER`S IN DENVER WEATHER HISTORY SINCE 1872:

0.00 INCHES 1881
TRACE       1905
0.01 INCHES 1906...1895
0.03 INCHES 1977...1931
0.04 INCHES 2004...1890
0.05 INCHES 2002...1995

TEN SNOWIEST DECEMBER`S IN DENVER WEATHER HISTORY SINCE 1872:

57.4 INCHES 1913
30.8 INCHES 1973
29.4 INCHES 2006
27.1 INCHES 1982
21.5 INCHES 1987
20.9 INCHES 2007
19.6 INCHES 1918
18.4 INCHES 1924
17.8 INCHES 1960

THERE WAS NO DAYS IN WHICH THUNDER WAS OBSERVED AT DENVER
INTERNATIONAL AIRPORT. THERE WERE 3 DAYS WITH DENSE FOG WITH A
VISIBILITY AT OR BELOW 1/4 MILE DURING THE MONTH.
THE PEAK WIND FOR THE MONTH OF 64 MPH FROM THE WEST NORTHWEST
OCCURRED ON THE 15TH.
$$
