000
CXUS55 KBOU 140027
CLMDEN

CLIMATE REPORT
NATIONAL WEATHER SERVICE BOULDER, CO
628 AM MST SAT MAR 1 2014

...................................

...THE DENVER CO CLIMATE SUMMARY FOR THE MONTH OF FEBRUARY 2014...

CLIMATE NORMAL PERIOD 1981 TO 2010
CLIMATE RECORD PERIOD 1872 TO 2014

WEATHER         OBSERVED          NORMAL  DEPART  LAST YEAR`S
                 VALUE   DATE(S)  VALUE   FROM    VALUE  DATE(S)
                                          NORMAL
................................................................
TEMPERATURE (F)
RECORD
 HIGH              77   02/28/2006
                        02/04/1890
 LOW              -25   02/01/1951
                        02/08/1936
HIGHEST            68   02/16        77      -9       63  02/17
LOWEST            -19   02/05       -25       6        5  02/22
AVG. MAXIMUM     42.3              46.2    -3.9     43.3
AVG. MINIMUM     14.1              18.9    -4.8     16.9
MEAN             28.2              32.5    -4.3     30.1
DAYS MAX >= 90      0               0.0     0.0        0
DAYS MAX <= 32      8               3.9     4.1        6
DAYS MIN <= 32     26              26.9    -0.9       28
DAYS MIN <= 0       5               1.3     3.7        0

PRECIPITATION (INCHES)
RECORD
 MAXIMUM         2.01   1934
 MINIMUM         0.01   1970
TOTALS           0.19              0.37   -0.18     0.77
DAILY AVG.       0.01              0.01    0.00     0.03
DAYS >= .01         4               5.3    -1.3        6
DAYS >= .10         1               0.7     0.3        4
DAYS >= .50         0               0.0     0.0        0
DAYS >= 1.00        0               0.0     0.0        0
GREATEST
 24 HR. TOTAL    0.12   02/04 TO 02/04              0.43
                                                 02/24 TO 02/24
 STORM TOTAL      2.3                                9.1
 (MM/DD(HH))            02/04 TO 02/04           02/24 TO 02/24

 SNOWFALL (INCHES)
RECORDS
 TOTAL           22.1   02-1912
 TOTAL            3.3   02-2014     5.7 1980-2010

DEGREE_DAYS
HEATING TOTAL    1022               908     114      972
 SINCE 7/1       4519              4439      80     4272
COOLING TOTAL       0                 0       0        0
 SINCE 1/1          0                 0       0        0

FREEZE DATES
RECORD
 EARLIEST     09/08/1962
 LATEST       06/08/2007
EARLIEST                        10/07
LATEST                          05/05
.....................................................

WIND (MPH)
AVERAGE WIND SPEED              10.5
RESULTANT WIND SPEED/DIRECTION   2/270
HIGHEST WIND SPEED/DIRECTION    48/270    DATE  02/16
HIGHEST GUST SPEED/DIRECTION    59/270    DATE  02/16

SKY COVER
POSSIBLE SUNSHINE (PERCENT)   MM
AVERAGE SKY COVER           0.60
NUMBER OF DAYS FAIR            2
NUMBER OF DAYS PC             18
NUMBER OF DAYS CLOUDY          8

AVERAGE RH (PERCENT)     63

WEATHER CONDITIONS. NUMBER OF DAYS WITH
THUNDERSTORM              0     MIXED PRECIP               0
HEAVY RAIN                0     RAIN                       0
LIGHT RAIN                1     FREEZING RAIN              0
LT FREEZING RAIN          0     HAIL                       0
HEAVY SNOW                0     SNOW                       1
LIGHT SNOW               10     SLEET                      0
FOG                      19     FOG W/VIS <= 1/4 MILE      8
HAZE                     12

-  INDICATES NEGATIVE NUMBERS.
R  INDICATES RECORD WAS SET OR TIED.
MM INDICATES DATA IS MISSING.
T  INDICATES TRACE AMOUNT.

.....FEBRUARY 2014 BELOW NORMAL TEMPERATURES AND PRECIPITAION.....

FEBRUARY 2014 STARTED OUT COLD AS A LARGE AND DEEP UPPER LEVEL
TROUGH OF LOW PRESSURE DOMINATED THE WESTERN HALF OF THE UNITED
STATES. NINE OF THE FIRST TEN DAYS OF THE MONTH HAD BELOW NORMAL
TEMPERATURES. ON FEBRUARY 4TH...AN ARCTIC COLD FRONT MOVED INTO
NORTHEASTERN COLORADO BRINGING BITTERLY COLD TEMPERATURES AND LIGHT
SNOW TO DENVER. FOUR CONSECUTIVE MORNINGS FROM THE 4TH THROUGH THE
7TH HAD TEMPERATURES BELOW ZERO. ON THE MORNING OF THE 5TH...THE
TEMPERATURE PLUMMETED TO MINUS 19 DEGREES F WHICH WAS THE COLDEST
TEMPERATURE DURING THE MONTH.  THE LAST TIME THE TEMPERATURE IN
DENVER DROPPED TO 19 BELOW ZERO WAS BACK ON DECEMBER 15TH OF 2008.
NEW RECORD LOW MAXIMUM TEMPERATURES WERE ALSO SET ON THE 5TH AND 6TH
WITH DAYTIME HIGH TEMPERATURES ONLY REACHING MINUS 1 AND PLUS 1
DEGREES FAHREINHEIT RESPECTIVELY.

TOWARD THE MIDDLE OF THE MONTH...THE UPPER TROUGH SHIFTED INTO THE
EASTERN UNITED STATES AND WAS REPLACED WITH AN UPPER LEVEL RIDGE OF
HIGH PRESSURE. THE PATTERN THEN BECAME MORE ZONAL WITH A MODERATE
WESTERLY FLOW ALOFT OVER COLORADO. THIS PRODUCED A WARM DOWNSLOPE
FLOW EAST OF THE MOUNTAINS WHICH RESULTED IN ABOVE NORMAL
TEMPERATURES IN DENVER FROM THE 12TH THROUGH THE 24TH. THE ONLY
EXEPTION TO THIS WAS ON THE 20TH WHEN A WEAK COLD FRONT MOVED ACROSS
THE AREA. DURING THIS WARM PERIOD...DENVER HAD ITS WARMEST DAY OF
THE MONTH WHICH WAS 68 DEGREES F ON THE 16TH.

MUCH COLDER WEATHER ACCOMPANIED WITH LIGHT SNOW RETURNED TO DENVER
ON THE 25TH AS COLD FRONT MOVED ACROSS NORTHEASTERN COLORADO.
TEMPERATURES REBOUNDED TO ABOVE NORMAL VALUES BY THE 27TH AS UPPER
LEVEL HIGH PRESSURE BUILT OVER THE ROCKY MOUNTAIN REGION.

TEMPERATURES:

THE AVERAGE TEMPERATURE FOR THE MONTH OF FEBRUARY WAS 28.2 DEGREES F
WHICH WAS 4.3 DEGREES BELOW NORMAL. FEBRUARY OF 1954 WAS THE WARMEST
FEBRUARY ON RECORD WITH AN AVERAGE TEMPERATURE OF 43.7 DEGREES F.
THE COLDEST FEBRUARY ON RECORD WAS 17.6 DEGREES F WAY BACK IN
1899.

THERE WERE EIGHT DAYS IN WHICH THE DAYTIME HIGH TEMPERATURE DID NOT
EXCEED 32 DEGREES...AND FIVE DAYS IN WHICH THE LOW TEMPERATURE
DROPPED BELOW ZERO. THE HIGHEST TEMPERATURE OF THE MONTH WAS 68
DEGREES WHICH OCCURRED ON THE 16TH...AND THE COLDEST TEMPERATURE OF
THE MONTH WAS -19 DEGREES ON THE MORNING OF THE 5TH.

PRECIPITATION:

PRECIPITATION FOR THE MONTH OF FEBRUARY WAS 0.19 INCHES...WHICH IS
0.18 INCHES BELOW THE NORMAL 0F 0.37 INCHES. 0.12 INCHES OF
PRECIPITATION FELL ON THE 4TH WHICH IS THE GREATEST DAILY AMOUNT FOR
THE MONTH. EVENTHOUGH DENVER WAS VERY DRY FOR THE MONTH...IT DID NOT
MAKE IT INTO THE LIST FOR THE TEN DRIEST FEBRUARIES ON RECORD.

TEN DRIEST FEBRUARYS IN DENVER WEATHER HISTORY SINCE 1872:

0.01 INCHES 1970
0.02 INCHES 2005
0.03 INCHES 1916
0.04 INCHES 1908, 1925, 1954, 2009
0.06 INCHES 1901 AND 1906
0.07 INCHES 1983

SNOW:

3.3 INCHES OF SNOW WAS RECORDED DURING THE MONTH...WHICH IS 2.4
INCHES BELOW THE NORMAL OF 5.7 INCHES. THE GREATEST DAILY SNOWFALL
AMOUNT FOR THE MONTH WAS 2.3 INCHES WHICH OCCURRED ON THE 4TH.
DESPITE THE LITTLE SNOWFALL...FEBRUARY OF 2014 WAS NOT ONE OF THE
FIFTEEN LEAST SNOWIEST FEBRUARIES ON RECORD.

FIFTEEN LEAST SNOWIEST FEBRUARYS IN DENVER WEATHER HISTORY SINCE 1882:

TRACE      2009
0.3 INCHES 1979 AND 1992
0.5 INCHES 2005
0.6 INCHES 1925 AND 1954
0.8 INCHES 1983 AND 1991
1.0 INCHES 1943
1.1 INCHES 1906 AND 1908
1.3 INCHES 1999
1.5 INCHES 1949
1.6 INCHES 1957
1.8 INCHES 1982

THERE WERE NO DAYS IN WHICH THUNDER WAS OBSERVED AT DENVER
INTERNATIONAL AIRPORT...AND 8 DAYS WITH DENSE FOG WITH A VISIBILITY
AT OR BELOW 1/4 MILE DURING THE MONTH. A PEAK WIND OF 59 MPH FROM A
WESTERLY DIRECTION WAS RECORDED ON THE 16TH.

$$
