000
CXUS55 KBOU 031131
CLMDEN

CLIMATE REPORT
NATIONAL WEATHER SERVICE DENVER/BOULDER CO
1255 PM MDT FRI APR 1 2016

...................................

...THE DENVER CO CLIMATE SUMMARY FOR THE MONTH OF MARCH 2016...

CLIMATE NORMAL PERIOD 1981 TO 2010
CLIMATE RECORD PERIOD 1872 TO 2016

WEATHER         OBSERVED          NORMAL  DEPART  LAST YEAR`S
                 VALUE   DATE(S)  VALUE   FROM    VALUE  DATE(S)
                                          NORMAL
................................................................
TEMPERATURE (F)
RECORD
 HIGH              84   03/26/1971
 LOW              -11   03/28/1886
HIGHEST            74   03/11        73       1       81  03/16
LOWEST             10   03/24        11      -1        2  03/05
AVG. MAXIMUM     54.9              54.4     0.5     58.9
AVG. MINIMUM     28.3              26.4     1.9     31.2
MEAN             41.6              40.4     1.2     45.0
DAYS MAX >= 90      0               0.0     0.0        0
DAYS MAX <= 32      1               1.9    -0.9        2
DAYS MIN <= 32     21              23.6    -2.6       12
DAYS MIN <= 0       0               0.1    -0.1        0

PRECIPITATION (INCHES)
RECORD
 MAXIMUM         4.56   1983
 MINIMUM         0.03   2012

*THE PRECIPITATION FOR MARCH 23RD IS TOO LOW DUE TO
UNDERCATCH FROM BLIZZARD. THIS VALUE IS UNDER REVIEW.
THIS COULD CHANGE THE VALUES BELOW.

TOTALS           0.90*             0.92   -0.02*    0.79
DAILY AVG.       0.03*             0.03    0.00*    0.03
DAYS >= .01         9               5.9     3.1        5
DAYS >= .10         2               2.4    -0.4        3
DAYS >= .50         0               0.3    -0.3        0
DAYS >= 1.00        0*              0.1    -0.1*       0
GREATEST
 24 HR. TOTAL    0.49*  03/23 TO 03/23           03/19 TO 03/19

SNOWFALL (INCHES)
RECORDS
 TOTAL           18.4              10.7
RECORD MARCH     35.2                         2003

DEGREE_DAYS
HEATING TOTAL     716               763     -47      611
 SINCE 7/1       4704              5202    -498     4724
COOLING TOTAL       0                 0       0        0
 SINCE 1/1          0                 0       0        0

FREEZE DATES
RECORD
 EARLIEST     09/08/1962
 LATEST       06/08/2007
EARLIEST                        10/07
LATEST                          05/05
..........................................................

WIND (MPH)
AVERAGE WIND SPEED              11.7
RESULTANT WIND SPEED/DIRECTION   3/238
HIGHEST WIND SPEED/DIRECTION    53/340    DATE  03/23
HIGHEST GUST SPEED/DIRECTION    59/340    DATE  03/23

SKY COVER
POSSIBLE SUNSHINE (PERCENT)   MM
AVERAGE SKY COVER           0.60
NUMBER OF DAYS FAIR            3
NUMBER OF DAYS PC             20
NUMBER OF DAYS CLOUDY          8

AVERAGE RH (PERCENT)     48

WEATHER CONDITIONS. NUMBER OF DAYS WITH
THUNDERSTORM              1     MIXED PRECIP               0
HEAVY RAIN                0     RAIN                       0
LIGHT RAIN                4     FREEZING RAIN              0
LT FREEZING RAIN          0     HAIL                       1
HEAVY SNOW                1     SNOW                       4
LIGHT SNOW                8     SLEET                      0
FOG                      11     FOG W/VIS <= 1/4 MILE      2
HAZE                      3

-  INDICATES NEGATIVE NUMBERS.
R  INDICATES RECORD WAS SET OR TIED.
MM INDICATES DATA IS MISSING.
T  INDICATES TRACE AMOUNT.
________________________________________________________________________________________
                          MARCH 2016
...UNSEASONABLY WARM AND DRY FIRST HALF FOLLOWED BY BLIZZARD ON THE 23RD...

UPPER LEVEL HIGH PRESSURE DOMINATED COLORADO FOR THE FIRST HALF OF
MARCH...WITH ONLY AN OCCASIONAL WEAK UPPER LEVEL TROUGH MOVING
ACROSS THE REGION. THIS PATTERN RESULTED IN DRY AND MILD WEATHER IN
DENVER...WITH NO PRECIPITATION AND ABOVE NORMAL TEMPERATURES DURING
THE FIRST FOURTEEN DAYS OF THE MONTH. THE WEATHER TURNED COLDER ON
THE 15TH AS AN UPPER LEVEL STORM SYSTEM OVER THE NORTHERN ROCKIES
PUSHED A COLD FRONT ACROSS NORTHEASTERN COLORADO. ANOTHER STORM
SYSTEM BROUGHT SNOW AND COLDER TEMPERATURES TO NORTH CENTRAL AND
NORTHEASTERN COLORADO ON THE 17TH AND 18TH. DENVER INTERNATIONAL
AIRPORT MEASURED 4.7 INCHES OF SNOW WITH THIS STORM.

MUCH WARMER TEMPERATURES RETURNED TO THE AREA ON THE 21ST AS UPPER
LEVEL HIGH PRESSURE REBUILT OVER THE ROCKY MOUNTAIN REGION.
THE 21ST AND 22ND WERE VERY WARM...WITH TEMPERATURE READINGS OF
73 DEGREES AT DENVER INTERNATIONAL AIRPORT BOTH DAYS.

ON THE MORNING OF THE 23RD...A RAPIDLY INTENSIFYING STORM SYSTEM
OVER EASTERN COLORADO AND WESTERN KANSAS BROUGHT HEAVY SNOW AND
BLIZZARD CONDITIONS TO MUCH OF NORTHEASTERN COLORADO. 1 TO 2 FEET OF
SNOW FELL ACROSS MUCH OF THE FRONT RANGE URBAN CORRIDOR...WITH OVER
30 INCHES IN SOME FOOTHILLS LOCATIONS. MOST OF THIS SNOW FELL WITHIN
A 12 HOUR PERIOD FROM THE MORNING INTO THE AFTERNOON HOURS. WINDY
CONDITIONS ACCOMPANIED THIS STORM...WITH A 59 MPH WIND GUST REPORTED
AT DIA.
THE PALMER DIVIDE SAW 12 TO 18 INCHES...WITH 6 TO 10 INCHES ACROSS
THE NORTHEASTERN PLAINS. THE OFFICIAL SNOWFALL MEASUREMENT AT DENVER
INTERNATIONAL AIRPORT WAS 13.1 INCHES. IN ADDITION...THE SNOW WAS
VERY WET WITH MANY LOCATIONS RECEIVING ONE TO TWO INCHES OF
PRECIPITATION. SOME FOOTHILLS LOCATIONS RECEIVED NEARLY THREE INCHES
OF PRECIPITATION WITH THIS STORM. THE MONTH ENDED GENERALLY COOL AND
UNSETTLED AS A SERIES OF UPPER LEVEL STORM SYSTEM MOVED ACROSS THE
REGION.

TEMPERATURES:

THE AVERAGE TEMPERATURE AT DENVER INTERNATIONAL AIRPORT FOR THE
MONTH WAS 41.6 DEGREES F WHICH WAS 1.2 DEGREES ABOVE NORMAL.
THE WARMEST MARCH ON RECORD OCCURRED BACK IN 1910...WITH AN AVERAGE
MONTHLY TEMPERATURE OF 50.4 DEGREES F. THE COLDEST MARCH ON RECORD
WAS 26.4 DEGREES F BACK IN 1912. ON THE 11TH...THE TEMPERATURE
CLIMBED TO 74 DEGREES WHICH IS THE HIGHEST TEMPERATURE OF THE MONTH.
THE COLDEST TEMPERATURE OF 10 DEGREES F OCCURRED ON THE MORNING
OF THE 24TH.

TEN WARMEST MARCH`S IN DENVER WEATHER HISTORY SINCE 1872:

50.4 1910
49.2 2012
47.2 1907
47.1 1986
47.0 1918
46.5 1879
46.4 2004...1946
46.0 2007...1887

TEN COLDEST MARCH`S IN DENVER WEATHER HISTORY SINCE 1872:

26.4 1912
27.7 1924
29.0 1965
29.7 1906
32.1 1969
32.2 1891
32.8 1958
33.0 1964
33.1 1899
33.2 1917

*THE PRECIPITATION FOR MARCH 23RD IS TOO LOW DUE TO
UNDERCATCH FROM BLIZZARD. THIS VALUE IS UNDER REVIEW. THIS COULD
CHANGE THE VALUES BELOW.

PRECIPITATION FOR THE MONTH OF MARCH AT DENVER INTERNATIONAL
AIRPORT WAS 0.90* INCHES...WHICH IS 0.02* INCHES BELOW THE NORMAL OF
0.92 INCHES. THERE WERE 9 DAYS WITH MEASURABLE PRECIPITATION DURING
THE MONTH. 0.49* INCHES OF PRECIPITATION FELL ON THE 23RD...WHICH IS
THE GREATEST DAILY AMOUNT FOR THE MONTH. 18.4 INCHES OF SNOW WAS
MEASURED AT DENVER INTERNATIONAL AIRPORT DURING THE MONTH...WHICH IS
7.7 INCHES ABOVE NORMAL.

TEN WETTEST MARCH`S IN DENVER WEATHER HISTORY SINCE 1872:

4.56 INCHES 1983
3.50 INCHES 1992
3.10 INCHES 1990...1891
3.07 INCHES 1905
3.05 INCHES 2003
3.03 INCHES 1909
2.85 INCHES 1959
2.75 INCHES 1944
2.51 INCHES 1961

ELEVEN DRIEST MARCH`S IN DENVER WEATHER HISTORY SINCE 1872:

0.03 INCHES 2012
0.11 INCHES 1908
0.14 INCHES 2004
0.17 INCHES 2008
0.18 INCHES 1982
0.19 INCHES 1999
0.20 INCHES 1882
0.21 INCHES 1883...1880
0.22 INCHES 1945...1873

TEN SNOWIEST MARCH`S IN DENVER WEATHER HISTORY SINCE 1872:

35.2 INCHES 2003
32.5 INCHES 1944
31.3 INCHES 1891
30.5 INCHES 1983
29.2 INCHES 1961
26.8 INCHES 1959
25.7 INCHES 1923
25.2 INCHES 1952
24.8 INCHES 1929
24.0 INCHES 1981

TEN LEAST SNOWIEST MARCH`S IN DENVER WEATHER HISTORY SINCE 1872:

TRACE      2012...1995
0.3 INCHES 1883
0.4 INCHES 1911
0.5 INCHES 1885
1.1 INCHES 1887
1.8 INCHES 2004
2.0 INCHES 1882
2.1 INCHES 1982...1908

THERE WAS 1 DAY IN WHICH THUNDER WAS OBSERVED AT DENVER
INTERNATIONAL AIRPORT. THERE WERE 2 DAYS WITH DENSE FOG WITH A
VISIBILITY AT OR BELOW 1/4 MILE DURING THE MONTH. THE PEAK WIND OF
59 MPH FROM THE NORTH NORTHWEST OCCURRED ON THE 23RD.

$$
