000
CXUS55 KBOU 072141
CLMDEN

CLIMATE REPORT
NATIONAL WEATHER SERVICE BOULDER, CO
236 PM MST SUN NOV 7 2015

...................................

...THE DENVER CO CLIMATE SUMMARY FOR THE MONTH OF OCTOBER 2015...

CLIMATE NORMAL PERIOD 1981 TO 2010
CLIMATE RECORD PERIOD 1872 TO 2015

WEATHER         OBSERVED          NORMAL  DEPART  LAST YEAR`S
                 VALUE   DATE(S)  VALUE   FROM    VALUE  DATE(S)
                                          NORMAL
................................................................
TEMPERATURE (F)
RECORD
 HIGH              90   10/01/1892
 LOW               -2   10/29/1917
HIGHEST            87   10/11        83       4       83  10/15
LOWEST             28   10/28        22       6       29  10/27
AVG. MAXIMUM     70.1              65.3     4.8     69.5
AVG. MINIMUM     42.8              36.6     6.2     40.7
MEAN             56.5              50.9     5.6     55.1
DAYS MAX >= 90      0               0.0     0.0        0
DAYS MAX <= 32      0               0.4    -0.4        0
DAYS MIN <= 32      1               8.5    -7.5        4
DAYS MIN <= 0       0               0.0     0.0        0

PRECIPITATION (INCHES)
RECORD
 MAXIMUM         4.17   1969
 MINIMUM            T   1934
TOTALS           1.76              1.02    0.74     0.52
DAILY AVG.       0.06              0.03    0.03     0.02
DAYS >= .01         6               5.3     0.7        5
DAYS >= .10         3               2.4     0.6        2
DAYS >= .50         2               0.5     1.5        0
DAYS >= 1.00        0               0.1    -0.1        0
GREATEST
 24 HR. TOTAL    0.87   10/20 TO 10/21

SNOWFALL (INCHES)
 TOTAL            0.0               4.0
RECORD OCTOBER   31.2                                   1969

DEGREE_DAYS
HEATING TOTAL     274               440    -166      299
 SINCE 7/1        301               581    -280      394
COOLING TOTAL      16                 5      11        0
 SINCE 1/1        877               769     108      701

FREEZE DATES
RECORD
 EARLIEST     09/08/1962
 LATEST       06/08/2007
EARLIEST      10/28             10/07
LATEST                          05/05
..................................................

WIND (MPH)
AVERAGE WIND SPEED              8.8
RESULTANT WIND SPEED/DIRECTION   2/203
HIGHEST WIND SPEED/DIRECTION    29/010    DATE  10/27
HIGHEST GUST SPEED/DIRECTION    40/160    DATE  10/02

SKY COVER
POSSIBLE SUNSHINE (PERCENT)   MM
AVERAGE SKY COVER           0.60
NUMBER OF DAYS FAIR            6
NUMBER OF DAYS PC             15
NUMBER OF DAYS CLOUDY         10

AVERAGE RH (PERCENT)     53

WEATHER CONDITIONS. NUMBER OF DAYS WITH
THUNDERSTORM              2     MIXED PRECIP               0
HEAVY RAIN                0     RAIN                       3
LIGHT RAIN                6     FREEZING RAIN              0
LT FREEZING RAIN          0     HAIL                       0
HEAVY SNOW                0     SNOW                       0
LIGHT SNOW                0     SLEET                      0
FOG                       9     FOG W/VIS <= 1/4 MILE      3
HAZE                      6

-  INDICATES NEGATIVE NUMBERS.
R  INDICATES RECORD WAS SET OR TIED.
MM INDICATES DATA IS MISSING.
T  INDICATES TRACE AMOUNT.

__________________________________________________________________________

....OCTOBER 2015 WARMER AND WETTER THAN AVERAGE.....

IT WAS WARM AND GENERALLY DRY FOR THE FIRST 20 DAYS OF THE MONTH HOWEVER A
WEATHER SYSTEM BROUGHT SIGNIFICANT PRECIPITATION TO THE AREA ON THE 21ST
AND 22ND ALONG WITH COOLER TEMPERATURES.  FOR THE LAST WEEK OF THE MONTH
TEMPERATURES RETURNED TO MORE SEASONAL LEVELS.

OCTOBER 2015 STARTED OUT WARM AND DRY AS A LARGE UPPER LEVEL RIDGE
OF HIGH PRESSURE DOMINATED THE ROCKY MOUNTAIN REGION. UPPER LEVEL
TROUGHINESS BROUGHT COOLER TEMPERATURES AND SOME LIGHT PRECIPITATION
TO THE AREA FROM THE 3RD THROUGH THE 6TH. A PERSISTENT UPPER RIDGE
OF HIGH PRESSURE RE-BUILT OVER THE WESTERN UNITED STATES ON THE
8TH...WHICH RESULTED IN DRY WEATHER AND ABOVE NORMAL TEMPERATURES IN
DENVER FROM THE 8TH THROUGH THE 19TH. A LARGE AND MOIST UPPER LEVEL
STORM SYSTEM WHICH TRACKED FROM SOUTHERN CALIFORNIA ACROSS COLORADO
FROM THE 20TH THROUGH THE 22ND...COMBINED WITH A COLD FRONT MOVING
INTO NORTHEASTERN COLORADO. THIS SYSTEM BROUGHT COLDER TEMPERATURES
AND MUCH NEEDED PRECIPITATION TO NORTH CENTRAL AND NORTHEASTERN
COLORADO. DENVER INTERNATIONAL AIRPORT MEASURED 1.57 INCHES OF
PRECIPITATION DURING THIS THREE DAY PERIOD. FOR THE LAST WEEK OF THE
MONTH DRY WEATHER RETURNED TO THE AREA...WITH NEAR
SEASONAL TEMPERATURES.

TEMPERATURES:

THE AVERAGE TEMPERATURE AT DENVER INTERNATIONAL AIRPORT FOR THE MONTH OF
OCTOBER WAS 56.5 DEGREES F WHICH WAS 5.6 DEGREES ABOVE NORMAL. THIS MAKES
OCTOBER 2015 THE 6TH WARMEST ON RECORD.  OCTOBER OF 1950 WAS THE WARMEST
ON RECORD AT 59.9 DEGREES F. THE COLDEST OCTOBER ON RECORD WAS 39.0
DEGREES F BACK IN 1969.

THE HIGHEST TEMPERATURE OF THE MONTH WAS 87 DEGREES WHICH
OCCURRED ON THE 11TH WHICH SET A NEW RECORD FOR THE DATE...THE COLDEST
TEMPERATURE OF 28 DEGREES OCCURRED ON THE MORNING OF THE 28TH.

FIFTEEN WARMEST OCTOBERS IN DENVER WEATHER HISTORY SINCE 1872:

59.9 (1950)
57.9 (1963...1934)
57.4 (1934)
57.0 (1933)
57.0 (1947)
56.5 (2015)
56.3 (1875)
55.9 (1956...1940...1938...1921)
55.4 (1910)
55.3 (2010...1884)

TEN COLDEST OCTOBER`S IN DENVER WEATHER HISTORY SINCE 1872:

38.9 (1969)
42.9 (2009)
43.3 (1925)
44.0 (2002)
44.3 (1923)
44.7 (1984)
45.9 (1970)
46.3 (1877)
46.5 (1919...1913)

PRECIPITATION:

PRECIPITATION FOR THE MONTH OF OCTOBER AT DENVER INTERNATIONAL
AIRPORT WAS 1.76 INCHES...WHICH IS THE 28TH WETTEST OCTOBER
ON RECORD. THE MONTHLY PRECIPITATION TOTAL WAS 0.74 INCHES ABOVE THE
NORMAL OF 1.02 INCHES. ON THE 21ST...0.79 INCHES OF PRECIPITATION
FELL WHICH IS THE GREATEST DAILY AMOUNT FOR THAT DATE.

ELEVEN WETTEST OCTOBER`S IN DENVER WEATHER HISTORY SINCE 1872:

4.17 (1969)
3.92 (1892)
3.72 (1942)
3.50 (1923)
3.47 (1984)
3.05 (1914)
3.03 (2007)
2.84 (1947)
2.62 (1957)
2.46 (1960...1959)

TEN DRIEST OCTOBER`S IN DENVER WEATHER HISTORY SINCE 1872:

TRACE (1934)
0.01 (1933)
0.05 (1962...1944)
0.06 (1988...1954...1948)
0.08 (2003...2001)
0.10 (1980)

SNOW:

NO SNOW WAS MEASURED AT DENVER INTERNATIONAL AIRPORT DURING THE
MONTH...WHICH IS 4.0 INCHES BELOW NORMAL.

TEN SNOWIEST OCTOBERS`S IN DENVER WEATHER HISTORY SINCE 1872:

31.2 INCHES (1969)
22.7 INCHES (1906)
22.1 INCHES (1997)
17.8 INCHES (1923)
17.2 INCHES (2009)
16.4 INCHES (1897)
16.2 INCHES (1929)
14.0 INCHES (1889)
13.8 INCHES (1905)
13.6 INCHES (1908)

THERE WERE 2 DAYS IN WHICH THUNDER WAS OBSERVED AT DENVER INTERNATIONAL
AIRPORT AND NO DAYS WITH HAIL. THERE WERE 3 DAYS WITH DENSE
FOG WITH A VISIBILITY AT OR BELOW 1/4 MILE DURING THE MONTH. THE
PEAK WIND FOR THE MONTH WAS 40 MPH FROM THE SOUTH WHICH OCCURRED ON
THE AFTERNOON OF THE 2ND.

$$
