000
CXUS55 KBOU 041912
CLMDEN

CLIMATE REPORT
NATIONAL WEATHER SERVICE DENVER/BOULDER CO
111 PM MDT TUE APR 4 2017
...................................

...THE DENVER CO CLIMATE SUMMARY FOR THE MONTH OF MARCH 2017...

CLIMATE NORMAL PERIOD 1981 TO 2010
CLIMATE RECORD PERIOD 1872 TO 2017

WEATHER         OBSERVED          NORMAL  DEPART  LAST YEAR`S
                 VALUE   DATE(S)  VALUE   FROM    VALUE  DATE(S)
                                          NORMAL
................................................................
TEMPERATURE (F)
RECORD
 HIGH              84   03/26/1971
 LOW              -11   03/28/1886
HIGHEST            81   03/18        84      -3       74  03/11
LOWEST             14   03/01       -11      25       10  03/24
AVG. MAXIMUM     64.0              54.4     9.6     54.9
AVG. MINIMUM     31.9              26.4     5.5     28.3
MEAN             47.9              40.4     7.5     41.6
DAYS MAX >= 90      0               0.0     0.0        0
DAYS MAX <= 32      0               1.9    -1.9        1
DAYS MIN <= 32     16              23.6    -7.6       21
DAYS MIN <= 0       0               0.1    -0.1        0

PRECIPITATION (INCHES)
RECORD
 MAXIMUM         4.56   1983
 MINIMUM         0.03   2012
TOTALS           0.90              0.92   -0.02     0.90
DAILY AVG.       0.03              0.03    0.00     0.03
DAYS >= .01         6               5.9     0.1        9
DAYS >= .10         3               2.4     0.6        2
DAYS >= .50         0               0.3    -0.3        0
DAYS >= 1.00        0               0.1    -0.1        0
GREATEST
 24 HR. TOTAL    0.45   03/24 TO 03/24           03/23 TO 03/23

SNOWFALL (INCHES)
RECORDS
 TOTAL              T              10.7
RECORD MARCH      35.2                   2003

DEGREE_DAYS
HEATING TOTAL     523               763    -240      716
 SINCE 7/1       4325              5202    -877     4704
COOLING TOTAL       0                 0       0        0
 SINCE 1/1          0                 0       0        0

FREEZE DATES
RECORD
 EARLIEST     09/08/1962
 LATEST       06/08/2007
EARLIEST                        10/07
LATEST                          05/05
....................................................

WIND (MPH)
AVERAGE WIND SPEED              12.0
RESULTANT WIND SPEED/DIRECTION   3/241
HIGHEST WIND SPEED/DIRECTION    46/290    DATE  03/07
HIGHEST GUST SPEED/DIRECTION    60/290    DATE  03/07

SKY COVER
POSSIBLE SUNSHINE (PERCENT)   MM
AVERAGE SKY COVER           0.60
NUMBER OF DAYS FAIR            3
NUMBER OF DAYS PC             22
NUMBER OF DAYS CLOUDY          6

AVERAGE RH (PERCENT)     43

WEATHER CONDITIONS. NUMBER OF DAYS WITH
THUNDERSTORM              0     MIXED PRECIP               1
HEAVY RAIN                0     RAIN                       4
LIGHT RAIN                8     FREEZING RAIN              0
LT FREEZING RAIN          0     HAIL                       0
HEAVY SNOW                0     SNOW                       5
LIGHT SNOW                5     SLEET                      0
FOG                       6     FOG W/VIS <= 1/4 MILE      2
HAZE                      2

-  INDICATES NEGATIVE NUMBERS.
R  INDICATES RECORD WAS SET OR TIED.
MM INDICATES DATA IS MISSING.
T  INDICATES TRACE AMOUNT.

...MARCH 2017...3RD WARMEST MARCH IN DENVER WEATHER HISTORY...

UPPER LEVEL HIGH PRESSURE COMBINED WITH DOWNSLOPE FLOW BROUGHT
WARM, WINDY AND DRY WEATHER TO DENVER DURING THE FIRST THREE WEEKS
OF THE MARCH. DENVER EXPERIENCED A VERY WARM STRETCH FROM THE 15TH
THROUGH THE 23RD WITH TEMPERATURES AT OR ABOVE 70 DEGREES EACH DAY
THROUGH THAT PERIOD. THE HIGH TEMPERATURE REACHED 81 AND 80 DEGREES
ON THE 18TH AND 19TH, RESPECTIVELY. THESE TEMPERATURES WERE JUST SHY
OF THE DAILY RECORD HIGH READINGS FOR THOSE DATES. A PATTERN CHANGE
OCCURRED THE FINAL WEEK OF THE MONTH WITH A SERIES OF UPPER LEVEL
STORM SYSTEMS MOVING ACROSS COLORADO. THIS PATTERN RESULTED IN MORE
NORMAL WEATHER CONDITIONS FOR THIS TIME OF YEAR IN DENVER. THE LAST
WEEK OF MARCH WAS COOLER AND WETTER ACROSS THE REGION.

TEMPERATURES:

THE AVERAGE TEMPERATURE AT DENVER INTERNATIONAL AIRPORT FOR THE
MONTH WAS 47.9 DEGREES F, WHICH IS 7.5 DEGREES ABOVE NORMAL. THIS
MAKES MARCH OF 2017 THE 3RD WARMEST MARCH IN DENVER WEATHER HISTORY.
THE WARMEST MARCH ON RECORD OCCURRED IN 1910 WITH AN AVERAGE MONTHLY
TEMPERATURE OF 50.4 DEGREES F. THE COLDEST MARCH ON RECORD WAS IN 1912
WITH AN AVERAGE MONTHLY TEMPERATURE OF 26.4 DEGREES F. ON THE 18TH, THE
TEMPERATURE CLIMBED TO 81 DEGREES F, WHICH IS THE HIGHEST TEMPERATURE OF
THE MONTH. THE COLDEST TEMPERATURE OF 14 DEGREES F OCCURRED ON THE
MORNING OF THE 1ST.

RECORDS:

  DATE     TEMPERATURE  TYPE OF RECORD    OLD RECORD    YEAR LAST SET

MARCH 23RD 77 DEGREES  RECORD HIGH MAX    76 DEGREES       2012

ELEVEN WARMEST MARCH`S IN DENVER WEATHER HISTORY SINCE 1872:

50.4 1910
49.2 2012
47.9 2017
47.2 1907
47.1 1986
47.0 1918
46.5 1879
46.4 2004...1946
46.0 2007...1887

TEN COLDEST MARCH`S IN DENVER WEATHER HISTORY SINCE 1872:

26.4 1912
27.7 1924
29.0 1965
29.7 1906
32.1 1969
32.2 1891
32.8 1958
33.0 1964
33.1 1899
33.2 1917

PRECIPITATION:

PRECIPITATION FOR THE MONTH OF MARCH AT DENVER INTERNATIONAL
AIRPORT WAS 0.90 INCHES, WHICH IS 0.02 INCHES BELOW THE NORMAL OF
0.92 INCHES. THERE WERE 6 DAYS WITH MEASURABLE PRECIPITATION DURING
THE MONTH. 0.45 INCHES OF PRECIPITATION FELL ON THE 24TH, WHICH IS
THE GREATEST DAILY AMOUNT FOR THE MONTH. A TRACE OF SNOW WAS
MEASURED DURING THE MONTH WHICH IS 10.7 INCHES BELOW THE NORMAL OF
10.7 INCHES. THE TRACE OF SNOW...IS THE LEAST MEASURED SNOW DURING
THE MONTH OF MARCH IN DENVER WEATHER HISTORY. 1995 AND 2012 WERE THE
ONLY OTHER YEARS THIS HAS HAPPENED.

TEN WETTEST MARCH`S IN DENVER WEATHER HISTORY SINCE 1872:

4.56 INCHES 1983
3.50 INCHES 1992
3.10 INCHES 1990...1891
3.07 INCHES 1905
3.05 INCHES 2003
3.03 INCHES 1909
2.85 INCHES 1959
2.75 INCHES 1944
2.51 INCHES 1961

ELEVEN DRIEST MARCH`S IN DENVER WEATHER HISTORY SINCE 1872:

0.03 INCHES 2012
0.11 INCHES 1908
0.14 INCHES 2004
0.17 INCHES 2008
0.18 INCHES 1982
0.19 INCHES 1999
0.20 INCHES 1882
0.21 INCHES 1883...1880
0.22 INCHES 1945...1873

TEN SNOWIEST MARCH`S IN DENVER WEATHER HISTORY SINCE 1872:

35.2 INCHES 2003
32.5 INCHES 1944
31.3 INCHES 1891
30.5 INCHES 1983
29.2 INCHES 1961
26.8 INCHES 1959
25.7 INCHES 1923
25.2 INCHES 1952
24.8 INCHES 1929
24.0 INCHES 1981

ELEVEN LEAST SNOWIEST MARCH`S IN DENVER WEATHER HISTORY SINCE 1872:

TRACE      2017...2012...1995
0.3 INCHES 1883
0.4 INCHES 1911
0.5 INCHES 1885
1.1 INCHES 1887
1.8 INCHES 2004
2.0 INCHES 1882
2.1 INCHES 1982...1908

THERE WERE 2 DAYS IN WHICH THUNDER WAS OBSERVED AT DENVER
INTERNATIONAL AIRPORT AND 2 DAYS WITH DENSE FOG WITH A
VISIBILITY AT OR BELOW 1/4 MILE DURING THE MONTH. THE PEAK
WIND GUST OF 60 MPH FROM THE WEST OCCURRED ON THE 7TH.

$$
