000
CXUS55 KBOU 011248
CLMDEN

CLIMATE REPORT
NATIONAL WEATHER SERVICE BOULDER, CO
244 AM MDT THU OCT 1 2015

...THE DENVER CO CLIMATE SUMMARY FOR THE MONTH OF SEPTEMBER 2015...

CLIMATE NORMAL PERIOD 1981 TO 2010
CLIMATE RECORD PERIOD 1872 TO 2015

WEATHER         OBSERVED          NORMAL  DEPART  LAST YEAR`S
                 VALUE   DATE(S)  VALUE   FROM    VALUE  DATE(S)
                                          NORMAL
................................................................
TEMPERATURE (F)
RECORD
 HIGH              97   09/06/2013
                        09/05/2013
                        09/04/1995
 LOW               17   09/29/1985
HIGHEST            92   09/02        91       1       94  09/03
LOWEST             44   09/19        35       9       33  09/12
AVG. MAXIMUM     85.2              78.5     6.7     78.9
AVG. MINIMUM     53.5              48.3     5.2     50.6
MEAN             69.4              63.4     6.0     64.8
DAYS MAX >= 90      7               3.4     3.6        2
DAYS MAX <= 32      0               0.0     0.0        0
DAYS MIN <= 32      0               0.8    -0.8        0
DAYS MIN <= 0       0               0.0     0.0        0

PRECIPITATION (INCHES)
RECORD
 MAXIMUM         5.61   2013
 MINIMUM            T   1892
                        1944
TOTALS           0.11              0.96   -0.85     1.79
DAILY AVG.       0.00              0.03   -0.03     0.06
DAYS >= .01         3               6.5    -3.5        9
DAYS >= .10         0               3.3    -3.3        4
DAYS >= .50         0               0.6    -0.6        1
DAYS >= 1.00        0               0.1    -0.1        1
GREATEST
 24 HR. TOTAL    0.12   08/31 TO 09/01           09/29 TO 09/29
                                                          09/28 TO 09/29
                                                          09/29 TO 09/29
 STORM TOTAL       MM                                 MM
 (MM/DD(HH))            MM                    09/29(00) TO 09/29(00)
                                                 09/29(00) TO 09/29(00)9
                                                 09/29(00) TO 09/29(00)9

SNOWFALL (INCHES)
RECORDS
 TOTAL             MM   MM
TOTALS            0.0               1.3

DEGREE_DAYS
HEATING TOTAL       9               125    -116       91
 SINCE 7/1         27               141    -114       98
COOLING TOTAL     148                76      72       88
 SINCE 1/1        861               764      97      701

FREEZE DATES
RECORD
 EARLIEST     09/08/1962
 LATEST       06/08/2007
EARLIEST                        10/07
LATEST                          05/05
..........................................................

WIND (MPH)
AVERAGE WIND SPEED              9.0
RESULTANT WIND SPEED/DIRECTION   2/195
HIGHEST WIND SPEED/DIRECTION    35/280    DATE  09/07
HIGHEST GUST SPEED/DIRECTION    54/270    DATE  09/07

SKY COVER
POSSIBLE SUNSHINE (PERCENT)   MM
AVERAGE SKY COVER           0.40
NUMBER OF DAYS FAIR           12
NUMBER OF DAYS PC             17
NUMBER OF DAYS CLOUDY          1

AVERAGE RH (PERCENT)     41

WEATHER CONDITIONS. NUMBER OF DAYS WITH
THUNDERSTORM              6     MIXED PRECIP               0
HEAVY RAIN                0     RAIN                       3
LIGHT RAIN                7     FREEZING RAIN              0
LT FREEZING RAIN          0     HAIL                       3
HEAVY SNOW                0     SNOW                       0
LIGHT SNOW                0     SLEET                      0
FOG                       3     FOG W/VIS <= 1/4 MILE      5
HAZE                      1

-  INDICATES NEGATIVE NUMBERS.
R  INDICATES RECORD WAS SET OR TIED.
MM INDICATES DATA IS MISSING.
T  INDICATES TRACE AMOUNT.
_____________________________________________________________________

.....SEPTEMBER 2015 WARMEST AND 7TH DRIEST ON RECORD.....

UPPER LEVEL HIGH PRESSURE WHICH DOMINATED THE ROCKY MOUNTAIN REGION
FOR MUCH OF SEPTEMBER PRODUCED VERY WARM AND DRY WEATHER ACROSS
NORTH CENTRAL AND NORTHEASTERN COLORADO. AT DENVER INTERNATIONAL
AIRPORT...27 OUT OF THE 30 DAYS HAD TEMPERATURES ABOVE NORMAL...WITH
ONLY ONE DAY (THE 18TH) BEING BELOW NORMAL. PRECIPITATION DURING THE
MONTH WAS VERY SCARCE WITH ONLY TWO DAYS OF VERY LIGHT RAINFALL
MEASURED.

TEMPERATURES:

THE AVERAGE TEMPERATURE AT DENVER INTERNATIONAL AIRPORT FOR THE
MONTH OF SEPTEMBER WAS 69.4 DEGREES F WHICH WAS 6.0 DEGREES ABOVE
NORMAL. THIS MAKES SEPTEMBER 2015 THE WARMEST SEPTEMBER ON RECORD.
THERE WERE 7 DAYS DURING THE MONTH IN WHICH THE TEMPERATURE REACHED
OR EXCEEDED THE 90 DEGREE MARK...AND NO DAYS AT OR ABOVE 100
DEGREES. THE COLDEST SEPTEMBER ON RECORD WAS 54.7 DEGREES F BACK IN
1912. THE HIGHEST TEMPERATURE OF THE MONTH WAS 92 DEGREES WHICH
OCCURRED ON THE 2ND....WITH THE COLDEST TEMPERATURE OF 44 DEGREES ON
THE MORNING OF THE 19TH. ON THE 21ST...THE HIGH TEMPERATURE AT
DENVER INTERNATIONAL AIRPORT REACHED 89 DEGREES WHICH SET A RECORD
HIGH TEMPERATURE FOR THE DATE. THIS BREAKS THE OLD RECORD OF 88
DEGREES SET WAY BACK IN 1885. THAT WAS THE YEAR THAT GROVER
CLEVELAND WAS INAUGURATED AS THE 22ND PRESIDENT OF THE UNITED STATES.

FIFTEEN WARMEST SEPTEMBERS IN DENVER WEATHER HISTORY SINCE 1872:

69.4 2015
68.3 1948
68.2 1981...1931
68.0 1998
67.7 1933
67.6 1947
67.2 2005...1994
67.0 2010...1939
66.9 1990
66.8 2001
66.6 1977
66.4 2013

ELEVEN COLDEST SEPTEMBERS IN DENVER WEATHER HISTORY SINCE 1872:

54.7 1912
55.6 1965
56.3 1961
57.5 1971
58.1 1918
58.8 1985
58.9 2006...1929
59.2 1999
59.3 2003...1913

PRECIPITATION:

PRECIPITATION FOR THE MONTH OF SEPTEMBER AT DENVER INTERNATIONAL
AIRPORT WAS 0.11 INCHES...WHICH IS 0.85 INCHES BELOW THE NORMAL OF
0.96 INCHES. THERE WERE ONLY 3 DAYS WITH MEASURABLE PRECIPITATION
DURING THE MONTH. ON THE 3RD...0.03 INCHES OF PRECIPITATION FELL
WHICH IS THE GREATEST DAILY AMOUNT FOR THE MONTH. NO SNOW WAS
MEASURED AT DENVER INTERNATIONAL AIRPORT DURING THE MONTH...WHICH IS
1.3 INCHES BELOW NORMAL.

ELEVEN WETTEST SEPTEMBER`S IN DENVER WEATHER HISTORY SINCE 1872:

5.61 INCHES 2013
4.67 INCHES 1961
3.78 INCHES 1909
3.70 INCHES 1902
3.42 INCHES 1938
2.95 INCHES 2012
2.89 INCHES 1936...1918...1875
2.85 INCHES 1973...1971

ELEVEN DRIEST SEPTEMBER`S IN DENVER WEATHER HISTORY SINCE 1872:

TRACE 1944...1892
0.01 INCHES 1992...1956
0.02 INCHES 1921...1879
0.04 INCHES 2015
0.05 INCHES 1893
0.06 INCHES 2010...1920...1882

SNOW

NO SNOW WAS MEASURED AT DENVER INTERNATIONAL AIRPORT DURING THE
MONTH...WHICH IS 1.3 INCHES BELOW NORMAL.

TEN SNOWIEST SEPTEMBER`S IN DENVER WEATHER HISTORY SINCE 1872:

17.2 INCHES 1971
16.5 INCHES 1936
12.9 INCHES 1959
11.4 INCHES 1895
8.7 INCHES 1985
6.5 INCHES 1908
5.8 INCHES 1961
5.5 INCHES 1965
5.4 INCHES 1993
5.2 INCHES 1984

THERE WERE 6 DAYS IN WHICH THUNDER WAS OBSERVED AT DENVER
INTERNATIONAL AND 3 DAYS WITH HAIL. THERE WERE 5 DAYS WITH DENSE
FOG WITH A VISIBILITY AT OR BELOW 1/4 MILE DURING THE MONTH. THE
PEAK WIND FOR THE MONTH WAS 54 MPH FROM THE WEST WHICH OCCURRED ON
THE AFTERNOON OF THE 7TH.
$$
