000
CXUS55 KBOU 011847
CLMDEN

CLIMATE REPORT
NATIONAL WEATHER SERVICE BOULDER, CO
1147 AM MST TUE DEC 1 2015

...................................

...THE DENVER CO CLIMATE SUMMARY FOR THE MONTH OF NOVEMBER 2015...

CLIMATE NORMAL PERIOD 1981 TO 2010
CLIMATE RECORD PERIOD 1872 TO 2015

WEATHER         OBSERVED          NORMAL  DEPART  LAST YEAR`S
                 VALUE   DATE(S)  VALUE   FROM    VALUE  DATE(S)
                                          NORMAL
................................................................
TEMPERATURE (F)
RECORD
 HIGH              80   11/08/2006
 LOW              -18   11/29/1877
HIGHEST            75   11/03        73       2       72  11/29
                                                          11/01
LOWEST              3   11/27        -6       9      -14  11/13
AVG. MAXIMUM     51.2              52.1    -0.9     50.6
AVG. MINIMUM     25.7              24.5     1.2     21.8
MEAN             38.5              38.3     0.2     36.2
DAYS MAX >= 90      0               0.0     0.0        0
DAYS MAX <= 32      5               2.3     2.7        5
DAYS MIN <= 32     24              23.4     0.6       22
DAYS MIN <= 0       0               0.6    -0.6        4

PRECIPITATION (INCHES)
RECORD
 MAXIMUM         3.21   1946
 MINIMUM            T   1899
                        1901
                        1949
TOTALS           2.13              0.61    1.52     0.76
DAILY AVG.       0.07              0.02    0.05     0.03
DAYS >= .01        11               4.7     6.3        6
DAYS >= .10         6               1.6     4.4        3
DAYS >= .50         1               0.0     1.0        0
DAYS >= 1.00        0               0.0     0.0        0
GREATEST
 24 HR. TOTAL    0.88   11/04 TO 11/05

SNOWFALL (INCHES)
RECORDS
 TOTAL           11.3               8.7
RECORD NOVEMBER  42.6                             1946

DEGREE_DAYS
HEATING TOTAL     789               801     -12      857
 SINCE 7/1       1090              1382    -292     1254
COOLING TOTAL       0                 0       0        0
 SINCE 1/1        877               769     108      701

FREEZE DATES
RECORD
 EARLIEST     09/08/1962
 LATEST       06/08/2007
EARLIEST      11/05             10/07
LATEST                          05/05
....................................................

WIND (MPH)
AVERAGE WIND SPEED              10.4
RESULTANT WIND SPEED/DIRECTION   3/225
HIGHEST WIND SPEED/DIRECTION    46/350    DATE  11/17
HIGHEST GUST SPEED/DIRECTION    57/290    DATE  11/18

SKY COVER
POSSIBLE SUNSHINE (PERCENT)   MM
AVERAGE SKY COVER           0.40
NUMBER OF DAYS FAIR           11
NUMBER OF DAYS PC             14
NUMBER OF DAYS CLOUDY          5

AVERAGE RH (PERCENT)     55

WEATHER CONDITIONS. NUMBER OF DAYS WITH
THUNDERSTORM              1     MIXED PRECIP               0
HEAVY RAIN                2     RAIN                       3
LIGHT RAIN                3     FREEZING RAIN              0
LT FREEZING RAIN          2     HAIL                       0
HEAVY SNOW                1     SNOW                       8
LIGHT SNOW               11     SLEET                      0
FOG                      13     FOG W/VIS <= 1/4 MILE      3
HAZE                      5

-  INDICATES NEGATIVE NUMBERS.
R  INDICATES RECORD WAS SET OR TIED.
MM INDICATES DATA IS MISSING.
T  INDICATES TRACE AMOUNT.
_____________________________________________________________________________

........NOVEMBER 2015 4TH WETTEST NOVEMBER ON RECORD........

UPPER LEVEL HIGH PRESSURE OVER THE CENTRAL AND EASTERN UNITED
STATES...COMBINED WITH A SOUTHWESTERLY FLOW ALOFT OVER COLORADO...
PRODUCED WARM AND DRY WEATHER ACROSS NORTH CENTRAL AND NORTHEASTERN
COLORADO THE FIRST FEW DAYS OF THE MONTH. FROM THE 1ST THROUGH THE
3RD...TEMPERATURES ACROSS THE FRONT RANGE URBAN CORRIDOR REACHED
INTO THE 70S. COLDER AND WETTER WEATHER MOVED INTO THE REGION ON THE
4TH... AS AN UPPER LEVEL TROUGH OF LOW PRESSURE AND ASSOCIATED COLD
FRONT MOVED INTO THE STATE. DENVER EXPERIENCED ITS FIRST SNOWFALL OF
THE SEASON ON THE 5TH...WITH 1.0 INCHES MEASURED AT DENVER
INTERNATIONAL AIRPORT. AN ACTIVE WEATHER PATTERN CONTINUED THROUGH
THE REMAINDER OF THE MONTH WITH STORM SYSTEMS MOVING ACROSS
NORTHEASTERN COLORADO EVERY THREE TO SIX DAYS. ONE OF THESE STORM
SYSTEMS MOVED INTO COLORADO LATE IN THE MONTH...BRINGING SNOW AND
MUCH COLDER TEMPERATURES TO DENVER DURING THE THANKSGIVING HOLIDAY.
THE ARCTIC AIRMASS ASSOCIATED WITH THIS SYSTEM RESULTED IN THE
COLDEST TEMPERATURES SO FAR THIS SEASON...WITH TEMPERATURES
REMAINING BELOW FREEZING FROM THE AFTERNOON OF THE 25TH THROUGH THE
30TH.

TEMPERATURES:

THE AVERAGE TEMPERATURE AT DENVER INTERNATIONAL AIRPORT FOR THE
MONTH OF NOVEMBER WAS 38.5 DEGREES F WHICH WAS 0.2 DEGREES ABOVE
NORMAL. NOVEMBER 1949 WAS THE WARMEST ON RECORD AT 50.9 DEGREES F.
THE COLDEST NOVEMBER ON RECORD WAS 22.0 DEGREES F WAY BACK IN 1880.
THAT WAS THE YEAR THE DENVER AND RIO GRANDE RAILROAD REACHED
LEADVILLE, COLORADO. ON THE 3RD...THE TEMPERATURE CLIMBED TO 75
DEGREES WHICH IS THE HIGHEST TEMPERATURE OF THE MONTH. THE COLDEST
TEMPERATURE OF 3 DEGREES F OCCURRED ON THE MORNING OF THE 27TH.

TEN WARMEST NOVEMBERS IN DENVER WEATHER HISTORY SINCE 1872:

50.9 1949
47.2 1999
46.2 1933...1914
45.9 1981...1927
45.6 1910...1901
45.5 1917
44.8 1899...1894

TEN COLDEST NOVEMBER`S IN DENVER WEATHER HISTORY SINCE 1872:

22.0 1880
28.9 2000
29.7 1985
31.5 1929
32.3 1952
32.5 1889
32.8 1972
33.0 1886
33.1 1872
33.3 1979

PRECIPITATION:

PRECIPITATION FOR THE MONTH OF NOVEMBER AT DENVER INTERNATIONAL
AIRPORT WAS 2.13 INCHES...WHICH IS 1.52 INCHES ABOVE THE NORMAL
OF 0.61 INCHES. THIS MAKES NOVEMBER 2015 THE 4TH WETTEST NOVEMBER
ON RECORD. THERE WERE 11 DAYS WITH MEASURABLE PRECIPITATION
DURING THE MONTH. ON THE 16TH...0.50 INCHES OF PRECIPITATION FELL
WHICH IS THE GREATEST DAILY AMOUNT FOR THE MONTH. 11.3 INCHES OF
SNOW WAS MEASURED AT DENVER INTERNATIONAL AIRPORT DURING THE
MONTH...WHICH IS 2.6 INCHES ABOVE NORMAL.

TEN WETTEST NOVEMBER`S IN DENVER WEATHER HISTORY SINCE 1872:

3.21 INCHES 1946
2.67 INCHES 1991
2.63 INCHES 1983
2.13 INCHES 2015
1.95 INCHES 1922
1.93 INCHES 1886
1.88 INCHES 1975
1.74 INCHES 1908
1.69 INCHES 1972
1.68 INCHES 1881

ELEVEN DRIEST NOVEMBER`S IN DENVER WEATHER HISTORY SINCE 1872:

TRACE       1949...1901...1899
0.01 INCHES 1939
0.03 INCHES 1917
0.04 INCHES 1905...1904
0.05 INCHES 2003
0.07 INCHES 1903
0.08 INCHES 1920...1874

TEN SNOWIEST NOVEMBER`S IN DENVER WEATHER HISTORY SINCE 1872:

42.6 INCHES 1946
29.6 INCHES 1991
29.3 INCHES 1983
23.1 INCHES 1929...1928
22.9 INCHES 1908
22.3 INCHES 1979
21.3 INCHES 1956
20.1 INCHES 1992
19.4 INCHES 1972


THERE WAS 1 DAY IN WHICH THUNDER WAS OBSERVED AT DENVER
INTERNATIONAL AIRPORT AND NO DAYS WITH HAIL. THERE WERE 3 DAYS WITH
DENSE FOG WITH A VISIBILITY AT OR BELOW 1/4 MILE DURING THE MONTH.
THE PEAK WIND FOR THE MONTH OF 57 MPH OCCURRED ON BOTH ON THE 17TH
AND 18TH. ON THE 17TH...THE DIRECTION WAS FROM THE NORTH...WITH A
WEST-NORTHWESTERLY DIRECTION ON THE 18TH.
$$
