000
CXUS55 KBOU 011150
CLMDEN

CLIMATE REPORT
NATIONAL WEATHER SERVICE BOULDER, CO
550 AM MDT FRI AUG 1 2014

...................................

...THE DENVER CO CLIMATE SUMMARY FOR THE MONTH OF JULY 2014...

CLIMATE NORMAL PERIOD 1981 TO 2010
CLIMATE RECORD PERIOD 1872 TO 2014

WEATHER         OBSERVED          NORMAL  DEPART  LAST YEAR`S
                 VALUE   DATE(S)  VALUE   FROM    VALUE  DATE(S)
                                          NORMAL
................................................................
TEMPERATURE (F)
RECORD
 HIGH             105   07/20/2005
 LOW               42   07/04/1903
                        07/31/1873
HIGHEST           100   07/07       105      -5      100  07/11
LOWEST             55   07/17        42      13       55  07/02
                        07/16
AVG. MAXIMUM     88.3              89.4    -1.1     88.2
AVG. MINIMUM     60.6              58.9     1.7     60.4
MEAN             74.5              74.2     0.3     74.3
DAYS MAX >= 90     17              16.0     1.0       17
DAYS MAX <= 32      0               0.0     0.0        0
DAYS MIN <= 32      0               0.0     0.0        0
DAYS MIN <= 0       0               0.0     0.0        0

PRECIPITATION (INCHES)
RECORD
 MAXIMUM         6.41   1965
 MINIMUM         0.01   1901
TOTALS           3.85              2.16    1.69     1.98
DAILY AVG.       0.12              0.07    0.05     0.06
DAYS >= .01         8               8.3    -0.3        7
DAYS >= .10         6               4.3     1.7        4
DAYS >= .50         2               1.4     0.6        2
DAYS >= 1.00        2               0.7     1.3        0
GREATEST
 24 HR. TOTAL    2.85   07/29 TO 07/30

SNOWFALL (INCHES)
RECORDS
 TOTAL            0.0
TOTALS            0.0               0.0

DEGREE_DAYS
HEATING TOTAL       5                 6      -1        0
 SINCE 7/1          5                 6      -1        0
COOLING TOTAL     304               289      15      295
 SINCE 1/1        431               444     -13      558

FREEZE DATES
RECORD
 EARLIEST     09/08/1962
 LATEST       06/08/2007
EARLIEST                        10/07
LATEST                          05/05
......................................................

WIND (MPH)
AVERAGE WIND SPEED              9.7
RESULTANT WIND SPEED/DIRECTION   3/193
HIGHEST WIND SPEED/DIRECTION    51/310    DATE  07/11
HIGHEST GUST SPEED/DIRECTION    51/290    DATE  07/11

SKY COVER
POSSIBLE SUNSHINE (PERCENT)   MM
AVERAGE SKY COVER           0.60
NUMBER OF DAYS FAIR            4
NUMBER OF DAYS PC             24
NUMBER OF DAYS CLOUDY          3

AVERAGE RH (PERCENT)     51

WEATHER CONDITIONS. NUMBER OF DAYS WITH
THUNDERSTORM              0     MIXED PRECIP               0
HEAVY RAIN                2     RAIN                       7
LIGHT RAIN               13     FREEZING RAIN              0
LT FREEZING RAIN          0     HAIL                       0
HEAVY SNOW                0     SNOW                       0
LIGHT SNOW                0     SLEET                      0
FOG                       8     FOG W/VIS <= 1/4 MILE      1
HAZE                      7

-  INDICATES NEGATIVE NUMBERS.
R  INDICATES RECORD WAS SET OR TIED.
MM INDICATES DATA IS MISSING.
T  INDICATES TRACE AMOUNT.

...JULY 2014 ABOVE AVERAGE PRECIPITATION AND NEAR AVERAGE TEMPERATURE...

JULY 2014 STARTED OUT ON THE COOL SIDE WITH MAXIMUM TEMPERATURES IN THE
70`S THE FIRST DAY OF THE MONTH. THE COOL WEATHER WAS DUE TO AN UPPER
LEVEL TROUGH AND ASSOCIATED COLD FRONT THAT MOVED ACROSS NORTHEASTERN
COLORADO. ON JULY 3RD, AN UPPER LEVEL RIDGE OF HIGH PRESSURE BUILT OVER
THE ROCKY MOUNTAIN REGION. THIS UPPER RIDGE BROUGHT ABOVE NORMAL
TEMPERATURES TO NORTH CENTRAL AND NORTHEASTERN COLORADO FROM THE 3RD
THROUGH THE 7TH. DAYTIME TEMPERATURES EXCEEDED 90 DEGREES EACH DAY
DURING THIS FIVE DAY PERIOD...WITH THE MAX TEMPERATURE OF 100 DEGREES ON
THE 7TH BEING THE HOTTEST DAY OF THE MONTH. DURING THE LATE AFTERNOON
OF THE 7TH...A STRONG COLD FRONT MOVED ACROSS NORTHEASTERN COLORADO.
INCREASED INSTABILITY AND MOISTURE ASSOCIATED WITH FRONT PRODUCED
SEVERE WEATHER ACROSS METRO DENVER. NO SEVERE WEATHER WAS REPORTED AT
DENVER INTERNATIONAL AIRPORT...HOWEVER A WELCOME 0.15 INCHES OF
PRECIPITATION WAS MEASURED. DENVER SAW COOLER TEMPERATURES ON THE
8TH...HOWEVER THE COOL DOWN WOULD BE BRIEF WITH 90 DEGREE TEMPERATURES
RETURNING TO THE REGION ON THE 9TH. ON THE 11TH...THE UPPER RIDGE MOVED
INTO THE TEXAS PANHANDLE WHICH ALLOWED SOME MONSOONAL MOISTURE TO FLOW
INTO COLORADO FROM THE SOUTHWEST. THIS MONSOONAL MOISTURE COMBINED WITH
DAYTIME HEATING PRODUCED AFTERNOON AND EVENING SHOWERS AND
THUNDERSTORMS ACROSS THE FRONT RANGE URBAN CORRIDOR. THE UPPER RIDGE
RETROGRADED WESTWARD INTO NEVADA ON THE 12TH...WHICH RESULTED IN
NORTHWEST FLOW ALOFT OVER COLORADO. IN ADDITION...A STRONG UPPER LEVEL
TROUGH OF LOW PRESSURE DEVELOPED OVER THE NORTHERN PLAINS AND GREAT
LAKES STATES. THIS PATTERN ALLOWED A SERIES OF COLD FRONTS TO PUSH
ACROSS NORTHEASTERN COLORADO...WHICH RESULTED IN WETTER AND COOLER
WEATHER ACROSS THE REGION FROM THE 12TH THROUGH THE 17TH. HOT AND DRY
WEATHER RETURNED TO NORTH CENTRAL AND NORTHEASTERN COLORADO BY THE 18TH
AS UPPER LEVEL HIGH PRESSURE RE-ESTABLISHED OVER THE SOUTHWESTERN
STATES. A NINE DAY STRETCH OF 90 DEGREE PLUS WEATHER OCCURRED IN DENVER
FROM THE 18TH THROUGH THE 26TH. THE MONTH ENDED ON A MUCH COOLER AND
WETTER NOTE. A COLD FRONT MOVED ACROSS THE REGION ON THE AFTERNOON
OF THE 29TH PRODUCING AN UPSLOPE FLOW BEHIND IT. THIS FRONT COMBINED
WITH INCREASED MONSOON MOISTURE PRODUCED WIDESPREAD RAIN ON THE 29TH
AND 30TH. DURING THE TWO DAY PERIOD...2.93 INCHES OF PRECIPITATION
FELL AT DENVER INTERNATIONAL AIRPORT. THE 1.80 INCHES OF
PRECIPITATION WHICH FELL ON THE 29TH...ESTABLISHED A NEW DAILY
PRECIPITATION RECORD. JULY 30TH WAS A VERY COOL DAY ACROSS
NORTHEASTERN COLORADO WITH RAIN FALLING MOST OF THE DAY. DENVER ONLY
MANAGED TO REACH A HIGH TEMPERATURE OF 62 DEGREES. THIS WAS THE
COOLEST MAXIMUM TEMPERATURE RECORDED ON JULY 30TH IN DENVER SINCE
RECORDS BEGAN IN 1872. THE PREVIOUS RECORD WAS 64 DEGREES BACK IN
2009.

TEMPERATURES:

THE AVERAGE TEMPERATURE FOR THE MONTH OF JULY WAS 74.5 DEGREES F
WHICH WAS 0.3 DEGREES ABOVE NORMAL. JULY OF 2012 WAS THE WARMEST
JULY ON RECORD...WITH AN AVERAGE TEMPERATURE OF 78.9 DEGREES F. THIS
WAS ALSO THE WARMEST MONTH IN DENVER WEATHER HISTORY. THE COLDEST
JULY ON RECORD WAS 67.4 DEGREES F WAY BACK IN 1895. THERE WERE
SEVENTEEN DAYS IN WHICH THE MAXIMUM TEMPERATURE EXCEEDED 90
DEGREES...AND ONE DAY IN WHICH THE TEMPERATURE REACHED OR EXCEEDED
THE CENTURY MARK. THE HIGHEST TEMPERATURE OF THE MONTH WAS 100
DEGREES WHICH OCCURRED ON THE 7TH. THE COLDEST TEMPERATURE OF THE
MONTH WAS 55 DEGREES ON THE MORNINGS OF THE 16TH AND 17TH.

PRECIPITATION:

PRECIPITATION FOR THE MONTH OF JULY WAS 3.85 INCHES...WHICH IS 1.69
INCHES ABOVE THE NORMAL OF 2.16 INCHES. THERE WERE 8 DAYS WITH
MEASURABLE PRECIPITATION. ON THE 29TH...1.80 INCHES OF PRECIPITATION
FELL WHICH IS THE GREATEST DAILY AMOUNT FOR THE MONTH.

TEN WETTEST JULY`S IN DENVER WEATHER HISTORY SINCE 1872:

6.41 INCHES 1965
5.92 INCHES 1998
5.60 INCHES 1997
5.24 INCHES 1919
4.75 INCHES 2001
4.28 INCHES 1895
4.17 INCHES 1875, 1909, 1956
4.11 INCHES 1991

TEN DRIEST JULY`S IN DENVER WEATHER HISTORY SINCE 1872:

0.01 INCHES 1901
0.08 INCHES 1939
0.24 INCHES 2008
0.27 INCHES 2005
0.31 INCHES 1917
0.32 INCHES 1934
0.33 INCHES 1877, 1924
0.41 INCHES 1888
0.43 INCHES 2007

THERE WERE 14 DAYS IN WHICH THUNDER WAS OBSERVED AT DENVER
INTERNATIONAL AIRPORT...NO DAYS WITH HAIL AND 1 DAY WITH DENSE FOG
WITH A VISIBILITY AT OR BELOW 1/4 MILE DURING THE MONTH. A PEAK WIND
OF 51 MPH FROM A NORTHWESTERLY DIRECTION WAS RECORDED ON THE 11TH.

$$
