000
CXUS55 KBOU 011937
CLMDEN

DENCLMDEN 000
TTAA00 KBOU 010844


CLIMATE REPORT
NATIONAL WEATHER SERVICE BOULDER, CO
136 PM MDT MON SEP 1 2014

...................................

...THE DENVER CO CLIMATE SUMMARY FOR THE MONTH OF AUGUST 2014...

CLIMATE NORMAL PERIOD 1981 TO 2010
CLIMATE RECORD PERIOD 1872 TO 2014

WEATHER         OBSERVED          NORMAL  DEPART  LAST YEAR`S
                 VALUE   DATE(S)  VALUE   FROM    VALUE  DATE(S)
                                          NORMAL
................................................................
TEMPERATURE (F)
RECORD
 HIGH             105   08/08/1878
 LOW               40   08/26/1910
                        08/25/1910
                        08/24/1910
                        08/22/1904
HIGHEST            91   08/19       105     -14       99  08/20
                        08/17
LOWEST             52   08/31        40      12       52  08/09
                        08/30
                        08/25
                        08/24
AVG. MAXIMUM     83.8              87.2    -3.4     89.4
AVG. MINIMUM     57.4              57.9    -0.5     59.8
MEAN             70.6              72.5    -1.9     74.6
DAYS MAX >= 90      4              11.5    -7.5       16
DAYS MAX <= 32      0               0.0     0.0        0
DAYS MIN <= 32      0               0.0     0.0        0
DAYS MIN <= 0       0               0.0     0.0        0

PRECIPITATION (INCHES)
RECORD
 MAXIMUM         5.85   1979
 MINIMUM         0.02   1924
TOTALS           2.73              1.69    1.04     2.78
DAILY AVG.       0.09              0.05    0.04     0.09
DAYS >= .01        13               8.6     4.4        7
DAYS >= .10         5               4.3     0.7        2
DAYS >= .50         3               1.2     1.8        2
DAYS >= 1.00        0               0.3    -0.3        1
GREATEST
 24 HR. TOTAL    1.45   08/25 TO 08/26

SNOWFALL (INCHES)
RECORDS
 TOTAL            0.0
TOTALS            0.0               0.0

DEGREE_DAYS
HEATING TOTAL       2                10      -8        0
 SINCE 7/1          7                16      -9        0
COOLING TOTAL     182               244     -62      308
 SINCE 1/1        613               688     -75      866

FREEZE DATES
RECORD
 EARLIEST     09/08/1962
 LATEST       06/08/2007
EARLIEST                        10/07
LATEST                          05/05
..................................................

WIND (MPH)
AVERAGE WIND SPEED              8.9
RESULTANT WIND SPEED/DIRECTION   3/194
HIGHEST WIND SPEED/DIRECTION    48/320    DATE  08/25
HIGHEST GUST SPEED/DIRECTION    48/320    DATE  08/25

SKY COVER
POSSIBLE SUNSHINE (PERCENT)   MM
AVERAGE SKY COVER           0.50
NUMBER OF DAYS FAIR            5
NUMBER OF DAYS PC             24
NUMBER OF DAYS CLOUDY          2

AVERAGE RH (PERCENT)     53

WEATHER CONDITIONS. NUMBER OF DAYS WITH
THUNDERSTORM             14     MIXED PRECIP               0
HEAVY RAIN                5     RAIN                       4
LIGHT RAIN               17     FREEZING RAIN              0
LT FREEZING RAIN          0     HAIL                       1
HEAVY SNOW                0     SNOW                       0
LIGHT SNOW                0     SLEET                      0
FOG                       6     FOG W/VIS <= 1/4 MILE      0
HAZE                      1

-  INDICATES NEGATIVE NUMBERS.
R  INDICATES RECORD WAS SET OR TIED.
MM INDICATES DATA IS MISSING.
T  INDICATES TRACE AMOUNT.

.............AUGUST 2014 COOLER AND WETTER THAN AVERAGE.............

PERIODS OF MONSOONAL MOISTURE MOVED OVER COLORADO DURING THE MONTH
OF AUGUST WHICH RESULTED IN HIGHER THAN AVERAGE
PRECIPITATION...INCREASED CLOUD COVER AND COOLER TEMPERATURES ACROSS
MUCH OF NORTH CENTRAL AND NORTHEASTERN COLORADO. IN
ADDITION...OCCASIONAL COLD FRONTS WHICH MOVED ACROSS NORTHEASTERN
COLORADO BROUGHT COOLER TEMPERATURES AND ENHANCED PRECIPITATION
ACROSS MUCH OF THE FRONT RANGE FOOTHILLS...EASTERN PLAINS AND PALMER
DIVIDE.

TEMPERATURES:

THE AVERAGE TEMPERATURE AT DENVER INTERNATIONAL AIRPORT FOR THE
MONTH OF AUGUST WAS 70.6 DEGREES F WHICH WAS 1.9 DEGREES BELOW
NORMAL. AUGUST OF 2011 WAS THE WARMEST AUGUST ON RECORD...WITH AN
AVERAGE TEMPERATURE OF 77.0 DEGREES F.  THE COLDEST AUGUST ON RECORD
WAS 66.5 DEGREES F BACK IN 1915. THERE WERE ONLY FOUR DAYS IN WHICH
THE MAXIMUM TEMPERATURE EXCEEDED 90 DEGREES...AND NO DAYS IN WHICH
THE TEMPERATURE REACHED OR EXCEEDED THE CENTURY MARK. THE HIGHEST
TEMPERATURE OF THE MONTH WAS 91 DEGREES WHICH OCCURRED ON THE 17TH
AND THE 19TH. THE COLDEST TEMPERATURE OF THE MONTH WAS 52 DEGREES
OCCURRED ON THE MORNINGS OF THE 24TH...25TH...30TH AND THE 31ST.

PRECIPITATION:

PRECIPITATION FOR THE MONTH OF AUGUST AT DENVER INTERNATIONAL
AIRPORT WAS 2.73 INCHES...WHICH IS 1.04 INCHES ABOVE THE NORMAL OF
1.69 INCHES. THERE WERE 13 DAYS WITH MEASURABLE PRECIPITATION. ON THE
25TH...0.81 INCHES OF PRECIPITATION FELL WHICH IS THE GREATEST DAILY
AMOUNT FOR THE MONTH.

TEN WETTEST AUGUST`S IN DENVER WEATHER HISTORY SINCE 1872:

5.85 INCHES 1979
4.47 INCHES 1951
3.87 INCHES 1923
3.69 INCHES 1991
3.52 INCHES 1997
3.49 INCHES 1921
3.37 INCHES 1999
3.22 INCHES 1936
3.20 INCHES 1984
3.19 INCHES 1908

TEN DRIEST AUGUST`S IN DENVER WEATHER HISTORY SINCE 1872:

0.02 INCHES 1924
0.05 INCHES 1900, 1917
0.06 INCHES 1960
0.11 INCHES 2012
0.16 INCHES 1974
0.19 INCHES 1948
0.23 INCHES 1907
0.25 INCHES 1959
0.26 INCHES 1978

THERE WERE 14 DAYS IN WHICH THUNDER WAS OBSERVED AT DENVER
INTERNATIONAL AIRPORT...1 DAY WITH HAIL AND NO DAYS WITH DENSE FOG
WITH A VISIBILITY AT OR BELOW 1/4 MILE DURING THE MONTH. A PEAK WIND
OF 48 MPH FROM A NORTHWESTERLY DIRECTION WAS RECORDED ON THE 25TH.

$$
