000
CXUS55 KBOU 011234
CLMDEN

CLIMATE REPORT
NATIONAL WEATHER SERVICE BOULDER, CO
633 AM MDT WED APR 1 2015

...................................

...THE DENVER CO CLIMATE SUMMARY FOR THE MONTH OF MARCH 2015...

CLIMATE NORMAL PERIOD 1981 TO 2010
CLIMATE RECORD PERIOD 1872 TO 2015

WEATHER         OBSERVED          NORMAL  DEPART   LAST YEAR`S
                 VALUE   DATE(S)  VALUE   FROM    VALUE  DATE(S)
                                          NORMAL
................................................................
TEMPERATURE (F)
RECORD
 HIGH              84   03/26/1971
 LOW              -11   03/28/1886
HIGHEST            81   03/16/2015                    73  03/09
LOWEST              2   03/05/2015                     4  03/02
AVG. MAXIMUM     58.9              54.4     4.5     55.8
AVG. MINIMUM     31.2              26.4     4.8     25.9
MEAN             45.0              40.4     4.6     40.9
DAYS MAX >= 90      0               0.0     0.0        0
DAYS MAX <= 32      2               1.9     0.1        2
DAYS MIN <= 32     12              23.6   -11.6       23
DAYS MIN <= 0       0               0.1    -0.1        0

PRECIPITATION (INCHES)
RECORD
 MAXIMUM         4.56   1983
 MINIMUM         0.03   2012
TOTALS           0.79              0.92   -0.13     0.83
DAILY AVG.       0.03              0.03    0.00     0.03
DAYS >= .01         5               5.9    -0.9        9
DAYS >= .10         3               2.4     0.6        2
DAYS >= .50         0               0.3    -0.3        0
DAYS >= 1.00        0               0.1    -0.1        0
GREATEST
 24 HR. TOTAL    0.34   03/19 TO 03/19

SNOWFALL (INCHES)
TOTALS            2.9              10.7

DEGREE_DAYS
HEATING TOTAL     611               763    -152      739
 SINCE 7/1       4724              5202    -478     5258
COOLING TOTAL       0                 0       0        0
 SINCE 1/1          0                 0       0        0

FREEZE DATES
RECORD
 EARLIEST     09/08/1962
 LATEST       06/08/2007
EARLIEST                        10/07
LATEST                          05/05
........................................................

WIND (MPH)
AVERAGE WIND SPEED              9.9
RESULTANT WIND SPEED/DIRECTION   3/198
HIGHEST WIND SPEED/DIRECTION    36/260    DATE  03/23
HIGHEST GUST SPEED/DIRECTION    45/260    DATE  03/23

SKY COVER
AVERAGE SKY COVER           0.50
NUMBER OF DAYS FAIR           12
NUMBER OF DAYS PC             12
NUMBER OF DAYS CLOUDY          7

AVERAGE RH (PERCENT)     51

WEATHER CONDITIONS. NUMBER OF DAYS WITH
THUNDERSTORM              0     MIXED PRECIP               0
HEAVY RAIN                0     RAIN                       1
LIGHT RAIN                5     FREEZING RAIN              0
LT FREEZING RAIN          0     HAIL                       0
HEAVY SNOW                0     SNOW                       4
LIGHT SNOW                3     SLEET                      0
FOG                       7     FOG W/VIS <= 1/4 MILE      4
HAZE                      4

-  INDICATES NEGATIVE NUMBERS.
R  INDICATES RECORD WAS SET OR TIED.
MM INDICATES DATA IS MISSING.
T  INDICATES TRACE AMOUNT.

.....MARCH 2015 DRIER AND MUCH WARMER.....

MARCH 2015 WAS UNEVENTFUL WITH DRY WEATHER AND WARM TEMPERATURES
MUCH OF THE MONTH. AN UPPER LEVEL STORM SYSTEM AND ASSOCIATED COLD
FRONT BROUGHT COLD WEATHER TO NORTHEASTERN COLORADO THE FIRST FIVE
DAYS OF THE MONTH...WITH SOME LIGHT SNOW IN DENVER FROM THE 3RD
THROUGH THE 4TH. THE 4TH WAS A VERY COLD DAY IN DENVER WITH A HIGH
TEMPERATURE OF ONLY 16 DEGREES. TEMPERATURES BEGAN TO MODERATE ON
THE 6TH...AS THE UPPER LEVEL STORM SYSTEM MOVED INTO THE CENTRAL
PLAINS STATES AND AN UPPER LEVEL RIDGE OF HIGH PRESSURE BUILT INTO
THE WESTERN U.S. DENVER EXPERIENCED ABOVE NORMAL TEMPERATURES AND
MOSTLY DRY WEATHER FROM THE 7TH THROUGH THE 24TH AS UPPER LEVEL HIGH
PRESSURE DOMINATED THE ROCKY MOUNTAIN REGION FOR MUCH OF THE PERIOD.
THE 15TH AND 16TH WERE THE WARMEST DAYS...WITH RECORD SETTING
TEMPERATURES AROUND 80 DEGREES. ON THE 16TH...THE HIGH TEMPERATURE
IN DENVER REACHED 81 DEGREES WHICH IS THE EARLIEST 80 DEGREE
TEMPERATURE IN DENVER WEATHER HISTORY. THE PREVIOUS EARLIEST 80
DEGREE DAY OCCURRED ON MARCH 18TH 1907. ON THAT DAY...THE
TEMPERATURE CLIMBED TO 82 DEGREES. COOLER UNSETTLED RETURNED TO
NORTHEASTERN COLORADO ON THE 25TH...AS AN UPPER LEVEL STORM SYSTEM
MOVED INTO COLORADO FROM THE WEST. DENVER INTERNATIONAL AIRPORT
MEASURED JUST UNDER A QUARTER INCH OF PRECIPITATION AND 1.0 INCHES
OF SNOW WITH THIS SYSTEM. UPPER LEVEL HIGH PRESSURE REBUILT OVER THE
ROCKY MOUNTAIN REGION ON THE 26TH WITH DRY WEATHER AND WARM
TEMPERATURES THE LAST SIX DAYS OF THE MONTH.

TEMPERATURES:

THE AVERAGE TEMPERATURE AT DENVER INTERNATIONAL AIRPORT FOR THE
MONTH OF MARCH WAS 45.0 DEGREES F WHICH WAS 4.6 DEGREES ABOVE
NORMAL. MARCH OF 1910 WAS THE WARMEST MARCH ON RECORD...WITH AN
AVERAGE TEMPERATURE OF 50.4 DEGREES F.  THE COLDEST MARCH ON RECORD
WAS 26.4 DEGREES F BACK IN 1912. THERE WERE 2 DAYS IN WHICH THE
TEMPERATURE DID NOT EXCEED 32 DEGREES F...AND 0 DAYS WITH LOW
TEMPERATURES AT OR BELOW ZERO DEGREES F. THE HIGHEST TEMPERATURE OF
THE MONTH WAS 81 DEGREES WHICH OCCURRED ON THE 16TH. THE COLDEST
TEMPERATURE OF THE MONTH WAS 2 DEGREES ON THE MORNING OF THE 5TH.

DAILY RECORDS:

DATE      TEMPERATURE    TYPE OF RECORD    OLD RECORD   YEAR LAST SET

MAR 6TH   79 DEGREES      RECORD HIGH      76 DEGREES       2013
MAR 16TH  81 DEGREES      RECORD HIGH      41 DEGREES       2012

PRECIPITATION:

PRECIPITATION FOR THE MONTH OF MARCH AT DENVER INTERNATIONAL AIRPORT
WAS 0.79 INCHES...WHICH IS 0.13 INCHES BELOW THE NORMAL OF 0.92
INCHES. THERE WERE 5 DAYS WITH MEASURABLE PRECIPITATION. ON THE
19TH...0.34 INCHES OF PRECIPITATION FELL WHICH IS THE GREATEST DAILY
AMOUNT FOR THE MONTH.

TEN WETTEST MARCH`S IN DENVER WEATHER HISTORY SINCE 1872:

4.56 INCHES 1983
3.50 INCHES 1992
3.10 INCHES 1990, 1891
3.07 INCHES 1905
3.05 INCHES 2003
3.03 INCHES 1909
2.85 INCHES 1959
2.75 INCHES 1944
2.51 INCHES 1961


11 DRIEST MARCH`S IN DENVER WEATHER HISTORY SINCE 1872:

0.03 INCHES 2012
0.11 INCHES 1908
0.14 INCHES 2004
0.17 INCHES 2008
0.18 INCHES 1982
0.19 INCHES 1999
0.20 INCHES 1882
0.21 INCHES 1883, 1880
0.22 INCHES 1945, 1873

SNOW:

2.9 INCHES OF SNOW WAS MEASURED AT DENVER INTERNATIONAL AIRPORT
DURING THE MONTH...WHICH IS 7.8 INCHES BELOW THE NORMAL OF 10.7
INCHES. THIS MAKES MARCH 2015 THE 17TH LEAST SNOWIEST MARCH ON RECORD.
ON THE 3RD...1.9 INCHES OF SNOW WAS MEASURED AT DENVER INTERNATIONAL
AIRPORT. THIS WAS WHICH WAS THE GREATEST DAILY SNOWFALL FOR THE
MARCH 2015.

TEN GREATEST MONTHLY MARCH SNOWFALL AMOUNTS
IN DENVER WEATHER HISTORY SINCE 1872:

35.2 INCHES 2003
32.5 INCHES 1944
31.3 INCHES 1891
30.5 INCHES 1983
29.2 INCHES 1961
26.8 INCHES 1959
25.7 INCHES 1923
25.2 INCHES 1952
24.8 INCHES 1929
24.0 INCHES 1981

TEN LEAST MONTHLY MARCH SNOWFALL AMOUNTS
IN DENVER WEATHER HISTORY SINCE 1872:

T   INCHES 2012, 1995
0.3 INCHES 1883
0.4 INCHES 1911
0.5 INCHES 1885
1.1 INCHES 1887
1.8 INCHES 2004
2.0 INCHES 1882
2.1 INCHES 1982, 1908

THERE WERE NO DAYS IN WHICH THUNDER OR HAIL WAS OBSERVED AT DENVER
INTERNATIONAL AIRPORT. THERE WERE 4 DAYS WITH DENSE FOG WITH A
VISIBILITY AT OR BELOW 1/4 MILE DURING THE MONTH. A PEAK WIND OF 45
MPH FROM A WESTERLY DIRECTION WAS RECORDED ON THE 23RD.

$$
