000
CXUS55 KBOU 011737
CLMDEN
CLIMATE REPORT
NATIONAL WEATHER SERVICE
1037 AM MST FRI DEC 01 2023
...................................
...THE DENVER CO CLIMATE SUMMARY FOR THE MONTH OF NOVEMBER 2023...
CLIMATE NORMAL PERIOD 1991 TO 2020
CLIMATE RECORD PERIOD 1872 TO 2023
WEATHER OBSERVED NORMAL DEPART LAST YEAR`S
VALUE DATE(S) VALUE FROM VALUE DATE(S)
NORMAL
................................................................
TEMPERATURE (F)
RECORD
HIGH 81 11/27/2017
LOW -18 11/29/1877
HIGHEST 78 11/05 73 5 75 11/01
LOWEST 10 11/27 -6 16 4 11/30
AVG. MAXIMUM 57.6 52.9 4.7 48.7
AVG. MINIMUM 28.9 26.0 2.9 22.5
MEAN 43.2 39.4 3.8 35.6
DAYS MAX >= 90 0 0.0 0.0 0
DAYS MAX <= 32 2 2.5 -0.5 4
DAYS MIN <= 32 20 22.7 -2.7 26
DAYS MIN <= 0 0 0.5 -0.5 0
PRECIPITATION (INCHES)
RECORD
MAXIMUM 3.21 1946
MINIMUM T 1899
TOTALS 0.18 0.64 -0.46 0.47
DAILY AVG. 0.01 0.02 -0.01 0.02
DAYS >= .01 4 4.6 -0.6 5
DAYS >= .10 0 1.8 -1.8 1
DAYS >= .50 0 0.1 -0.1 0
DAYS >= 1.00 0 0.0 0.0 0
GREATEST
24 HR. TOTAL 0.09 11/25 TO 11/25 0.19 11/03 TO 11/03
STORM TOTAL 0.09 0.19
(MM/DD(HH)) MM
SNOWFALL (INCHES)
RECORDS
TOTAL MM 2022
TOTALS MM MM
DEGREE DAYS
HEATING TOTAL 645 767 -122 874
SINCE 7/1 1077 1319 -242 MM
COOLING TOTAL 0 0 0 0
SINCE 1/1 791 849 -58 MM
FREEZE DATES
RECORD
EARLIEST 09/08/1962
LATEST 06/08/2007
EARLIEST 10/13
LATEST 04/23
................................................................
WIND (MPH)
AVERAGE WIND SPEED 9.3
RESULTANT WIND SPEED/DIRECTION 3/200
HIGHEST WIND SPEED/DIRECTION 35/340 DATE 11/20
HIGHEST GUST SPEED/DIRECTION 47/360 DATE 11/20
SKY COVER
POSSIBLE SUNSHINE (PERCENT) MM
AVERAGE SKY COVER 0.46
NUMBER OF DAYS FAIR 13
NUMBER OF DAYS PC 11
NUMBER OF DAYS CLOUDY 6
WEATHER CONDITIONS. NUMBER OF DAYS WITH
THUNDERSTORM 0 MIXED PRECIP 0
HEAVY RAIN 0 RAIN 0
LIGHT RAIN 1 FREEZING RAIN 0
LT FREEZING RAIN 1 HAIL 0
HEAVY SNOW 0 SNOW 0
LIGHT SNOW 4 SLEET 0
FOG 4 FOG W/VIS <= 1/4 MILE 1
HAZE 2
- INDICATES NEGATIVE NUMBERS.
R INDICATES RECORD WAS SET OR TIED.
MM INDICATES DATA IS MISSING.
T INDICATES TRACE AMOUNT.
$$