000
CXUS55 KBOU 011223
CLMDEN

CLIMATE REPORT
NATIONAL WEATHER SERVICE BOULDER, CO
622 AM MDT WED JUL 1 2015

...................................

...THE DENVER CO CLIMATE SUMMARY FOR THE MONTH OF JUNE 2015...

CLIMATE NORMAL PERIOD 1981 TO 2010
CLIMATE RECORD PERIOD 1872 TO 2015

WEATHER         OBSERVED          NORMAL  DEPART  LAST YEAR`S
                 VALUE   DATE(S)  VALUE   FROM    VALUE  DATE(S)
                                          NORMAL
................................................................
TEMPERATURE (F)
RECORD
 HIGH             105   06/26/2012
                        06/25/2012
                        54/01/2206
 LOW               30   06/02/1951
HIGHEST            94   06/30                         94  06/26
LOWEST             51   06/03                         42  06/15
AVG. MAXIMUM     82.9              82.4     0.5     83.4
AVG. MINIMUM     56.1              52.3     3.8     51.2
MEAN             69.5              67.4     2.1     67.3
DAYS MAX >= 90      6               7.9    -1.9        6
DAYS MAX <= 32      0               0.0     0.0        0
DAYS MIN <= 32      0               0.0     0.0        0
DAYS MIN <= 0       0               0.0     0.0        0

PRECIPITATION (INCHES)
RECORD
 MAXIMUM         4.96   1882
 MINIMUM            T   1890
TOTALS           2.53              1.98    0.55     1.82
DAILY AVG.       0.08              0.07    0.01     0.06
DAYS >= .01        13               8.4     4.6        9
DAYS >= .10         5               4.6     0.4        5
DAYS >= .50         2               1.4     0.6        1
DAYS >= 1.00        0               0.3    -0.3        0
GREATEST
 24 HR. TOTAL    0.99   06/05 TO 06/05           06/27 TO 06/27

SNOWFALL (INCHES)
RECORDS
 TOTAL            0.0
TOTALS            0.0               0.0

DEGREE_DAYS
HEATING TOTAL      11                62     -51       30
 SINCE 7/1       5583              6058    -475     6004
COOLING TOTAL     154               133      21      106
 SINCE 1/1        158               155       3      127

FREEZE DATES
RECORD
 EARLIEST     09/08/1962
 LATEST       06/08/2007
EARLIEST                        10/07
LATEST                          05/05
........................................................

WIND (MPH)
AVERAGE WIND SPEED              9.0
RESULTANT WIND SPEED/DIRECTION   2/167
HIGHEST WIND SPEED/DIRECTION    36/160    DATE  06/24
HIGHEST GUST SPEED/DIRECTION    47/160    DATE  06/24

SKY COVER
POSSIBLE SUNSHINE (PERCENT)   MM
AVERAGE SKY COVER           0.50
NUMBER OF DAYS FAIR            6
NUMBER OF DAYS PC             22
NUMBER OF DAYS CLOUDY          2

AVERAGE RH (PERCENT)     61

WEATHER CONDITIONS. NUMBER OF DAYS WITH
THUNDERSTORM             16     MIXED PRECIP               0
HEAVY RAIN                4     RAIN                       5
LIGHT RAIN               16     FREEZING RAIN              0
LT FREEZING RAIN          0     HAIL                       3
HEAVY SNOW                0     SNOW                       0
LIGHT SNOW                0     SLEET                      1
FOG                       6     FOG W/VIS <= 1/4 MILE      1
HAZE                      3

-  INDICATES NEGATIVE NUMBERS.
R  INDICATES RECORD WAS SET OR TIED.
MM INDICATES DATA IS MISSING.
T  INDICATES TRACE AMOUNT.

$$
