857
CXUS55 KBOU 011116
CLMDEN

CLIMATE REPORT
NATIONAL WEATHER SERVICE DENVER/BOULDER CO
244 AM MDT SUN MAY 1 2016

...THE DENVER CO CLIMATE SUMMARY FOR THE MONTH OF APRIL 2016...

CLIMATE NORMAL PERIOD 1981 TO 2010
CLIMATE RECORD PERIOD 1872 TO 2016

WEATHER         OBSERVED          NORMAL  DEPART  LAST YEAR`S
                 VALUE   DATE(S)  VALUE   FROM    VALUE  DATE(S)
                                          NORMAL
................................................................
TEMPERATURE (F)
RECORD
 HIGH              90   04/30/1992
 LOW               -2   04/02/1975
HIGHEST            77   04/23        90     -13       79  04/30
                        04/22
                        04/14
LOWEST             25   04/01        -2      27       27  04/03
AVG. MAXIMUM     59.4              61.5    -2.1     62.1
AVG. MINIMUM     35.1              33.3     1.8     35.3
MEAN             47.2              47.4    -0.2     48.7
DAYS MAX >= 90      0               0.0     0.0        0
DAYS MAX <= 32      0               0.3    -0.3        0
DAYS MIN <= 32     11              13.0    -2.0        7
DAYS MIN <= 0       0               0.0     0.0        0

PRECIPITATION (INCHES)
RECORD
 MAXIMUM         8.24   1900
 MINIMUM         0.03   1963
TOTALS           2.56              1.71    0.85     2.65
DAILY AVG.       0.09              0.06    0.03     0.09
DAYS >= .01        10               9.1     0.9        9
DAYS >= .10         6               4.5     1.5        6
DAYS >= .50         2               0.9     1.1        2
DAYS >= 1.00        1               0.5     0.5        1
GREATEST
 24 HR. TOTAL    1.22   04/15 TO 04/16           04/16 TO 04/17
                                                          04/17 TO 04/17
                                                          04/17 TO 04/17
 STORM TOTAL       MM                                 MM
 (MM/DD(HH))            MM                    04/17(00) TO 04/17(00)
                                                 04/17(00) TO 04/17(00)7
                                                 04/17(00) TO 04/17(00)7

SNOWFALL (INCHES)
TOTALS           15.6               8.9    6.7

DEGREE_DAYS
HEATING TOTAL     526               529      -3      481
 SINCE 7/1       5230              5731    -501     5205
COOLING TOTAL       0                 1      -1        0
 SINCE 1/1          0                 1      -1        0

FREEZE DATES
RECORD
 EARLIEST     09/08/1962
 LATEST       06/08/2007
EARLIEST      04/01             10/07
LATEST                          05/05
........................................................

WIND (MPH)
AVERAGE WIND SPEED              10.9
RESULTANT WIND SPEED/DIRECTION   2/243
HIGHEST WIND SPEED/DIRECTION    43/300    DATE  04/05
HIGHEST GUST SPEED/DIRECTION    53/300    DATE  04/05

SKY COVER
POSSIBLE SUNSHINE (PERCENT)   MM
AVERAGE SKY COVER           0.60
NUMBER OF DAYS FAIR            6
NUMBER OF DAYS PC             15
NUMBER OF DAYS CLOUDY          9

AVERAGE RH (PERCENT)     55

WEATHER CONDITIONS. NUMBER OF DAYS WITH
THUNDERSTORM              0     MIXED PRECIP               0
HEAVY RAIN                0     RAIN                       2
LIGHT RAIN                6     FREEZING RAIN              0
LT FREEZING RAIN          0     HAIL                       0
HEAVY SNOW                1     SNOW                       5
LIGHT SNOW                8     SLEET                      0
FOG                       9     FOG W/VIS <= 1/4 MILE      4
HAZE                      1

-  INDICATES NEGATIVE NUMBERS.
R  INDICATES RECORD WAS SET OR TIED.
MM INDICATES DATA IS MISSING.
T  INDICATES TRACE AMOUNT.

...APRIL 2016 WETTER WITH NEAR NORMAL TEMPERATURES...

APRIL 2016 STARTED OUT WARM AND MOSTLY DRY AS UPPER LEVEL HIGH
PRESSURE DOMINATED THE ROCKY MOUNTAIN REGION. THIRTEEN OUT THE
FIRST FOURTEEN DAYS IN DENVER HAD TEMPERATURES ABOVE NORMAL.
THE WEATHER DRASTICALLY CHANGED DURING THE MIDDLE OF THE MONTH
AS A LARGE STORM SYSTEM TRACKED FROM THE FOUR CORNERS REGION ACROSS
COLORADO. THIS STORM SYSTEM PRODUCED ONE TO TWO FEET OF SNOW IN
METRO DENVER AND THE PALMER DIVIDE...WITH OVER FOUR FEET IN SOME
FOOTHILL LOCATIONS WEST OF DENVER. DENVER INTERNATIONAL AIRPORT
MEASURED 12.1 INCHES OF SNOW FROM THE 16TH THROUGH THE MORNING OF
THE 17TH. WARMER AND DRIER WEATHER RETURNED ON THE 21ST AND
CONTINUED THROUGH THE 25TH AS UPPER LEVEL HIGH PRESSURE AND A DRY
SOUTHWESTERLY DOWNSLOPE FLOW SET UP OVER EASTERN COLORADO. THE MONTH
ENDED COOL AND WET AS A SLOW MOVING STORM SYSTEM TRACKED FROM THE
NORTHERN ARIZONA ACROSS COLORADO.

TEMPERATURES:

THE AVERAGE TEMPERATURE AT DENVER INTERNATIONAL AIRPORT FOR THE
MONTH WAS 47.2 DEGREES F WHICH WAS 0.2 DEGREES BELOW NORMAL.
THE WARMEST APRIL ON RECORD OCCURRED BACK IN 1981...WITH AN AVERAGE
MONTHLY TEMPERATURE OF 56.4 DEGREES F. THE COLDEST APRIL ON RECORD
WAS 38.8 DEGREES F BACK IN 1920. ON THE 22ND AND 23RD...THE TEMPERATURE
CLIMBED TO 77 DEGREES WHICH IS THE HIGHEST TEMPERATURE OF THE MONTH.
THE COLDEST TEMPERATURE OF 25 DEGREES F OCCURRED ON THE MORNING
OF THE 1ST.

TEN WARMEST APRIL`S IN DENVER WEATHER HISTORY SINCE 1872:

56.4 1981
56.3 1946
55.5 1930
55.3 1943
54.8 1992
53.8 1881
53.6 1954
53.3 2012...1888
53.2 1948

TEN COLDEST APRIL`S IN DENVER WEATHER HISTORY SINCE 1872:

38.8 1920
40.5 1997
41.0 1983
41.1 1873
41.4 1957
41.7 2013
42.2 1945
42.3 1984
42.5 1999
42.6 1918

PRECIPITATION:

PRECIPITATION FOR THE MONTH OF APRIL AT DENVER INTERNATIONAL
AIRPORT WAS 2.56 INCHES...WHICH IS 0.85 INCHES ABOVE THE NORMAL OF
1.71 INCHES. THERE WERE 10 DAYS WITH MEASURABLE PRECIPITATION DURING
THE MONTH. 1.22 INCHES OF PRECIPITATION FELL BETWEEN THE 15TH AND 16TH...WHICH IS
THE GREATEST DAILY AMOUNT FOR THE MONTH. 15.6 INCHES OF SNOW WAS
MEASURED AT DENVER INTERNATIONAL AIRPORT DURING THE MONTH...WHICH IS
6.7 INCHES ABOVE NORMAL.

TEN WETTEST APRIL`S IN DENVER WEATHER HISTORY SINCE 1872:

8.24 INCHES 1900
5.86 INCHES 1999
4.95 INCHES 1905
4.94 INCHES 1885
4.13 INCHES 1957
4.09 INCHES 1933
4.07 INCHES 1935
4.01 INCHES 1942
3.95 INCHES 1967
3.75 INCHES 1914

ELEVEN DRIEST APRIL`S IN DENVER WEATHER HISTORY SINCE 1872:

0.03 INCHES 1963
0.05 INCHES 1878
0.23 INCHES 2002
0.31 INCHES 1880
0.32 INCHES 2008
0.33 INCHES 1996
0.34 INCHES 1982
0.39 INCHES 1908
0.40 INCHES 1925
0.48 INCHES 1955

TEN SNOWIEST APRIL`S IN DENVER WEATHER HISTORY SINCE 1872:

33.8 INCHES 1933
32.0 INCHES 1885
28.3 INCHES 1920
28.2 INCHES 1945
25.5 INCHES 1957
25.4 INCHES 1909
25.0 INCHES 1907
24.8 INCHES 1973
23.3 INCHES 1935
20.4 INCHES 2013

THERE WERE 6 DAYS IN WHICH THUNDER WAS OBSERVED AT DENVER
INTERNATIONAL AIRPORT. THERE WERE 2 DAYS WITH DENSE FOG WITH A
VISIBILITY AT OR BELOW 1/4 MILE DURING THE MONTH. THE PEAK WIND OF
53 MPH FROM THE NORTHWEST OCCURRED ON THE 5TH.

$$
