000
CXUS53 KICT 271410
CF6CNU
PRELIMINARY LOCAL CLIMATOLOGICAL DATA (WS FORM: F-6)
STATION: CHANUTE KS
MONTH: MARCH
YEAR: 2024
LATITUDE: 37 40 N
LONGITUDE: 95 29 W
TEMPERATURE IN F: :PCPN: SNOW: WIND :SUNSHINE: SKY :PK WND
================================================================================
1 2 3 4 5 6A 6B 7 8 9 10 11 12 13 14 15 16 17 18
12Z AVG MX 2MIN
DY MAX MIN AVG DEP HDD CDD WTR SNW DPTH SPD SPD DIR MIN PSBL S-S WX SPD DR
================================================================================
1 58 37 48 5 17 0 T M M 9.5 16 190 M M 5 22 180
2 78 37 58 15 7 0 0.00 M M 14.6 26 180 M M 0 40 180
3 84 61 73 29 0 8 0.00 M M 20.0 29 190 M M 0 44 200
4 80 49 65 21 0 0 0.00 M M 16.5 32 190 M M 3 43 200
5 56 43 50 6 15 0 0.00 M M 9.5 17 360 M M 4 23 360
6 67 37 52 7 13 0 0.00 M M 7.3 17 130 M M 2 18 23 120
7 60 45 53 8 12 0 1.03 M M 6.6 18 30 M M 9 13 24 360
8 53 39 46 0 19 0 0.00 M M 13.2 21 350 M M 10 18 29 360
9 57 35 46 0 19 0 0.00 M M 9.4 18 320 M M 3 27 320
10 66 28 47 1 18 0 0.00 M M 6.2 15 180 M M 0 21 200
11 72 42 57 10 8 0 0.00 M M 13.4 24 200 M M 0 34 190
12 79 50 65 18 0 0 0.00 M M 14.9 30 200 M M 1 39 180
13 80 43 62 15 3 0 0.00 M M 13.3 26 170 M M 2 35 170
14 76 53 65 17 0 0 0.83 M M 11.5 26 280 M M 4 13 42 290
15 67 43 55 7 10 0 0.00 M M 9.5 22 30 M M 4 1 31 40
16 71 39 55 7 10 0 0.00 M M 6.0 17 310 M M 3 24 300
17 57 34 46 -3 19 0 0.00 M M 9.8 24 330 M M 0 36 350
18 48 27 38 -11 27 0 0.00 M M 8.4 20 320 M M 0 29 330
19 78 33 56 7 9 0 0.00 M M 11.6 26 220 M M 0 34 220
20 67 40 54 4 11 0 0.00 M M 7.7 18 30 M M 0 26 20
21 72 41 57 7 8 0 0.00 M M 8.3 14 70 M M 3 19 40
22 63 42 53 3 12 0 0.00 M M 11.3 25 20 M M 8 128 35 10
23 53 35 44 -7 21 0 0.00 M M 10.4 17 50 M M 6 24 50
24 62 47 55 4 10 0 0.08 M M 15.4 35 160 M M 6 38 44 160
25 68 35 52 1 13 0 T M M 17.7 28 170 M M 6 37 160
26 49 29 39 -13 26 0 0.00 M M 14.1 25 270 M M 7 33 290
================================================================================
SM 1721 1044 307 8 1.94 M 296.1 M 86
================================================================================
AV 66.2 40.2 11.4 FASTST M M 3 MAX(MPH)
MISC ----> 35 160 44 160
================================================================================
NOTES:
# LAST OF SEVERAL OCCURRENCES
COLUMN 17 PEAK WIND IN M.P.H.
PRELIMINARY LOCAL CLIMATOLOGICAL DATA (WS FORM: F-6) , PAGE 2
STATION: CHANUTE KS
MONTH: MARCH
YEAR: 2024
LATITUDE: 37 40 N
LONGITUDE: 95 29 W
[TEMPERATURE DATA] [PRECIPITATION DATA] SYMBOLS USED IN COLUMN 16
AVERAGE MONTHLY: 53.2 TOTAL FOR MONTH: 1.94 1 = FOG OR MIST
DPTR FM NORMAL: 5.8 DPTR FM NORMAL: -0.08 2 = FOG REDUCING VISIBILITY
HIGHEST: 84 ON 3 GRTST 24HR 1.03 ON 7- 7 TO 1/4 MILE OR LESS
LOWEST: 27 ON 18 3 = THUNDER
SNOW, ICE PELLETS, HAIL 4 = ICE PELLETS
TOTAL MONTH: M 5 = HAIL
GRTST 24HR M ON M 6 = FREEZING RAIN OR DRIZZLE
GRTST DEPTH: M ON M 7 = DUSTSTORM OR SANDSTORM:
VSBY 1/2 MILE OR LESS
8 = SMOKE OR HAZE
[NO. OF DAYS WITH] [WEATHER - DAYS WITH] 9 = BLOWING SNOW
X = TORNADO
MAX 32 OR BELOW: 0 0.01 INCH OR MORE: 3
MAX 90 OR ABOVE: 0 0.10 INCH OR MORE: 2
MIN 32 OR BELOW: 3 0.50 INCH OR MORE: 2
MIN 0 OR BELOW: 0 1.00 INCH OR MORE: 1
[HDD (BASE 65) ]
TOTAL THIS MO. 307 CLEAR (SCALE 0-3) 14
DPTR FM NORMAL -155 PTCLDY (SCALE 4-7) 10
TOTAL FM JUL 1 3195 CLOUDY (SCALE 8-10) 2
DPTR FM NORMAL -646
[CDD (BASE 65) ]
TOTAL THIS MO. 8
DPTR FM NORMAL 8 [PRESSURE DATA]
TOTAL FM JAN 1 8 HIGHEST SLP M ON M
DPTR FM NORMAL 8 LOWEST SLP 29.32 ON 25
[REMARKS]