000
CXUS54 KBRO 190800
CF6HRL
PRELIMINARY LOCAL CLIMATOLOGICAL DATA (WS FORM: F-6)
STATION: HARLINGEN
MONTH: APRIL
YEAR: 2024
LATITUDE: 26 13 N
LONGITUDE: 97 40 W
TEMPERATURE IN F: :PCPN: SNOW: WIND :SUNSHINE: SKY :PK WND
================================================================================
1 2 3 4 5 6A 6B 7 8 9 10 11 12 13 14 15 16 17 18
12Z AVG MX 2MIN
DY MAX MIN AVG DEP HDD CDD WTR SNW DPTH SPD SPD DIR MIN PSBL S-S WX SPD DR
================================================================================
1 87 72 80 7 0 15 0.00 0.0 0 21.8 37 170 M M 3 18 49 170
2 90 61 76 2 0 11 0.00 0.0 0 14.0 26 360 M M 2 18 35 360
3 81 50 66 -8 0 1 0.00 0.0 0 11.4 22 330 M M 0 29 330
4 88 53 71 -3 0 6 0.00 0.0 0 9.9 21 120 M M 0 27 130
5 87 52 70 -4 0 5 0.00 0.0 0 14.7 29 140 M M 0 37 140
6 86 68 77 3 0 12 0.00 0.0 0 18.4 31 170 M M 4 43 170
7 79 67 73 -1 0 8 0.35 0.0 0 7.2 20 180 M M 8 18 26 190
8 81 71 76 1 0 11 0.01 0.0 0 0.0 21 140 M M 10 128 27 150
9 88 74 81 6 0 16 0.02 0.0 0 18.8 32 140 M M 7 18 43 140
10 88 66 77 2 0 12 T 0.0 0 20.4 37 310 M M 2 1 48 300
11 89 55 72 -3 0 7 0.00 0.0 0 8.8 16 90 M M 0 23 20
12 88 52 70 -5 0 5 0.00 0.0 0 10.4 25 130 M M 0 1 34 150
13 85 61 73 -3 0 8 0.00 0.0 0 15.2 28 140 M M 1 35 140
14 90 67 79 3 0 14 0.00 0.0 0 17.5 28 170 M M 3 38 160
15 90 72 81 5 0 16 0.00 0.0 0 21.3 32 160 M M 5 41 140
16 92 72 82 6 0 17 0.00 0.0 0 17.2 30 170 M M 4 1 37 160
17 91 75 83 7 0 18 0.00 0.0 0 13.9 24 140 M M 6 41 140
18 91 72 82 6 0 17 T 0.0 0 12.7 30 160 M M 4 39 160
================================================================================
SM 1571 1160 0 199 0.38 0.0 253.6 M 59
================================================================================
AV 87.3 64.4 14.1 FASTST M M 3 MAX(MPH)
MISC ----> # 37 170 49 170
================================================================================
NOTES:
# LAST OF SEVERAL OCCURRENCES
COLUMN 17 PEAK WIND IN M.P.H.
PRELIMINARY LOCAL CLIMATOLOGICAL DATA (WS FORM: F-6) , PAGE 2
STATION: HARLINGEN
MONTH: APRIL
YEAR: 2024
LATITUDE: 26 13 N
LONGITUDE: 97 40 W
[TEMPERATURE DATA] [PRECIPITATION DATA] SYMBOLS USED IN COLUMN 16
AVERAGE MONTHLY: 75.9 TOTAL FOR MONTH: 0.38 1 = FOG OR MIST
DPTR FM NORMAL: 1.0 DPTR FM NORMAL: -0.56 2 = FOG REDUCING VISIBILITY
HIGHEST: 92 ON 16 GRTST 24HR 0.36 ON 7- 8 TO 1/4 MILE OR LESS
LOWEST: 50 ON 3 3 = THUNDER
SNOW, ICE PELLETS, HAIL 4 = ICE PELLETS
TOTAL MONTH: 0.0 INCH 5 = HAIL
GRTST 24HR 0.0 6 = FREEZING RAIN OR DRIZZLE
GRTST DEPTH: 0 7 = DUSTSTORM OR SANDSTORM:
VSBY 1/2 MILE OR LESS
8 = SMOKE OR HAZE
[NO. OF DAYS WITH] [WEATHER - DAYS WITH] 9 = BLOWING SNOW
X = TORNADO
MAX 32 OR BELOW: 0 0.01 INCH OR MORE: 3
MAX 90 OR ABOVE: 6 0.10 INCH OR MORE: 1
MIN 32 OR BELOW: 0 0.50 INCH OR MORE: 0
MIN 0 OR BELOW: 0 1.00 INCH OR MORE: 0
[HDD (BASE 65) ]
TOTAL THIS MO. 0 CLEAR (SCALE 0-3) 9
DPTR FM NORMAL 0 PTCLDY (SCALE 4-7) 8
TOTAL FM JUL 1 463 CLOUDY (SCALE 8-10) 1
DPTR FM NORMAL -101
[CDD (BASE 65) ]
TOTAL THIS MO. 199
DPTR FM NORMAL 15 [PRESSURE DATA]
TOTAL FM JAN 1 563 HIGHEST SLP M ON M
DPTR FM NORMAL 18 LOWEST SLP 29.46 ON 9
[REMARKS]