000
CXUS54 KHGX 281410
CF6IAH
PRELIMINARY LOCAL CLIMATOLOGICAL DATA (WS FORM: F-6)
STATION: HOUSTON INTERCONTINENTAL
MONTH: MARCH
YEAR: 2024
LATITUDE: 29 58 N
LONGITUDE: 95 21 W
TEMPERATURE IN F: :PCPN: SNOW: WIND :SUNSHINE: SKY :PK WND
================================================================================
1 2 3 4 5 6A 6B 7 8 9 10 11 12 13 14 15 16 17 18
12Z AVG MX 2MIN
DY MAX MIN AVG DEP HDD CDD WTR SNW DPTH SPD SPD DIR MIN PSBL S-S WX SPD DR
================================================================================
1 74 49 62 1 3 0 0.00 0.0 0 5.4 14 360 M M 6 16 30
2 73 52 63 2 2 0 0.00 0.0 0 4.9 14 140 M M 8 23 150
3 79 62 71 10 0 6 0.00 0.0 0 9.2 18 130 M M 9 12 24 120
4 83 67 75 14 0 10 T 0.0 0 7.1 16 150 M M 10 12 24 150
5 89 66 78 16 0 13 T 0.0 0 7.1 24 90 M M 6 1 28 100
6 83 64 74 12 0 9 0.00 0.0 0 5.1 15 130 M M 8 128 23 120
7 80 60 70 8 0 5 0.02 0.0 0 10.5 24 140 M M 10 18 33 140
8 83 66 75 13 0 10 0.06 0.0 0 7.9 17 350 M M 9 18 25 40
9 66 50 58 -4 7 0 0.00 0.0 0 13.6 24 350 M M 8 31 340
10 70 44 57 -6 8 0 0.00 0.0 0 4.4 10 30 M M 6 15 70
11 73 51 62 -1 3 0 0.00 0.0 0 5.4 15 140 M M 7 22 110
12 77 52 65 2 0 0 0.00 0.0 0 7.5 18 140 M M 7 1 23 150
13 82 62 72 9 0 7 T 0.0 0 9.7 22 160 M M 9 1 27 150
14 83 73 78 15 0 13 T 0.0 M 13.2 26 140 M M 10 18 33 160
15 83 64 74 10 0 9 0.07 0.0 M 8.1 18 90 M M 9 13 26 30
16 71 63 67 3 0 2 0.05 0.0 M 9.0 24 90 M M 10 13 32 70
17 78 62 70 6 0 5 0.21 0.0 M 7.7 18 260 M M 8 13 30 250
18 71 53 62 -2 3 0 0.00 0.0 M 13.0 28 10 M M 8 35 360
19 68 43 56 -8 9 0 T 0.0 M 5.6 17 150 M M 6 20 140
20 70 53 62 -3 3 0 0.00 0.0 M 4.9 13 140 M M 9 19 140
21 68 59 64 -1 1 0 1.63 0.0 0 12.2 28 280 M M 10 13 45 280
22 76 55 66 1 0 1 0.04 0.0 0 10.1 31 340 M M 4 13 40 340
23 79 54 67 2 0 2 0.00 0.0 0 4.5 12 30 M M 3 17 50
24 71 60 66 1 0 1 0.00 0.0 0 14.7 25 140 M M 9 33 140
25 78 56 67 1 0 2 0.12 0.0 0 9.9 22 310 M M 8 1 35 270
26 71 52 62 -4 3 0 0.00 0.0 0 8.1 17 350 M M 2 25 20
27 67 49 58 -8 7 0 0.00 0.0 0 5.4 14 80 M M 7 19 80
================================================================================
SM 2046 1541 49 95 2.20 0.0 224.2 M 206
================================================================================
AV 75.8 57.1 8.3 FASTST M M 8 MAX(MPH)
MISC ----> 31 340 45 280
================================================================================
NOTES:
# LAST OF SEVERAL OCCURRENCES
COLUMN 17 PEAK WIND IN M.P.H.
PRELIMINARY LOCAL CLIMATOLOGICAL DATA (WS FORM: F-6) , PAGE 2
STATION: HOUSTON INTERCONTINENTAL
MONTH: MARCH
YEAR: 2024
LATITUDE: 29 58 N
LONGITUDE: 95 21 W
[TEMPERATURE DATA] [PRECIPITATION DATA] SYMBOLS USED IN COLUMN 16
AVERAGE MONTHLY: 66.4 TOTAL FOR MONTH: 2.20 1 = FOG OR MIST
DPTR FM NORMAL: 3.0 DPTR FM NORMAL: -0.85 2 = FOG REDUCING VISIBILITY
HIGHEST: 89 ON 5 GRTST 24HR 1.67 ON 21-22 TO 1/4 MILE OR LESS
LOWEST: 43 ON 19 3 = THUNDER
SNOW, ICE PELLETS, HAIL 4 = ICE PELLETS
TOTAL MONTH: 0.0 INCH 5 = HAIL
GRTST 24HR 0.0 6 = FREEZING RAIN OR DRIZZLE
GRTST DEPTH: 0 7 = DUSTSTORM OR SANDSTORM:
VSBY 1/2 MILE OR LESS
8 = SMOKE OR HAZE
[NO. OF DAYS WITH] [WEATHER - DAYS WITH] 9 = BLOWING SNOW
X = TORNADO
MAX 32 OR BELOW: 0 0.01 INCH OR MORE: 8
MAX 90 OR ABOVE: 0 0.10 INCH OR MORE: 3
MIN 32 OR BELOW: 0 0.50 INCH OR MORE: 1
MIN 0 OR BELOW: 0 1.00 INCH OR MORE: 1
[HDD (BASE 65) ]
TOTAL THIS MO. 49 CLEAR (SCALE 0-3) 1
DPTR FM NORMAL -66 PTCLDY (SCALE 4-7) 15
TOTAL FM JUL 1 1065 CLOUDY (SCALE 8-10) 11
DPTR FM NORMAL -161
[CDD (BASE 65) ]
TOTAL THIS MO. 95
DPTR FM NORMAL 28 [PRESSURE DATA]
TOTAL FM JAN 1 151 HIGHEST SLP M ON M
DPTR FM NORMAL 35 LOWEST SLP 29.51 ON 25
[REMARKS]