000
CXUS53 KILX 280900
CF6SPI
PRELIMINARY LOCAL CLIMATOLOGICAL DATA (WS FORM: F-6)
STATION: SPRINGFIELD IL
MONTH: MARCH
YEAR: 2024
LATITUDE: 39 50 N
LONGITUDE: 89 41 W
TEMPERATURE IN F: :PCPN: SNOW: WIND :SUNSHINE: SKY :PK WND
================================================================================
1 2 3 4 5 6A 6B 7 8 9 10 11 12 13 14 15 16 17 18
12Z AVG MX 2MIN
DY MAX MIN AVG DEP HDD CDD WTR SNW DPTH SPD SPD DIR MIN PSBL S-S WX SPD DR
================================================================================
1 45 32 39 1 26 0 0.01 T 0 8.1 16 180 M M 7 18 23 170
2 63 31 47 9 18 0 0.00 0.0 0 12.3 23 150 M M 0 1 33 160
3 76 45 61 23 4 0 0.00 0.0 0 20.7 37 180 M M 0 18 51 170
4 76 55 66 27 0 1 0.00 0.0 0 15.8 35 180 M M 2 18 47 200
5 67 44 56 17 9 0 1.01 0.0 0 9.2 21 300 M M 9 13 29 200
6 51 37 44 5 21 0 0.00 0.0 0 8.5 17 20 M M 5 1 22 20
7 52 36 44 4 21 0 0.45 0.0 0 8.1 15 90 M M 8 18 20 90
8 58 43 51 11 14 0 0.58 0.0 0 9.8 20 340 M M 10 1 27 330
9 47 34 41 1 24 0 T 0.0 0 14.0 25 320 M M 3 1 35 320
10 51 29 40 -1 25 0 0.00 0.0 0 7.1 17 290 M M 0 25 280
11 68 32 50 9 15 0 0.00 0.0 0 10.6 21 210 M M 0 36 200
12 72 44 58 16 7 0 0.00 0.0 0 11.7 23 190 M M 0 8 30 220
13 74 49 62 20 3 0 0.03 0.0 0 9.0 28 180 M M 3 3 38 180
14 73 47 60 18 5 0 0.91 0.0 0 13.1 23 250 M M 6 13 33 340
15 61 39 50 7 15 0 0.00 0.0 0 10.0 18 10 M M 2 8 28 10
16 66 35 51 8 14 0 0.00 0.0 0 14.2 37 250 M M 2 47 240
17 45 28 37 -7 28 0 0.00 0.0 0 14.9 28 290 M M 3 39 280
18 39 24 32 -12 33 0 0.00 0.0 0 10.2 18 310 M M 3 27 350
19 64 27 46 2 19 0 0.00 0.0 M 12.9 29 260 M M 0 41 240
20 51 28 40 -5 25 0 0.00 0.0 0 10.1 21 350 M M 2 28 330
21 52 28 40 -5 25 0 0.00 0.0 0 8.2 16 110 M M 3 21 130
22 62 31 47 2 18 0 0.03 0.0 0 12.6 28 340 M M 5 18 38 360
23 47 30 39 -7 26 0 0.00 0.0 0 10.1 22 20 M M 7 18 27 10
24 60 36 48 2 17 0 T 0.0 0 15.6 24 130 M M 2 32 140
25 63 51 57 11 8 0 0.63 0.0 0 16.6 29 160 M M 8 1 44 140
26 53 35 44 -3 21 0 0.03 0.0 0 18.0 31 250 M M 10 1 42 260
27 48 32 40 -7 25 0 0.00 0.0 0 9.8 17 290 M M 5 22 270
================================================================================
SM 1584 982 466 1 3.68 T 321.2 M 105
================================================================================
AV 58.7 36.4 11.9 FASTST M M 4 MAX(MPH)
MISC ----> # 37 180 51 170
================================================================================
NOTES:
# LAST OF SEVERAL OCCURRENCES
COLUMN 17 PEAK WIND IN M.P.H.
PRELIMINARY LOCAL CLIMATOLOGICAL DATA (WS FORM: F-6) , PAGE 2
STATION: SPRINGFIELD IL
MONTH: MARCH
YEAR: 2024
LATITUDE: 39 50 N
LONGITUDE: 89 41 W
[TEMPERATURE DATA] [PRECIPITATION DATA] SYMBOLS USED IN COLUMN 16
AVERAGE MONTHLY: 47.5 TOTAL FOR MONTH: 3.68 1 = FOG OR MIST
DPTR FM NORMAL: 5.1 DPTR FM NORMAL: 1.32 2 = FOG REDUCING VISIBILITY
HIGHEST: 76 ON 4, 3 GRTST 24HR 1.03 ON 7- 8 TO 1/4 MILE OR LESS
LOWEST: 24 ON 18 3 = THUNDER
SNOW, ICE PELLETS, HAIL 4 = ICE PELLETS
TOTAL MONTH: T 5 = HAIL
GRTST 24HR T ON 1- 1 6 = FREEZING RAIN OR DRIZZLE
GRTST DEPTH: 0 7 = DUSTSTORM OR SANDSTORM:
VSBY 1/2 MILE OR LESS
8 = SMOKE OR HAZE
[NO. OF DAYS WITH] [WEATHER - DAYS WITH] 9 = BLOWING SNOW
X = TORNADO
MAX 32 OR BELOW: 0 0.01 INCH OR MORE: 9
MAX 90 OR ABOVE: 0 0.10 INCH OR MORE: 5
MIN 32 OR BELOW: 12 0.50 INCH OR MORE: 4
MIN 0 OR BELOW: 0 1.00 INCH OR MORE: 1
[HDD (BASE 65) ]
TOTAL THIS MO. 466 CLEAR (SCALE 0-3) 13
DPTR FM NORMAL -146 PTCLDY (SCALE 4-7) 9
TOTAL FM JUL 1 4035 CLOUDY (SCALE 8-10) 5
DPTR FM NORMAL -656
[CDD (BASE 65) ]
TOTAL THIS MO. 1
DPTR FM NORMAL 1 [PRESSURE DATA]
TOTAL FM JAN 1 1 HIGHEST SLP M ON M
DPTR FM NORMAL 1 LOWEST SLP 29.42 ON 25
[REMARKS]