000
CXUS55 KLKN 021224
CLMEKO
CLIMATE REPORT
NATIONAL WEATHER SERVICE ELKO, NV
424 AM PST SAT MAR 02 2024
...................................
...THE ELKO AIRPORT NV CLIMATE SUMMARY FOR THE MONTH OF FEBRUARY 2024...
CLIMATE NORMAL PERIOD 1991 TO 2020
CLIMATE RECORD PERIOD 1888 TO 2024
WEATHER OBSERVED NORMAL DEPART LAST YEAR`S
VALUE DATE(S) VALUE FROM VALUE DATE(S)
NORMAL
................................................................
TEMPERATURE (F)
RECORD
HIGH 70 02/28/1986
02/28/1905
LOW -41 02/27/1890
HIGHEST 59 02/25 58 1 46 02/20
LOWEST 14 02/27 0 14 -4 02/01
AVG. MAXIMUM 45.0 42.8 2.2 34.2
AVG. MINIMUM 25.7 20.5 5.2 11.0
MEAN 35.4 31.6 3.8 22.6
DAYS MAX >= 90 0 0.0 0.0 0
DAYS MAX <= 32 0 4.3 -4.3 15
DAYS MIN <= 32 25 26.6 -1.6 28
DAYS MIN <= 0 0 1.3 -1.3 4
PRECIPITATION (INCHES)
RECORD
MAXIMUM 6.00 1901
MINIMUM T 1889
TOTALS 1.47 0.89 0.58 0.95
DAILY AVG. 0.05 NAN NAN 0.03
DAYS >= .01 13 8.3 4.7 8
DAYS >= .10 8 3.2 4.8 4
DAYS >= .50 0 0.1 -0.1 0
DAYS >= 1.00 0 0.0 0.0 0
GREATEST
24 HR. TOTAL 0.34 02/20 TO 02/21 0.37
SNOWFALL (INCHES)
RECORDS
TOTAL 27.0 1922
TOTALS 3.8 6.8 -3.0 11.5
SINCE 7/1 23.8 32.0 -8.2 MM
SNOWDEPTH AVG. 0 5
DAYS >= TRACE 16 6.4 9.6 10
DAYS >= 1.0 1 2.4 -1.4 4
DAYS >= 1.0 1 4
GREATEST
SNOW DEPTH 1 02/27 9
24 HR TOTAL MM MM
DEGREE DAYS
HEATING TOTAL 854 934 -80 1179
SINCE 7/1 4276 4985 -709 MM
COOLING TOTAL 0 0 0 0
SINCE 1/1 0 0 0 MM
................................................................
WIND (MPH)
AVERAGE WIND SPEED 5.7
HIGHEST WIND SPEED/DIRECTION 43/260 DATE 02/26
HIGHEST GUST SPEED/DIRECTION 58/240 DATE 02/26
AVERAGE RH (PERCENT) 70
WEATHER CONDITIONS. NUMBER OF DAYS WITH
THUNDERSTORM 0 MIXED PRECIP 0
HEAVY RAIN 1 RAIN 3
LIGHT RAIN 10 FREEZING RAIN 0
LT FREEZING RAIN 0 HAIL 0
HEAVY SNOW 0 SNOW 1
LIGHT SNOW 15 SLEET 0
FOG 15 FOG W/VIS <= 1/4 MILE 1
HAZE 2
- INDICATES NEGATIVE NUMBERS.
R INDICATES RECORD WAS SET OR TIED.
MM INDICATES DATA IS MISSING.
T INDICATES TRACE AMOUNT.
======================================================================
...FEBRUARY 2024 IN ELKO WAS WARMER AND WETTER THAN NORMAL...
$$