000
CXUS51 KBOX 011136
CF6BDL
PRELIMINARY LOCAL CLIMATOLOGICAL DATA (WS FORM: F-6)
STATION: HARTFORD CT
MONTH: MARCH
YEAR: 2023
LATITUDE: 41 55 N
LONGITUDE: 72 41 W
TEMPERATURE IN F: :PCPN: SNOW: WIND :SUNSHINE: SKY :PK WND
================================================================================
1 2 3 4 5 6A 6B 7 8 9 10 11 12 13 14 15 16 17 18
12Z AVG MX 2MIN
DY MAX MIN AVG DEP HDD CDD WTR SNW DPTH SPD SPD DIR MIN PSBL S-S WX SPD DR
================================================================================
1 42 23 33 0 32 0 T T 5 4.2 13 170 M M 7 15 16 170
2 48 34 41 8 24 0 0.24 0.0 3 9.1 25 310 M M 9 1 34 320
3 45 29 37 3 28 0 0.33 1.7 1 6.6 20 180 M M 7 14 23 180
4 39 33 36 2 29 0 0.64 1.6 3 11.2 20 360 M M 10 14 27 10
5 45 34 40 6 25 0 0.00 0.0 2 7.6 23 310 M M 7 32 320
6 51 36 44 9 21 0 0.00 0.0 1 12.6 29 300 M M 4 36 310
7 44 29 37 2 28 0 0.00 0.0 0 12.0 25 310 M M 7 40 360
8 48 28 38 3 27 0 0.00 0.0 0 12.0 24 360 M M 5 33 20
9 51 31 41 6 24 0 0.00 0.0 0 9.8 22 30 M M 5 27 40
10 50 24 37 1 28 0 0.05 0.0 0 4.5 13 180 M M 7 17 180
11 42 33 38 2 27 0 0.25 T 0 10.1 22 30 M M 9 14 29 20
12 51 26 39 3 26 0 0.00 0.0 0 6.5 17 190 M M 5 22 200
13 45 35 40 3 25 0 0.62 T 0 8.1 16 10 M M 10 1 22 10
14 36 33 35 -2 30 0 1.43 4.5 4 15.0 23 310 M M 10 1 32 310
15 40 33 37 0 28 0 T T 3 17.3 29 320 M M 7 44 320
16 53 29 41 3 24 0 0.00 0.0 2 6.3 17 300 M M 5 24 320
17 58 30 44 6 21 0 0.00 0.0 0 5.9 17 170 M M 8 21 170
18 50 34 42 4 23 0 0.00 0.0 0 9.5 22 310 M M 6 29 340
19 40 27 34 -5 31 0 T 0.1 0 14.0 28 290 M M 4 1 34 280
20 54 22 38 -1 27 0 0.00 0.0 0 8.2 21 250 M M 0 26 250
21 62 24 43 4 22 0 0.00 0.0 0 5.8 23 270 M M 4 31 250
22 65 30 48 8 17 0 0.00 0.0 0 7.3 24 190 M M 7 32 190
23 57 48 53 13 12 0 0.05 0.0 0 9.2 20 310 M M 9 1 23 310
24 55 36 46 6 19 0 0.00 0.0 0 8.8 18 320 M M 7 24 310
25 42 30 36 -5 29 0 0.22 T 0 6.9 18 120 M M 9 148 22 120
26 61 38 50 9 15 0 T 0.0 0 7.7 22 260 M M 6 128 28 260
27 61 30 46 5 19 0 0.26 0.0 0 4.3 17 160 M M 5 1 23 300
28 51 36 44 2 21 0 0.03 0.0 0 8.4 15 320 M M 8 1 19 360
29 57 28 43 1 22 0 T 0.0 0 7.0 30 320 M M 4 1 35 320
30 42 28 35 -8 30 0 T T 0 12.7 26 290 M M 2 34 290
31 51 24 38 -5 27 0 0.03 0.0 0 7.7 22 180 M M 8 28 180
================================================================================
SM 1536 955 761 0 4.15 7.9 276.3 M 201
================================================================================
AV 49.5 30.8 8.9 FASTST M M 6 MAX(MPH)
MISC ----> 30 320 44 320
================================================================================
NOTES:
# LAST OF SEVERAL OCCURRENCES
COLUMN 17 PEAK WIND IN M.P.H.
PRELIMINARY LOCAL CLIMATOLOGICAL DATA (WS FORM: F-6) , PAGE 2
STATION: HARTFORD CT
MONTH: MARCH
YEAR: 2023
LATITUDE: 41 55 N
LONGITUDE: 72 41 W
[TEMPERATURE DATA] [PRECIPITATION DATA] SYMBOLS USED IN COLUMN 16
AVERAGE MONTHLY: 40.2 TOTAL FOR MONTH: 4.15 1 = FOG OR MIST
DPTR FM NORMAL: 2.4 DPTR FM NORMAL: 0.34 2 = FOG REDUCING VISIBILITY
HIGHEST: 65 ON 22 GRTST 24HR 1.91 ON 13-14 TO 1/4 MILE OR LESS
LOWEST: 22 ON 20 3 = THUNDER
SNOW, ICE PELLETS, HAIL 4 = ICE PELLETS
TOTAL MONTH: 12.3 INCHES 5 = HAIL
GRTST 24HR 4.5 ON 14-14 6 = FREEZING RAIN OR DRIZZLE
GRTST DEPTH: 5 ON 1 7 = DUSTSTORM OR SANDSTORM:
VSBY 1/2 MILE OR LESS
8 = SMOKE OR HAZE
[NO. OF DAYS WITH] [WEATHER - DAYS WITH] 9 = BLOWING SNOW
X = TORNADO
MAX 32 OR BELOW: 0 0.01 INCH OR MORE: 12
MAX 90 OR ABOVE: 0 0.10 INCH OR MORE: 8
MIN 32 OR BELOW: 18 0.50 INCH OR MORE: 3
MIN 0 OR BELOW: 0 1.00 INCH OR MORE: 1
[HDD (BASE 65) ]
TOTAL THIS MO. 761 CLEAR (SCALE 0-3) 2
DPTR FM NORMAL -84 PTCLDY (SCALE 4-7) 21
TOTAL FM JUL 1 4429 CLOUDY (SCALE 8-10) 8
DPTR FM NORMAL -752
[CDD (BASE 65) ]
TOTAL THIS MO. 0
DPTR FM NORMAL 0 [PRESSURE DATA]
TOTAL FM JAN 1 0 HIGHEST SLP 30.41 ON 22
DPTR FM NORMAL 0 LOWEST SLP 29.32 ON 14
[REMARKS]
#FINAL-03-23#