000
CXUS51 KBOX 010810
CF6PVD
PRELIMINARY LOCAL CLIMATOLOGICAL DATA (WS FORM: F-6)
STATION: PROVIDENCE RI
MONTH: AUGUST
YEAR: 2021
LATITUDE: 41 43 N
LONGITUDE: 71 26 W
TEMPERATURE IN F: :PCPN: SNOW: WIND :SUNSHINE: SKY :PK WND
================================================================================
1 2 3 4 5 6A 6B 7 8 9 10 11 12 13 14 15 16 17 18
12Z AVG MX 2MIN
DY MAX MIN AVG DEP HDD CDD WTR SNW DPTH SPD SPD DIR MIN PSBL S-S WX SPD DR
================================================================================
1 78 55 67 -8 0 2 T 0.0 0 6.8 18 150 M M 5 23 150
2 82 62 72 -3 0 7 T 0.0 0 7.2 17 310 M M 3 22 300
3 77 59 68 -6 0 3 0.00 0.0 0 4.6 10 200 M M 7 13 190
4 74 63 69 -5 0 4 0.91 0.0 0 5.1 14 160 M M 8 1 17 160
5 72 64 68 -6 0 3 1.48 0.0 0 8.6 15 360 M M 10 1 20 20
6 84 63 74 0 0 9 0.00 0.0 0 6.5 14 200 M M 4 1 17 210
7 89 66 78 4 0 13 0.00 0.0 0 7.0 15 220 M M 5 19 240
8 83 69 76 2 0 11 T 0.0 0 4.5 14 250 M M 6 19 240
9 78 69 74 0 0 9 0.01 0.0 0 8.2 13 360 M M 9 1 16 50
10 80 68 74 0 0 9 0.00 0.0 0 6.8 14 210 M M 10 17 160
11 90 69 80 6 0 15 0.01 0.0 0 9.4 18 210 M M 5 1 24 200
12 94 73 84 10 0 19 T 0.0 0 7.4 24 280 M M 6 138 32 280
13 91 74 83 9 0 18 0.14 0.0 0 4.6 13 210 M M 6 13 16 200
14 91 74 83 9 0 18 T 0.0 0 6.5 16 290 M M 4 21 280
15 83 67 75 2 0 10 0.00 0.0 0 6.9 15 360 M M 7 19 10
16 81 64 73 0 0 8 0.00 0.0 0 5.2 13 180 M M 5 17 180
17 82 63 73 0 0 8 0.00 0.0 0 6.6 16 190 M M 6 19 190
18 83 68 76 3 0 11 0.00 0.0 0 6.7 17 150 M M 7 20 150
19 84 72 78 5 0 13 0.44 0.0 0 11.3 23 190 M M 9 13 31 150
20 84 72 78 5 0 13 0.00 0.0 0 5.5 12 240 M M 7 16 250
21 84 71 78 5 0 13 0.00 0.0 0 6.4 16 150 M M 7 18 150
22 75 72 74 2 0 9 0.51 0.0 0 18.4 35 70 M M 10 18 47 60
23 82 71 77 5 0 12 0.40 0.0 0 8.4 18 150 M M 9 1 23 150
24 90 72 81 9 0 16 0.00 0.0 0 7.7 14 280 M M 5 1 20 310
25 90 71 81 9 0 16 0.00 0.0 0 4.9 12 170 M M 3 18 100
26 93 70 82 10 0 17 0.00 0.0 0 6.0 13 210 M M 1 1 19 160
27 91 74 83 11 0 18 0.87 0.0 0 4.8 18 250 M M 4 138 24 250
28 77 66 72 1 0 7 T 0.0 0 11.0 20 50 M M 9 24 50
29 73 61 67 -4 0 2 0.06 0.0 0 4.9 10 150 M M 9 1 13 160
30 86 68 77 6 0 12 0.00 0.0 0 8.2 17 220 M M 7 22 200
31 85 69 77 6 0 12 0.00 0.0 0 6.4 16 310 M M 6 21 300
================================================================================
SM 2586 2099 0 337 4.83 0.0 222.5 M 199
================================================================================
AV 83.4 67.7 7.2 FASTST M M 6 MAX(MPH)
MISC ----> 35 70 47 60
================================================================================
NOTES:
# LAST OF SEVERAL OCCURRENCES
COLUMN 17 PEAK WIND IN M.P.H.
PRELIMINARY LOCAL CLIMATOLOGICAL DATA (WS FORM: F-6) , PAGE 2
STATION: PROVIDENCE RI
MONTH: AUGUST
YEAR: 2021
LATITUDE: 41 43 N
LONGITUDE: 71 26 W
[TEMPERATURE DATA] [PRECIPITATION DATA] SYMBOLS USED IN COLUMN 16
AVERAGE MONTHLY: 75.6 TOTAL FOR MONTH: 4.83 1 = FOG OR MIST
DPTR FM NORMAL: 2.6 DPTR FM NORMAL: 1.24 2 = FOG REDUCING VISIBILITY
HIGHEST: 94 ON 12 GRTST 24HR 2.39 ON 4- 5 TO 1/4 MILE OR LESS
LOWEST: 55 ON 1 3 = THUNDER
SNOW, ICE PELLETS, HAIL 4 = ICE PELLETS
TOTAL MONTH: 0.0 INCH 5 = HAIL
GRTST 24HR 0.0 6 = FREEZING RAIN OR DRIZZLE
GRTST DEPTH: 0 7 = DUSTSTORM OR SANDSTORM:
VSBY 1/2 MILE OR LESS
8 = SMOKE OR HAZE
[NO. OF DAYS WITH] [WEATHER - DAYS WITH] 9 = BLOWING SNOW
X = TORNADO
MAX 32 OR BELOW: 0 0.01 INCH OR MORE: 10
MAX 90 OR ABOVE: 8 0.10 INCH OR MORE: 7
MIN 32 OR BELOW: 0 0.50 INCH OR MORE: 4
MIN 0 OR BELOW: 0 1.00 INCH OR MORE: 1
[HDD (BASE 65) ]
TOTAL THIS MO. 0 CLEAR (SCALE 0-3) 3
DPTR FM NORMAL -3 PTCLDY (SCALE 4-7) 20
TOTAL FM JUL 1 7 CLOUDY (SCALE 8-10) 8
DPTR FM NORMAL 5
[CDD (BASE 65) ]
TOTAL THIS MO. 337
DPTR FM NORMAL 85 [PRESSURE DATA]
TOTAL FM JAN 1 861 HIGHEST SLP 30.32 ON 28
DPTR FM NORMAL 149 LOWEST SLP 29.58 ON 22
[REMARKS]
#FINAL-08-21#