000
CDUS41 KBTV 290533
CLIBTV


CLIMATE REPORT
NATIONAL WEATHER SERVICE BURLINGTON VT
131 AM EDT MON MAY 29 2017


...................................

...THE BURLINGTON VT CLIMATE SUMMARY FOR MAY 28 2017...

CLIMATE NORMAL PERIOD 1981 TO 2010
CLIMATE RECORD PERIOD 1884 TO 2017


WEATHER ITEM   OBSERVED TIME   RECORD YEAR NORMAL DEPARTURE LAST
                VALUE   (LST)  VALUE       VALUE  FROM      YEAR
                                                  NORMAL
..................................................................
TEMPERATURE (F)
 YESTERDAY
  MAXIMUM         79    412 PM  92    1978  71      8       91
  MINIMUM         51    509 AM  30    1961  49      2       69
  AVERAGE         65                        60      5       80

PRECIPITATION (IN)
  YESTERDAY        0.00          1.07 1940   0.12  -0.12     0.00
  MONTH TO DATE    3.54                      3.08   0.46     1.89
  SINCE MAR 1     10.64                      8.12   2.52     5.95
  SINCE JAN 1     15.31                     11.94   3.37    10.28

SNOWFALL (IN)
  YESTERDAY        0.0           T    1907   0.0    0.0      0.0
  MONTH TO DATE    0.0                       0.0    0.0       T
  SINCE MAR 1     41.2                      20.4   20.8      5.3
  SINCE JUL 1    100.4                      81.2   19.2     34.3
  SNOW DEPTH       0

DEGREE DAYS
 HEATING
  YESTERDAY        0                         6     -6        0
  MONTH TO DATE  262                       270     -8      231
  SINCE MAR 1   1889                      1934    -45     1794
  SINCE JUL 1   6267                      7344  -1077     6178

 COOLING
  YESTERDAY        0                         1     -1       15
  MONTH TO DATE   27                        11     16       38
  SINCE MAR 1     42                        13     29       38
  SINCE JAN 1     42                        13     29       38
..................................................................


WIND (MPH)
  HIGHEST WIND SPEED    17   HIGHEST WIND DIRECTION     S (190)
  HIGHEST GUST SPEED    23   HIGHEST GUST DIRECTION     S (190)
  AVERAGE WIND SPEED     5.6


SKY COVER
  POSSIBLE SUNSHINE  MM
  AVERAGE SKY COVER 0.6


WEATHER CONDITIONS
 THE FOLLOWING WEATHER WAS RECORDED YESTERDAY.
  NO SIGNIFICANT WEATHER WAS OBSERVED.


RELATIVE HUMIDITY (PERCENT)
 HIGHEST    96           200 AM
 LOWEST     39           400 PM
 AVERAGE    68

..........................................................


THE BURLINGTON VT CLIMATE NORMALS FOR TODAY
                         NORMAL    RECORD    YEAR
 MAXIMUM TEMPERATURE (F)   71        89      1978
 MINIMUM TEMPERATURE (F)   50        34      1970
                                             1907


SUNRISE AND SUNSET
MAY 29 2017...........SUNRISE   513 AM EDT   SUNSET   828 PM EDT
MAY 30 2017...........SUNRISE   512 AM EDT   SUNSET   829 PM EDT


-  INDICATES NEGATIVE NUMBERS.
R  INDICATES RECORD WAS SET OR TIED.
MM INDICATES DATA IS MISSING.
T  INDICATES TRACE AMOUNT.







&&

LAKE CHAMPLAIN DATA:
LEVEL...............98.10 FEET
TEMPERATURE.........52 DEGREES

MOUNT MANSFIELD DATA:
HIGH................63 DEGREES
LOW.................46 DEGREES
PRECIPITATION.......NONE

$$
