956
CDUS41 KBTV 010524
CLIBTV


CLIMATE REPORT
NATIONAL WEATHER SERVICE BURLINGTON VT
123 AM EDT SAT OCT 1 2016


...................................

...THE BURLINGTON VT CLIMATE SUMMARY FOR SEPTEMBER 30 2016...

CLIMATE NORMAL PERIOD 1981 TO 2010
CLIMATE RECORD PERIOD 1884 TO 2016


WEATHER ITEM   OBSERVED TIME   RECORD YEAR NORMAL DEPARTURE LAST
                VALUE   (LST)  VALUE       VALUE  FROM      YEAR
                                                  NORMAL
..................................................................
TEMPERATURE (F)
 YESTERDAY
  MAXIMUM         66    140 PM  82    1921  64      2       58
  MINIMUM         51    542 AM  28    1941  45      6       48
  AVERAGE         59                        54      5       53

PRECIPITATION (IN)
  YESTERDAY        T             1.74 1920   0.12  -0.12     1.31
  MONTH TO DATE    1.39                      3.64  -2.25     4.86
  SINCE SEP 1      1.39                      3.64  -2.25     4.86
  SINCE JAN 1     20.59                     27.71  -7.12    29.02

SNOWFALL (IN)
  YESTERDAY        0.0           0.0  2002   0.0    0.0      0.0
                                      2001
  MONTH TO DATE    0.0                       T      0.0      0.0
  SINCE SEP 1      0.0                       T      0.0      0.0
  SINCE JUL 1      0.0                       T      0.0      0.0
  SNOW DEPTH       0

DEGREE DAYS
 HEATING
  YESTERDAY        6                        11     -5       12
  MONTH TO DATE   79                       175    -96       66
  SINCE SEP 1     79                       175    -96       66
  SINCE JUL 1     84                       217   -133       72

 COOLING
  YESTERDAY        0                         0      0        0
  MONTH TO DATE  108                        41     67      145
  SINCE SEP 1    108                        41     67      145
  SINCE JAN 1    852                       489    363      767
..................................................................


WIND (MPH)
  HIGHEST WIND SPEED    10   HIGHEST WIND DIRECTION     E (100)
  HIGHEST GUST SPEED    14   HIGHEST GUST DIRECTION     E (90)
  AVERAGE WIND SPEED     4.7


SKY COVER
  POSSIBLE SUNSHINE  MM
  AVERAGE SKY COVER 0.6


WEATHER CONDITIONS
 THE FOLLOWING WEATHER WAS RECORDED YESTERDAY.
  LIGHT RAIN


RELATIVE HUMIDITY (PERCENT)
 HIGHEST    63           600 AM
 LOWEST     39          1100 AM
 AVERAGE    51

..........................................................


THE BURLINGTON VT CLIMATE NORMALS FOR TODAY
                         NORMAL    RECORD    YEAR
 MAXIMUM TEMPERATURE (F)   63        80      1950
                                             1922
 MINIMUM TEMPERATURE (F)   44        27      1963


SUNRISE AND SUNSET
OCTOBER  1 2016.......SUNRISE   651 AM EDT   SUNSET   632 PM EDT
OCTOBER  2 2016.......SUNRISE   652 AM EDT   SUNSET   631 PM EDT


-  INDICATES NEGATIVE NUMBERS.
R  INDICATES RECORD WAS SET OR TIED.
MM INDICATES DATA IS MISSING.
T  INDICATES TRACE AMOUNT.

&&

LAKE CHAMPLAIN DATA:
LEVEL...............93.82 FEET
TEMPERATURE.........67 DEGREES

MOUNT MANSFIELD DATA:
HIGH................54 DEGREES
LOW.................38 DEGREES
PRECIPITATION.......NONE

$$
