000
CDUS41 KBTV 230535
CLIBTV


CLIMATE REPORT
NATIONAL WEATHER SERVICE BURLINGTON VT
1234 AM EST TUE JAN 23 2018


...................................

...THE BURLINGTON VT CLIMATE SUMMARY FOR JANUARY 22 2018...

CLIMATE NORMAL PERIOD 1981 TO 2010
CLIMATE RECORD PERIOD 1884 TO 2018


WEATHER ITEM   OBSERVED TIME   RECORD YEAR NORMAL DEPARTURE LAST
                VALUE   (LST)  VALUE       VALUE  FROM      YEAR
                                                  NORMAL
..................................................................
TEMPERATURE (F)
 YESTERDAY
  MAXIMUM         35   1151 PM  59    1906  27      8       39
  MINIMUM         22   1253 PM -22    1970  10     12       34
  AVERAGE         29                        18     11       37

PRECIPITATION (IN)
  YESTERDAY        0.14          0.86 1958   0.07   0.07     0.00
  MONTH TO DATE    2.18                      1.46   0.72     0.88
  SINCE DEC 1      4.36                      3.84   0.52     3.23
  SINCE JAN 1      2.18                      1.46   0.72     0.88

SNOWFALL (IN)
  YESTERDAY        0.3           4.8  1987   0.7   -0.4      0.0
  MONTH TO DATE   15.2                      14.9    0.3      4.1
  SINCE DEC 1     38.7                      32.8    5.9     20.8
  SINCE JUL 1     41.7                      38.2    3.5     25.1
  SNOW DEPTH       4

DEGREE DAYS
 HEATING
  YESTERDAY       36                        47    -11       28
  MONTH TO DATE 1035                      1019     16      780
  SINCE DEC 1   2352                      2233    119     1888
  SINCE JUL 1   3491                      3778   -287     3093

 COOLING
  YESTERDAY        0                         0      0        0
  MONTH TO DATE    0                         0      0        0
  SINCE DEC 1      0                         0      0        0
  SINCE JAN 1      0                         0      0        0
..................................................................


WIND (MPH)
  HIGHEST WIND SPEED    16   HIGHEST WIND DIRECTION     S (170)
  HIGHEST GUST SPEED    21   HIGHEST GUST DIRECTION     S (160)
  AVERAGE WIND SPEED     7.9


SKY COVER
  POSSIBLE SUNSHINE  MM
  AVERAGE SKY COVER 1.0


WEATHER CONDITIONS
 THE FOLLOWING WEATHER WAS RECORDED YESTERDAY.
  LT FREEZING RAIN
  LIGHT SNOW
  SLEET
  HAZE


RELATIVE HUMIDITY (PERCENT)
 HIGHEST    92           900 PM
 LOWEST     75           200 AM
 AVERAGE    84

..........................................................


THE BURLINGTON VT CLIMATE NORMALS FOR TODAY
                         NORMAL    RECORD    YEAR
 MAXIMUM TEMPERATURE (F)   27        64      1906
 MINIMUM TEMPERATURE (F)   10       -19      1970


SUNRISE AND SUNSET
JANUARY 23 2018.......SUNRISE   720 AM EST   SUNSET   449 PM EST
JANUARY 24 2018.......SUNRISE   719 AM EST   SUNSET   451 PM EST


-  INDICATES NEGATIVE NUMBERS.
R  INDICATES RECORD WAS SET OR TIED.
MM INDICATES DATA IS MISSING.
T  INDICATES TRACE AMOUNT.




&&

LAKE CHAMPLAIN DATA:
LEVEL...............95.88 FEET
TEMPERATURE.........35 DEGREES

MOUNT MANSFIELD DATA:
HIGH................27 DEGREES
LOW.................22 DEGREES
PRECIPITATION.......0.01 INCHES
NEW SNOW............MISSING
SNOW AT STAKE.......36 INCHES

$$
