000
CDUS41 KBTV 280530
CLIBTV


CLIMATE REPORT
NATIONAL WEATHER SERVICE BURLINGTON VT
130 AM EDT TUE JUN 28 2016


...................................

...THE BURLINGTON VT CLIMATE SUMMARY FOR JUNE 27 2016...

CLIMATE NORMAL PERIOD 1981 TO 2010
CLIMATE RECORD PERIOD 1884 TO 2016


WEATHER ITEM   OBSERVED TIME   RECORD YEAR NORMAL DEPARTURE LAST
                VALUE   (LST)  VALUE       VALUE  FROM      YEAR
                                                  NORMAL
..................................................................
TEMPERATURE (F)
 YESTERDAY
  MAXIMUM         79    420 PM  96    2007  79      0       76
                                      1999
  MINIMUM         71   1155 PM  44    1927  59     12       51
  AVERAGE         75                        69      6       64

PRECIPITATION (IN)
  YESTERDAY        0.05          1.45 1970   0.12  -0.07      T
  MONTH TO DATE    2.49                      3.32  -0.83     7.70
  SINCE JUN 1      2.49                      3.32  -0.83     7.70
  SINCE JAN 1     13.34                     15.63  -2.29    16.54

SNOWFALL (IN)
  YESTERDAY        0.0           0.0  2002   0.0    0.0      0.0
                                      2001
  MONTH TO DATE    0.0                       0.0    0.0      0.0
  SINCE JUN 1      0.0                       0.0    0.0      0.0
  SINCE JUL 1     34.3                      81.2  -46.9     83.4
  SNOW DEPTH       0

DEGREE DAYS
 HEATING
  YESTERDAY        0                         1     -1        1
  MONTH TO DATE   48                        70    -22       65
  SINCE JUN 1     48                        70    -22       65
  SINCE JUL 1   6226                      7431  -1205     7501

 COOLING
  YESTERDAY       10                         5      5        0
  MONTH TO DATE  110                        82     28       73
  SINCE JUN 1    110                        82     28       73
  SINCE JAN 1    182                       101     81      166
..................................................................


WIND (MPH)
  HIGHEST WIND SPEED    25   HIGHEST WIND DIRECTION     S (180)
  HIGHEST GUST SPEED    34   HIGHEST GUST DIRECTION     S (200)
  AVERAGE WIND SPEED    15.1


SKY COVER
  POSSIBLE SUNSHINE  MM
  AVERAGE SKY COVER 0.4


WEATHER CONDITIONS
 THE FOLLOWING WEATHER WAS RECORDED YESTERDAY.
  LIGHT RAIN


RELATIVE HUMIDITY (PERCENT)
 HIGHEST    73          1000 PM
 LOWEST     50          1200 AM
 AVERAGE    62

..........................................................


THE BURLINGTON VT CLIMATE NORMALS FOR TODAY
                         NORMAL    RECORD    YEAR
 MAXIMUM TEMPERATURE (F)   80        95      1991
 MINIMUM TEMPERATURE (F)   59        43      1927
                                             1919


SUNRISE AND SUNSET
JUNE 28 2016..........SUNRISE   511 AM EDT   SUNSET   841 PM EDT
JUNE 29 2016..........SUNRISE   511 AM EDT   SUNSET   841 PM EDT


-  INDICATES NEGATIVE NUMBERS.
R  INDICATES RECORD WAS SET OR TIED.
MM INDICATES DATA IS MISSING.
T  INDICATES TRACE AMOUNT.

&&

LAKE CHAMPLAIN DATA:
LAKE LEVEL..........95.10 FEET
WATER TEMPERATURE...69 DEGREES

MOUNT MANSFIELD DATA:
HIGH TEMPERATURE...74 DEGREES
LOW TEMPERATURE....57 DEGREES
PRECIPITATION......0.04 INCHES

$$
