000
CXUS54 KHGX 011410
CF611R
PRELIMINARY LOCAL CLIMATOLOGICAL DATA (WS FORM: F-6)
STATION: BRENHAM
MONTH: AUGUST
YEAR: 2022
LATITUDE: 30 13 N
LONGITUDE: 96 22 W
TEMPERATURE IN F: :PCPN: SNOW: WIND :SUNSHINE: SKY :PK WND
================================================================================
1 2 3 4 5 6A 6B 7 8 9 10 11 12 13 14 15 16 17 18
12Z AVG MX 2MIN
DY MAX MIN AVG DEP HDD CDD WTR SNW DPTH SPD SPD DIR MIN PSBL S-S WX SPD DR
================================================================================
1 101 75 88 M 0 23 M 0.0 0 5.5 10 160 M M 3 28 110
2 103 76 90 M 0 25 0.00 0.0 0 8.8 15 220 M M 2 23 180
3 102 78 90 M 0 25 M 0.0 0 9.4 17 200 M M 2 22 190
4 103 77 90 M 0 25 0.00 0.0 0 7.8 14 200 M M 1 1 20 200
5 101 77 89 M 0 24 0.00 0.0 0 4.8 15 140 M M 2 25 210
6 96 75 86 M 0 21 M 0.0 0 3.2 12 160 M M 3 17 180
7 101 76 89 M 0 24 M 0.0 0 3.7 13 150 M M 2 27 160
8 101 75 88 M 0 23 0.00 0.0 0 3.8 16 150 M M 1 22 150
9 101 76 89 M 0 24 0.00 0.0 0 2.8 9 150 M M 2 23 150
10 101 76 89 M 0 24 M 0.0 0 1.8 7 140 M M 1 38 0
11 99 75 87 M 0 22 0.00 0.0 0 2.9 9 300 M M 4 M M
12 98 77 88 M 0 23 0.00 0.0 0 2.8 18 70 M M 4 3 24 70
13 99 77 88 M 0 23 0.00 0.0 0 5.0 12 120 M M 2 20 110
14 94 77 86 M 0 21 0.00 0.0 0 5.4 15 170 M M 4 20 170
15 101 75 88 M 0 23 0.00 0.0 0 4.9 12 130 M M 2 17 160
16 101 75 88 M 0 23 0.00 0.0 0 3.9 8 170 M M 2 16 170
17 102 78 90 M 0 25 M 0.0 0 5.3 10 240 M M 2 17 190
18 97 75 86 M 0 21 M 0.0 0 4.7 13 140 M M 2 3 17 320
19 90 75 83 M 0 18 M 0.0 0 3.4 13 160 M M 3 21 0
20 98 75 87 M 0 22 M 0.0 0 5.5 15 170 M M 2 25 170
21 96 77 87 M 0 22 M 0.0 0 7.1 14 170 M M 5 3 21 170
22 98 76 87 M 0 22 M 0.0 0 7.6 18 340 M M 7 3 30 340
23 94 75 85 M 0 20 0.00 0.0 0 3.5 12 280 M M 8 17 280
24 94 78 86 M 0 21 0.00 0.0 0 4.1 13 340 M M 6 21 330
25 95 74 85 M 0 20 0.00 0.0 0 3.5 9 330 M M 2 17 360
26 96 74 85 M 0 20 0.00 0.0 0 2.4 8 120 M M 2 M M
27 98 76 87 M 0 22 0.00 0.0 0 4.4 13 150 M M 3 1 18 140
28 99 76 88 M 0 23 0.00 0.0 0 6.1 16 160 M M 2 1 22 160
29 92 76 84 M 0 19 M 0.0 0 5.3 13 160 M M 9 3 24 170
30 88 74 81 M 0 16 M 0.0 0 2.7 24 220 M M 6 3 35 220
31 94 74 84 M 0 19 M 0.0 0 1.4 10 160 M M 2 M M
================================================================================
SM 3033 2350 0 683 0.00 0.0 143.5 M 98
================================================================================
AV 97.8 75.8 4.6 FASTST M M 3 MAX(MPH)
MISC ----> 24 220 38 0
================================================================================
NOTES:
# LAST OF SEVERAL OCCURRENCES
COLUMN 17 PEAK WIND IN M.P.H.
PRELIMINARY LOCAL CLIMATOLOGICAL DATA (WS FORM: F-6) , PAGE 2
STATION: BRENHAM
MONTH: AUGUST
YEAR: 2022
LATITUDE: 30 13 N
LONGITUDE: 96 22 W
[TEMPERATURE DATA] [PRECIPITATION DATA] SYMBOLS USED IN COLUMN 16
AVERAGE MONTHLY: 86.8 TOTAL FOR MONTH: 0.00 1 = FOG OR MIST
DPTR FM NORMAL: 34.4 DPTR FM NORMAL: -2.69 2 = FOG REDUCING VISIBILITY
HIGHEST: 103 ON 2, 4 GRTST 24HR 0.00 ON 4- 4 TO 1/4 MILE OR LESS
LOWEST: 74 ON 26,25 3 = THUNDER
SNOW, ICE PELLETS, HAIL 4 = ICE PELLETS
TOTAL MONTH: 0.0 INCH 5 = HAIL
GRTST 24HR 0.0 6 = FREEZING RAIN OR DRIZZLE
GRTST DEPTH: 0 7 = DUSTSTORM OR SANDSTORM:
VSBY 1/2 MILE OR LESS
8 = SMOKE OR HAZE
[NO. OF DAYS WITH] [WEATHER - DAYS WITH] 9 = BLOWING SNOW
X = TORNADO
MAX 32 OR BELOW: 0 0.01 INCH OR MORE: 0
MAX 90 OR ABOVE: 30 0.10 INCH OR MORE: 0
MIN 32 OR BELOW: 0 0.50 INCH OR MORE: 0
MIN 0 OR BELOW: 0 1.00 INCH OR MORE: 0
[HDD (BASE 65) ]
TOTAL THIS MO. 0 CLEAR (SCALE 0-3) 21
DPTR FM NORMAL M PTCLDY (SCALE 4-7) 9
TOTAL FM JUL 1 0 CLOUDY (SCALE 8-10) 1
DPTR FM NORMAL M
[CDD (BASE 65) ]
TOTAL THIS MO. 683
DPTR FM NORMAL M [PRESSURE DATA]
TOTAL FM JAN 1 2924 HIGHEST SLP M ON M
DPTR FM NORMAL M LOWEST SLP M ON M
[REMARKS]
#FINAL-08-22#